{"id":2271,"date":"2024-04-12T20:18:35","date_gmt":"2024-04-12T20:18:35","guid":{"rendered":"https:\/\/casadolivreiro.pt\/?post_type=product&#038;p=2271"},"modified":"2024-04-12T20:19:10","modified_gmt":"2024-04-12T20:19:10","slug":"tomas-more-e-os-caminhos-da-perfeicao-humana-fernando-de-mello-moser","status":"publish","type":"product","link":"https:\/\/casadolivreiro.pt\/index.php\/product\/tomas-more-e-os-caminhos-da-perfeicao-humana-fernando-de-mello-moser\/","title":{"rendered":"TOM\u00c1S MORE e os caminhos da perfei\u00e7\u00e3o humana &#8211; Fernando de Mello Moser"},"content":{"rendered":"<p>TOM\u00c1S MORE e os caminhos da perfei\u00e7\u00e3o humana<br \/>\nFernando de Mello Moser<br \/>\nColec\u00e7\u00e3o Perfis<br \/>\nAno de edi\u00e7\u00e3o: 1984<br \/>\nEditor: Editorial Vega, Lisboa<br \/>\nIdioma: Portugu\u00eas<br \/>\nDimens\u00f5es: 14\u00a0 x 1 x 20 cm<br \/>\nEncaderna\u00e7\u00e3o: Capa mole<br \/>\nP\u00e1ginas: 174<\/p>\n","protected":false},"excerpt":{"rendered":"<p>TOM\u00c1S MORE e os caminhos da perfei\u00e7\u00e3o humana Fernando de Mello Moser Colec\u00e7\u00e3o Perfis Ano de edi\u00e7\u00e3o: 1984 Editor: Editorial Vega, Lisboa Idioma: Portugu\u00eas Dimens\u00f5es: 14\u00a0 x 1 x 20 cm Encaderna\u00e7\u00e3o: Capa mole P\u00e1ginas: 174<\/p>\n","protected":false},"featured_media":2272,"comment_status":"open","ping_status":"closed","template":"","meta":{"om_disable_all_campaigns":false,"_monsterinsights_skip_tracking":false,"_monsterinsights_sitenote_active":false,"_monsterinsights_sitenote_note":"","_monsterinsights_sitenote_category":0,"_uf_show_specific_survey":0,"_uf_disable_surveys":false},"product_cat":[28,47,33,29,30],"product_tag":[],"aioseo_notices":[],"jetpack_sharing_enabled":true,"_links":{"self":[{"href":"https:\/\/casadolivreiro.pt\/index.php\/wp-json\/wp\/v2\/product\/2271"}],"collection":[{"href":"https:\/\/casadolivreiro.pt\/index.php\/wp-json\/wp\/v2\/product"}],"about":[{"href":"https:\/\/casadolivreiro.pt\/index.php\/wp-json\/wp\/v2\/types\/product"}],"replies":[{"embeddable":true,"href":"https:\/\/casadolivreiro.pt\/index.php\/wp-json\/wp\/v2\/comments?post=2271"}],"wp:featuredmedia":[{"embeddable":true,"href":"https:\/\/casadolivreiro.pt\/index.php\/wp-json\/wp\/v2\/media\/2272"}],"wp:attachment":[{"href":"https:\/\/casadolivreiro.pt\/index.php\/wp-json\/wp\/v2\/media?parent=2271"}],"wp:term":[{"taxonomy":"product_cat","embeddable":true,"href":"https:\/\/casadolivreiro.pt\/index.php\/wp-json\/wp\/v2\/product_cat?post=2271"},{"taxonomy":"product_tag","embeddable":true,"href":"https:\/\/casadolivreiro.pt\/index.php\/wp-json\/wp\/v2\/product_tag?post=2271"}],"curies":[{"name":"wp","href":"https:\/\/api.w.org\/{rel}","templated":true}]}}