{"id":2253,"date":"2024-04-12T17:20:23","date_gmt":"2024-04-12T17:20:23","guid":{"rendered":"https:\/\/casadolivreiro.pt\/?post_type=product&#038;p=2253"},"modified":"2024-04-12T17:20:23","modified_gmt":"2024-04-12T17:20:23","slug":"mais-leve-que-a-vaidade-paul-tabori","status":"publish","type":"product","link":"https:\/\/casadolivreiro.pt\/index.php\/product\/mais-leve-que-a-vaidade-paul-tabori\/","title":{"rendered":"MAIS LEVE QUE A VAIDADE &#8211; Paul Tabori"},"content":{"rendered":"<p>MAIS LEVE QUE A VAIDADE<br \/>\nPaul Tabori<br \/>\nTradu\u00e7\u00e3o de Ant\u00f3nio Amaral Valadas<br \/>\nAno de edi\u00e7\u00e3o: 1962<br \/>\nEditor: Estudios Cor, Lisboa<br \/>\nIdioma: Portugu\u00eas<br \/>\nDimens\u00f5es: 11.4\u00a0 x 2.5 x 18.5 cm<br \/>\nEncaderna\u00e7\u00e3o: Capa mole<br \/>\nP\u00e1ginas: 383<\/p>\n","protected":false},"excerpt":{"rendered":"<p>MAIS LEVE QUE A VAIDADE Paul Tabori Tradu\u00e7\u00e3o de Ant\u00f3nio Amaral Valadas Ano de edi\u00e7\u00e3o: 1962 Editor: Estudios Cor, Lisboa Idioma: Portugu\u00eas Dimens\u00f5es: 11.4\u00a0 x 2.5 x 18.5 cm Encaderna\u00e7\u00e3o: Capa mole P\u00e1ginas: 383<\/p>\n","protected":false},"featured_media":2254,"comment_status":"open","ping_status":"closed","template":"","meta":{"om_disable_all_campaigns":false,"_monsterinsights_skip_tracking":false,"_monsterinsights_sitenote_active":false,"_monsterinsights_sitenote_note":"","_monsterinsights_sitenote_category":0,"_uf_show_specific_survey":0,"_uf_disable_surveys":false},"product_cat":[26],"product_tag":[],"aioseo_notices":[],"jetpack_sharing_enabled":true,"_links":{"self":[{"href":"https:\/\/casadolivreiro.pt\/index.php\/wp-json\/wp\/v2\/product\/2253"}],"collection":[{"href":"https:\/\/casadolivreiro.pt\/index.php\/wp-json\/wp\/v2\/product"}],"about":[{"href":"https:\/\/casadolivreiro.pt\/index.php\/wp-json\/wp\/v2\/types\/product"}],"replies":[{"embeddable":true,"href":"https:\/\/casadolivreiro.pt\/index.php\/wp-json\/wp\/v2\/comments?post=2253"}],"wp:featuredmedia":[{"embeddable":true,"href":"https:\/\/casadolivreiro.pt\/index.php\/wp-json\/wp\/v2\/media\/2254"}],"wp:attachment":[{"href":"https:\/\/casadolivreiro.pt\/index.php\/wp-json\/wp\/v2\/media?parent=2253"}],"wp:term":[{"taxonomy":"product_cat","embeddable":true,"href":"https:\/\/casadolivreiro.pt\/index.php\/wp-json\/wp\/v2\/product_cat?post=2253"},{"taxonomy":"product_tag","embeddable":true,"href":"https:\/\/casadolivreiro.pt\/index.php\/wp-json\/wp\/v2\/product_tag?post=2253"}],"curies":[{"name":"wp","href":"https:\/\/api.w.org\/{rel}","templated":true}]}}