{"id":2251,"date":"2024-04-12T17:15:56","date_gmt":"2024-04-12T17:15:56","guid":{"rendered":"https:\/\/casadolivreiro.pt\/?post_type=product&#038;p=2251"},"modified":"2024-04-12T17:15:56","modified_gmt":"2024-04-12T17:15:56","slug":"pelo-amor-de-judith-meir-shalev","status":"publish","type":"product","link":"https:\/\/casadolivreiro.pt\/index.php\/product\/pelo-amor-de-judith-meir-shalev\/","title":{"rendered":"PELO AMOR DE JUDITH &#8211; Meir Shalev"},"content":{"rendered":"<p>PELO AMOR DE JUDITH<br \/>\nMeir Shalev<br \/>\nTradu\u00e7\u00e3o de Maria da Gra\u00e7a Moraes Sarmento<br \/>\nISBN: 972-29-0427-2<br \/>\nAno de edi\u00e7\u00e3o: 1999<br \/>\nEditor: Difel, Difus\u00e3o Editora S.A.<br \/>\nIdioma: Portugu\u00eas<br \/>\nDimens\u00f5es: 14.8 \u00a0x 2.2 x 23 cm<br \/>\nEncaderna\u00e7\u00e3o: Capa mole<br \/>\nP\u00e1ginas: 378<\/p>\n","protected":false},"excerpt":{"rendered":"<p>PELO AMOR DE JUDITH Meir Shalev Tradu\u00e7\u00e3o de Maria da Gra\u00e7a Moraes Sarmento ISBN: 972-29-0427-2 Ano de edi\u00e7\u00e3o: 1999 Editor: Difel, Difus\u00e3o Editora S.A. Idioma: Portugu\u00eas Dimens\u00f5es: 14.8 \u00a0x 2.2 x 23 cm Encaderna\u00e7\u00e3o: Capa mole P\u00e1ginas: 378<\/p>\n","protected":false},"featured_media":2252,"comment_status":"open","ping_status":"closed","template":"","meta":{"om_disable_all_campaigns":false,"_monsterinsights_skip_tracking":false,"_monsterinsights_sitenote_active":false,"_monsterinsights_sitenote_note":"","_monsterinsights_sitenote_category":0,"_uf_show_specific_survey":0,"_uf_disable_surveys":false},"product_cat":[26],"product_tag":[],"aioseo_notices":[],"jetpack_sharing_enabled":true,"_links":{"self":[{"href":"https:\/\/casadolivreiro.pt\/index.php\/wp-json\/wp\/v2\/product\/2251"}],"collection":[{"href":"https:\/\/casadolivreiro.pt\/index.php\/wp-json\/wp\/v2\/product"}],"about":[{"href":"https:\/\/casadolivreiro.pt\/index.php\/wp-json\/wp\/v2\/types\/product"}],"replies":[{"embeddable":true,"href":"https:\/\/casadolivreiro.pt\/index.php\/wp-json\/wp\/v2\/comments?post=2251"}],"wp:featuredmedia":[{"embeddable":true,"href":"https:\/\/casadolivreiro.pt\/index.php\/wp-json\/wp\/v2\/media\/2252"}],"wp:attachment":[{"href":"https:\/\/casadolivreiro.pt\/index.php\/wp-json\/wp\/v2\/media?parent=2251"}],"wp:term":[{"taxonomy":"product_cat","embeddable":true,"href":"https:\/\/casadolivreiro.pt\/index.php\/wp-json\/wp\/v2\/product_cat?post=2251"},{"taxonomy":"product_tag","embeddable":true,"href":"https:\/\/casadolivreiro.pt\/index.php\/wp-json\/wp\/v2\/product_tag?post=2251"}],"curies":[{"name":"wp","href":"https:\/\/api.w.org\/{rel}","templated":true}]}}