{"id":225,"date":"2024-03-06T17:30:58","date_gmt":"2024-03-06T17:30:58","guid":{"rendered":"https:\/\/casadolivreiro.pt\/?post_type=product&#038;p=225"},"modified":"2024-03-06T17:30:58","modified_gmt":"2024-03-06T17:30:58","slug":"non-ne-me-managez-pas-philip","status":"publish","type":"product","link":"https:\/\/casadolivreiro.pt\/index.php\/product\/non-ne-me-managez-pas-philip\/","title":{"rendered":"NON, NE ME MANAGEZ PAS!  &#8211; Philip"},"content":{"rendered":"<p>NON, NE ME MANAGEZ PAS! &#8211; Philip<br \/>\nAutografado<br \/>\nEditor: \u200e \u00e9ditions lapin; originale \u00e9dition (31 juillet 2010)<br \/>\nIdioma: \u200e Fran\u00e7ais<br \/>\nCapa mole: \u200e 96 pages<br \/>\nISBN-10 \u200f : \u200e 2918653160<br \/>\nISBN-13 \u200f : \u200e 978-2918653165<br \/>\nDimens\u00f5es: \u200e 21 x 0.7 x 15 cm<\/p>\n<p>Le monde des lapins de bureau est un monde \u00e9trange o\u00f9 tout le monde se croit comp\u00e9tent, alors que&#8230; les managers, les selfs-made men, les coachs, les employ\u00e9s z\u00e9l\u00e9s, les employ\u00e9s d\u00e9biles, ceux qui voudraient bien faire, ceux qui voudraient s&#8217;\u00e9vader du bureau ont des aventures de bureau extravagantes, mais si famili\u00e8res parfois&#8230; Dans ce tome, lapin et lapin d\u00e9cident de cr\u00e9er une bo\u00eete ensemble. Ils sont peu apr\u00e8s rejoints par l&#8217;ourse verte, qui va les aider&#8230; plus ou moins. Un livre avec des managers, des chefs d&#8217;entreprise, des syndicalistes, mais \u00e9trangement, pas grand-monde qui travaille&#8230; Entrez dans le monde d\u00e9cal\u00e9, mais pourtant si proche de la r\u00e9alit\u00e9, le monde des lapins de bureau. Un livre tir\u00e9 de lapin, la bande dessin\u00e9e quotidienne de Phiip, mais avec une histoire compl\u00e8te in\u00e9dite \u00e0 l&#8217;int\u00e9rieur ! Dans la m\u00eame collection, vous aimerez le premier tome, les rois du management, et le troisi\u00e8me, la crise ne passera pas par nous.<\/p>\n","protected":false},"excerpt":{"rendered":"<p>NON, NE ME MANAGEZ PAS! &#8211; Philip Autografado Editor: \u200e \u00e9ditions lapin; originale \u00e9dition (31 juillet 2010) Idioma: \u200e Fran\u00e7ais Capa mole: \u200e 96 pages ISBN-10 \u200f : \u200e 2918653160 ISBN-13 \u200f : \u200e 978-2918653165 Dimens\u00f5es: \u200e 21 x 0.7 x 15 cm Le monde des lapins de bureau est un monde \u00e9trange o\u00f9 tout [&hellip;]<\/p>\n","protected":false},"featured_media":226,"comment_status":"open","ping_status":"closed","template":"","meta":{"om_disable_all_campaigns":false,"_monsterinsights_skip_tracking":false,"_monsterinsights_sitenote_active":false,"_monsterinsights_sitenote_note":"","_monsterinsights_sitenote_category":0,"_uf_show_specific_survey":0,"_uf_disable_surveys":false},"product_cat":[35,56,62],"product_tag":[],"aioseo_notices":[],"jetpack_sharing_enabled":true,"_links":{"self":[{"href":"https:\/\/casadolivreiro.pt\/index.php\/wp-json\/wp\/v2\/product\/225"}],"collection":[{"href":"https:\/\/casadolivreiro.pt\/index.php\/wp-json\/wp\/v2\/product"}],"about":[{"href":"https:\/\/casadolivreiro.pt\/index.php\/wp-json\/wp\/v2\/types\/product"}],"replies":[{"embeddable":true,"href":"https:\/\/casadolivreiro.pt\/index.php\/wp-json\/wp\/v2\/comments?post=225"}],"wp:featuredmedia":[{"embeddable":true,"href":"https:\/\/casadolivreiro.pt\/index.php\/wp-json\/wp\/v2\/media\/226"}],"wp:attachment":[{"href":"https:\/\/casadolivreiro.pt\/index.php\/wp-json\/wp\/v2\/media?parent=225"}],"wp:term":[{"taxonomy":"product_cat","embeddable":true,"href":"https:\/\/casadolivreiro.pt\/index.php\/wp-json\/wp\/v2\/product_cat?post=225"},{"taxonomy":"product_tag","embeddable":true,"href":"https:\/\/casadolivreiro.pt\/index.php\/wp-json\/wp\/v2\/product_tag?post=225"}],"curies":[{"name":"wp","href":"https:\/\/api.w.org\/{rel}","templated":true}]}}