{"id":2221,"date":"2024-04-10T19:33:09","date_gmt":"2024-04-10T19:33:09","guid":{"rendered":"https:\/\/casadolivreiro.pt\/?post_type=product&#038;p=2221"},"modified":"2024-04-10T19:33:09","modified_gmt":"2024-04-10T19:33:09","slug":"trilogie-adam-sarlech-bezian","status":"publish","type":"product","link":"https:\/\/casadolivreiro.pt\/index.php\/product\/trilogie-adam-sarlech-bezian\/","title":{"rendered":"TRILOGIE ADAM SARLECH &#8211; B\u00e9zian"},"content":{"rendered":"<p>TRILOGIE ADAM SARLECH<br \/>\nB\u00e9zian<br \/>\nISBN: 2-7451-1326-8<br \/>\nAno de edi\u00e7\u00e3o: 2001<br \/>\nEditor: Les Humanoides Associ\u00e9s S.A. Gen\u00e8ve<br \/>\nIdioma: Franc\u00eas<br \/>\nDimens\u00f5es: 24 x 1.5 x 32 cm<br \/>\nEncaderna\u00e7\u00e3o: Capa dura<br \/>\nP\u00e1ginas: 168<\/p>\n","protected":false},"excerpt":{"rendered":"<p>TRILOGIE ADAM SARLECH B\u00e9zian ISBN: 2-7451-1326-8 Ano de edi\u00e7\u00e3o: 2001 Editor: Les Humanoides Associ\u00e9s S.A. Gen\u00e8ve Idioma: Franc\u00eas Dimens\u00f5es: 24 x 1.5 x 32 cm Encaderna\u00e7\u00e3o: Capa dura P\u00e1ginas: 168<\/p>\n","protected":false},"featured_media":2222,"comment_status":"open","ping_status":"closed","template":"","meta":{"om_disable_all_campaigns":false,"_monsterinsights_skip_tracking":false,"_monsterinsights_sitenote_active":false,"_monsterinsights_sitenote_note":"","_monsterinsights_sitenote_category":0,"_uf_show_specific_survey":0,"_uf_disable_surveys":false},"product_cat":[35,56],"product_tag":[],"aioseo_notices":[],"jetpack_sharing_enabled":true,"_links":{"self":[{"href":"https:\/\/casadolivreiro.pt\/index.php\/wp-json\/wp\/v2\/product\/2221"}],"collection":[{"href":"https:\/\/casadolivreiro.pt\/index.php\/wp-json\/wp\/v2\/product"}],"about":[{"href":"https:\/\/casadolivreiro.pt\/index.php\/wp-json\/wp\/v2\/types\/product"}],"replies":[{"embeddable":true,"href":"https:\/\/casadolivreiro.pt\/index.php\/wp-json\/wp\/v2\/comments?post=2221"}],"wp:featuredmedia":[{"embeddable":true,"href":"https:\/\/casadolivreiro.pt\/index.php\/wp-json\/wp\/v2\/media\/2222"}],"wp:attachment":[{"href":"https:\/\/casadolivreiro.pt\/index.php\/wp-json\/wp\/v2\/media?parent=2221"}],"wp:term":[{"taxonomy":"product_cat","embeddable":true,"href":"https:\/\/casadolivreiro.pt\/index.php\/wp-json\/wp\/v2\/product_cat?post=2221"},{"taxonomy":"product_tag","embeddable":true,"href":"https:\/\/casadolivreiro.pt\/index.php\/wp-json\/wp\/v2\/product_tag?post=2221"}],"curies":[{"name":"wp","href":"https:\/\/api.w.org\/{rel}","templated":true}]}}