{"id":2173,"date":"2024-04-10T16:39:31","date_gmt":"2024-04-10T16:39:31","guid":{"rendered":"https:\/\/casadolivreiro.pt\/?post_type=product&#038;p=2173"},"modified":"2024-04-10T16:39:31","modified_gmt":"2024-04-10T16:39:31","slug":"histoire-de-lepuration-de-lindulgence-aux-massacres-novembre-1942-septembre-1944-robert-aron","status":"publish","type":"product","link":"https:\/\/casadolivreiro.pt\/index.php\/product\/histoire-de-lepuration-de-lindulgence-aux-massacres-novembre-1942-septembre-1944-robert-aron\/","title":{"rendered":"HISTOIRE DE L\u2019\u00c9PURATION: De l\u2019indulgence aux massacres Novembre 1942 \u2013 Septembre 1944 &#8211; Robert Aron"},"content":{"rendered":"<p>HISTOIRE DE L\u2019\u00c9PURATION: De l\u2019indulgence aux massacres Novembre 1942 \u2013 Septembre 1944<br \/>\nRobert Aron<br \/>\nLes Grandes \u00c9tudes Contemporaines<br \/>\nAno de edi\u00e7\u00e3o: 1967<br \/>\nEditor: Librairie Arth\u00e8me Fayard, Paris<br \/>\nIdioma: Franc\u00eas<br \/>\nDimens\u00f5es: 13.5 x 4.4 x 21.5 cm<br \/>\nEncaderna\u00e7\u00e3o: Capa mole<br \/>\nP\u00e1ginas: 661<\/p>\n","protected":false},"excerpt":{"rendered":"<p>HISTOIRE DE L\u2019\u00c9PURATION: De l\u2019indulgence aux massacres Novembre 1942 \u2013 Septembre 1944 Robert Aron Les Grandes \u00c9tudes Contemporaines Ano de edi\u00e7\u00e3o: 1967 Editor: Librairie Arth\u00e8me Fayard, Paris Idioma: Franc\u00eas Dimens\u00f5es: 13.5 x 4.4 x 21.5 cm Encaderna\u00e7\u00e3o: Capa mole P\u00e1ginas: 661<\/p>\n","protected":false},"featured_media":2174,"comment_status":"open","ping_status":"closed","template":"","meta":{"om_disable_all_campaigns":false,"_monsterinsights_skip_tracking":false,"_monsterinsights_sitenote_active":false,"_monsterinsights_sitenote_note":"","_monsterinsights_sitenote_category":0,"_uf_show_specific_survey":0,"_uf_disable_surveys":false},"product_cat":[31,30,56],"product_tag":[],"aioseo_notices":[],"jetpack_sharing_enabled":true,"_links":{"self":[{"href":"https:\/\/casadolivreiro.pt\/index.php\/wp-json\/wp\/v2\/product\/2173"}],"collection":[{"href":"https:\/\/casadolivreiro.pt\/index.php\/wp-json\/wp\/v2\/product"}],"about":[{"href":"https:\/\/casadolivreiro.pt\/index.php\/wp-json\/wp\/v2\/types\/product"}],"replies":[{"embeddable":true,"href":"https:\/\/casadolivreiro.pt\/index.php\/wp-json\/wp\/v2\/comments?post=2173"}],"wp:featuredmedia":[{"embeddable":true,"href":"https:\/\/casadolivreiro.pt\/index.php\/wp-json\/wp\/v2\/media\/2174"}],"wp:attachment":[{"href":"https:\/\/casadolivreiro.pt\/index.php\/wp-json\/wp\/v2\/media?parent=2173"}],"wp:term":[{"taxonomy":"product_cat","embeddable":true,"href":"https:\/\/casadolivreiro.pt\/index.php\/wp-json\/wp\/v2\/product_cat?post=2173"},{"taxonomy":"product_tag","embeddable":true,"href":"https:\/\/casadolivreiro.pt\/index.php\/wp-json\/wp\/v2\/product_tag?post=2173"}],"curies":[{"name":"wp","href":"https:\/\/api.w.org\/{rel}","templated":true}]}}