{"id":216,"date":"2024-03-06T16:40:32","date_gmt":"2024-03-06T16:40:32","guid":{"rendered":"https:\/\/casadolivreiro.pt\/?post_type=product&#038;p=216"},"modified":"2024-03-16T23:36:28","modified_gmt":"2024-03-16T23:36:28","slug":"sarmento-pimental-ou-uma-geracao-traida-dialogos-de-norberto-lopes-com-o-autor-das-memorias-do-capitao","status":"publish","type":"product","link":"https:\/\/casadolivreiro.pt\/index.php\/product\/sarmento-pimental-ou-uma-geracao-traida-dialogos-de-norberto-lopes-com-o-autor-das-memorias-do-capitao\/","title":{"rendered":"SARMENTO PIMENTAL: OU UMA GERA\u00c7\u00c3O TRA\u00cdDA Di\u00e1logos de Norberto Lopes com o autor das &#8220;Memorias do Capit\u00e3o&#8221;"},"content":{"rendered":"<p>Norberto Lopes<\/p>\n<p>Editor: Editorial Aster, Lisboa<br \/>\nData de Lan\u00e7amento:\u00a0 1976<br \/>\nIdioma:\u00a0 Portugu\u00eas<br \/>\nDimens\u00f5es: 12.2cm x 2.0cm x 18.6cm<br \/>\nEncaderna\u00e7\u00e3o: Capa mole<br \/>\nP\u00e1ginas: 231<\/p>\n<p>. Ilustrado com retrato de Sarmento Pimentel no verso do anterrosto.<\/p>\n<p>&#8220;Todos os grandes momentos da vida portuguesa deste s\u00e9culo foram reconstitu\u00eddos e analisados, neste livro, por Norberto Lopes[&#8230;]. A figura [&#8230;] de Jo\u00e3o Sarmento Pimentel surge [&#8230;] como exalta\u00e7\u00e3o dos valores da vida, testemunho de amor a Portugal e grata devo\u00e7\u00e3o ao Brasil, e, sobretudo, como aut\u00eantico s\u00edmbolo da defesa da liberdade e democracia[&#8230;]&#8221;<\/p>\n","protected":false},"excerpt":{"rendered":"<p>Norberto Lopes Editor: Editorial Aster, Lisboa Data de Lan\u00e7amento:\u00a0 1976 Idioma:\u00a0 Portugu\u00eas Dimens\u00f5es: 12.2cm x 2.0cm x 18.6cm Encaderna\u00e7\u00e3o: Capa mole P\u00e1ginas: 231 . Ilustrado com retrato de Sarmento Pimentel no verso do anterrosto. &#8220;Todos os grandes momentos da vida portuguesa deste s\u00e9culo foram reconstitu\u00eddos e analisados, neste livro, por Norberto Lopes[&#8230;]. A figura [&#8230;] [&hellip;]<\/p>\n","protected":false},"featured_media":217,"comment_status":"open","ping_status":"closed","template":"","meta":{"om_disable_all_campaigns":false,"_monsterinsights_skip_tracking":false,"_monsterinsights_sitenote_active":false,"_monsterinsights_sitenote_note":"","_monsterinsights_sitenote_category":0,"_uf_show_specific_survey":0,"_uf_disable_surveys":false},"product_cat":[28,31,47,36,62],"product_tag":[],"aioseo_notices":[],"jetpack_sharing_enabled":true,"_links":{"self":[{"href":"https:\/\/casadolivreiro.pt\/index.php\/wp-json\/wp\/v2\/product\/216"}],"collection":[{"href":"https:\/\/casadolivreiro.pt\/index.php\/wp-json\/wp\/v2\/product"}],"about":[{"href":"https:\/\/casadolivreiro.pt\/index.php\/wp-json\/wp\/v2\/types\/product"}],"replies":[{"embeddable":true,"href":"https:\/\/casadolivreiro.pt\/index.php\/wp-json\/wp\/v2\/comments?post=216"}],"wp:featuredmedia":[{"embeddable":true,"href":"https:\/\/casadolivreiro.pt\/index.php\/wp-json\/wp\/v2\/media\/217"}],"wp:attachment":[{"href":"https:\/\/casadolivreiro.pt\/index.php\/wp-json\/wp\/v2\/media?parent=216"}],"wp:term":[{"taxonomy":"product_cat","embeddable":true,"href":"https:\/\/casadolivreiro.pt\/index.php\/wp-json\/wp\/v2\/product_cat?post=216"},{"taxonomy":"product_tag","embeddable":true,"href":"https:\/\/casadolivreiro.pt\/index.php\/wp-json\/wp\/v2\/product_tag?post=216"}],"curies":[{"name":"wp","href":"https:\/\/api.w.org\/{rel}","templated":true}]}}