{"id":2121,"date":"2024-04-10T15:27:25","date_gmt":"2024-04-10T15:27:25","guid":{"rendered":"https:\/\/casadolivreiro.pt\/?post_type=product&#038;p=2121"},"modified":"2024-04-10T15:27:25","modified_gmt":"2024-04-10T15:27:25","slug":"coleccao-triangulo-jota-alvaro-magalhaes-12-volumes","status":"publish","type":"product","link":"https:\/\/casadolivreiro.pt\/index.php\/product\/coleccao-triangulo-jota-alvaro-magalhaes-12-volumes\/","title":{"rendered":"Colec\u00e7\u00e3o TRI\u00c2NGULO JOTA \u2013 \u00c1lvaro Magalh\u00e3es (12 Volumes)"},"content":{"rendered":"<p>Colec\u00e7\u00e3o TRI\u00c2NGULO JOTA \u2013 \u00c1lvaro Magalh\u00e3es (12 Volumes)<br \/>\nAno de edi\u00e7\u00e3o: 2001 &#8211; 2004 ( 10. &#8211; 13.a Edi\u00e7\u00e3o)<br \/>\nEditor: Edi\u00e7\u00f5es ASA, Rio Tinto<br \/>\nIdioma: Portugu\u00eas<br \/>\nDimens\u00f5es: 12 x 1.4 x 18 cm<br \/>\nEncaderna\u00e7\u00e3o: Capa mole<br \/>\nP\u00e1ginas: v\u00e1rios<\/p>\n<p>3,00 cada livro<\/p>\n<p>No.3 \u2013 CORRE, MICHAEL! CORRE! &#8211; \u00c1lvaro Magalh\u00e3es, 175 p\u00e1gs.<br \/>\nNo.4 \u2013 A RAPARIGA DOS AN\u00daNCIOS &#8211; \u00c1lvaro Magalh\u00e3es, 206 p\u00e1gs.<br \/>\nNo.5 \u2013 AO SERVI\u00c7O DE SUA MAJESTADE &#8211; \u00c1lvaro Magalh\u00e3es, 206 p\u00e1gs.<br \/>\nNo.6 \u2013 O VAMPIRO DO DENTE DE OURO &#8211; \u00c1lvaro Magalh\u00e3es, 223 p\u00e1gs.<br \/>\nNo.7 \u2013 O BEIJO DA SERPENTE &#8211; \u00c1lvaro Magalh\u00e3es, 205 p\u00e1gs.<br \/>\nNo.8 \u2013 GUARDADO NO CORA\u00c7\u00c3O 1 &#8211; \u00c1lvaro Magalh\u00e3es, 204 p\u00e1gs.<br \/>\nNo.9 &#8211; GUARDADO NO CORA\u00c7\u00c3O 2 &#8211; \u00c1lvaro Magalh\u00e3es, 221 p\u00e1gs.<br \/>\nNo.10 \u2013 A ROSA DO EGIPTO\u00a0 &#8211; \u00c1lvaro Magalh\u00e3es, 285 p\u00e1gs.<br \/>\nNo.12 \u2013 PELOS TEUS LINDOS OLHOS &#8211; \u00c1lvaro Magalh\u00e3es, 232 p\u00e1gs.<br \/>\nNo.13 \u2013 O REI LAGARTO &#8211; \u00c1lvaro Magalh\u00e3es, 237 p\u00e1gs.<br \/>\nNo.16 \u2013 A HIST\u00d3RIA DE UMA ALMA &#8211; \u00c1lvaro Magalh\u00e3es, 283 p\u00e1gs<br \/>\nNo.17 \u2013 AS TR\u00caS PEDRAS DO DIABO 1 &#8211; \u00c1lvaro Magalh\u00e3es, 208 p\u00e1gs<\/p>\n","protected":false},"excerpt":{"rendered":"<p>Colec\u00e7\u00e3o TRI\u00c2NGULO JOTA \u2013 \u00c1lvaro Magalh\u00e3es (12 Volumes) Ano de edi\u00e7\u00e3o: 2001 &#8211; 2004 ( 10. &#8211; 13.a Edi\u00e7\u00e3o) Editor: Edi\u00e7\u00f5es ASA, Rio Tinto Idioma: Portugu\u00eas Dimens\u00f5es: 12 x 1.4 x 18 cm Encaderna\u00e7\u00e3o: Capa mole P\u00e1ginas: v\u00e1rios 3,00 cada livro No.3 \u2013 CORRE, MICHAEL! CORRE! &#8211; \u00c1lvaro Magalh\u00e3es, 175 p\u00e1gs. No.4 \u2013 A RAPARIGA [&hellip;]<\/p>\n","protected":false},"featured_media":2135,"comment_status":"open","ping_status":"closed","template":"","meta":{"om_disable_all_campaigns":false,"_monsterinsights_skip_tracking":false,"_monsterinsights_sitenote_active":false,"_monsterinsights_sitenote_note":"","_monsterinsights_sitenote_category":0,"_uf_show_specific_survey":0,"_uf_disable_surveys":false},"product_cat":[34],"product_tag":[],"aioseo_notices":[],"jetpack_sharing_enabled":true,"_links":{"self":[{"href":"https:\/\/casadolivreiro.pt\/index.php\/wp-json\/wp\/v2\/product\/2121"}],"collection":[{"href":"https:\/\/casadolivreiro.pt\/index.php\/wp-json\/wp\/v2\/product"}],"about":[{"href":"https:\/\/casadolivreiro.pt\/index.php\/wp-json\/wp\/v2\/types\/product"}],"replies":[{"embeddable":true,"href":"https:\/\/casadolivreiro.pt\/index.php\/wp-json\/wp\/v2\/comments?post=2121"}],"wp:featuredmedia":[{"embeddable":true,"href":"https:\/\/casadolivreiro.pt\/index.php\/wp-json\/wp\/v2\/media\/2135"}],"wp:attachment":[{"href":"https:\/\/casadolivreiro.pt\/index.php\/wp-json\/wp\/v2\/media?parent=2121"}],"wp:term":[{"taxonomy":"product_cat","embeddable":true,"href":"https:\/\/casadolivreiro.pt\/index.php\/wp-json\/wp\/v2\/product_cat?post=2121"},{"taxonomy":"product_tag","embeddable":true,"href":"https:\/\/casadolivreiro.pt\/index.php\/wp-json\/wp\/v2\/product_tag?post=2121"}],"curies":[{"name":"wp","href":"https:\/\/api.w.org\/{rel}","templated":true}]}}