{"id":2084,"date":"2024-04-10T14:48:39","date_gmt":"2024-04-10T14:48:39","guid":{"rendered":"https:\/\/casadolivreiro.pt\/?post_type=product&#038;p=2084"},"modified":"2024-04-10T14:48:39","modified_gmt":"2024-04-10T14:48:39","slug":"coleccao-misterio-enid-blyton-3-volumes-enid-blyton","status":"publish","type":"product","link":"https:\/\/casadolivreiro.pt\/index.php\/product\/coleccao-misterio-enid-blyton-3-volumes-enid-blyton\/","title":{"rendered":"COLEC\u00c7\u00c3O MIST\u00c9RIO ENID BLYTON ( 3 Volumes) &#8211; Enid Blyton"},"content":{"rendered":"<p>COLEC\u00c7\u00c3O MIST\u00c9RIO ENID BLYTON ( 3 Volumes)<br \/>\nEnid Blyton<br \/>\nNo.6 \u2013 O \u00daLTIMO ANO NO COL\u00c9GIO DAS QUATRO TORRES &#8211; Enid Blyton, Tradu\u00e7\u00e3o de L. de Almeida Campos, 163 p\u00e1gs.<br \/>\nNo. 10- O MIST\u00c9RIO DO SACO DA ROUPA- Enid Blyton, Tradu\u00e7\u00e3o de L. de Almeida Campos, 189 p\u00e1gs.<br \/>\nNo.11 &#8211; O MIST\u00c9RIO DA VIVENDA AZUL- Enid Blyton, Tradu\u00e7\u00e3o de Maria Am\u00e9lia B\u00e1rcia, 174 p\u00e1gs.<br \/>\nAno de edi\u00e7\u00e3o: 1974 &#8211; 1975<br \/>\nEditor: Empresa Nacional de Publicidade, Lisboa<br \/>\nIdioma: Portugu\u00eas<br \/>\nDimens\u00f5es: 10.3 x 1 x 18 cm<br \/>\nEncaderna\u00e7\u00e3o: Capa mole<br \/>\nP\u00e1ginas: v\u00e1rios<\/p>\n","protected":false},"excerpt":{"rendered":"<p>COLEC\u00c7\u00c3O MIST\u00c9RIO ENID BLYTON ( 3 Volumes) Enid Blyton No.6 \u2013 O \u00daLTIMO ANO NO COL\u00c9GIO DAS QUATRO TORRES &#8211; Enid Blyton, Tradu\u00e7\u00e3o de L. de Almeida Campos, 163 p\u00e1gs. No. 10- O MIST\u00c9RIO DO SACO DA ROUPA- Enid Blyton, Tradu\u00e7\u00e3o de L. de Almeida Campos, 189 p\u00e1gs. No.11 &#8211; O MIST\u00c9RIO DA VIVENDA AZUL- [&hellip;]<\/p>\n","protected":false},"featured_media":2088,"comment_status":"open","ping_status":"closed","template":"","meta":{"om_disable_all_campaigns":false,"_monsterinsights_skip_tracking":false,"_monsterinsights_sitenote_active":false,"_monsterinsights_sitenote_note":"","_monsterinsights_sitenote_category":0,"_uf_show_specific_survey":0,"_uf_disable_surveys":false},"product_cat":[34],"product_tag":[],"aioseo_notices":[],"jetpack_sharing_enabled":true,"_links":{"self":[{"href":"https:\/\/casadolivreiro.pt\/index.php\/wp-json\/wp\/v2\/product\/2084"}],"collection":[{"href":"https:\/\/casadolivreiro.pt\/index.php\/wp-json\/wp\/v2\/product"}],"about":[{"href":"https:\/\/casadolivreiro.pt\/index.php\/wp-json\/wp\/v2\/types\/product"}],"replies":[{"embeddable":true,"href":"https:\/\/casadolivreiro.pt\/index.php\/wp-json\/wp\/v2\/comments?post=2084"}],"wp:featuredmedia":[{"embeddable":true,"href":"https:\/\/casadolivreiro.pt\/index.php\/wp-json\/wp\/v2\/media\/2088"}],"wp:attachment":[{"href":"https:\/\/casadolivreiro.pt\/index.php\/wp-json\/wp\/v2\/media?parent=2084"}],"wp:term":[{"taxonomy":"product_cat","embeddable":true,"href":"https:\/\/casadolivreiro.pt\/index.php\/wp-json\/wp\/v2\/product_cat?post=2084"},{"taxonomy":"product_tag","embeddable":true,"href":"https:\/\/casadolivreiro.pt\/index.php\/wp-json\/wp\/v2\/product_tag?post=2084"}],"curies":[{"name":"wp","href":"https:\/\/api.w.org\/{rel}","templated":true}]}}