{"id":2072,"date":"2024-04-10T14:24:35","date_gmt":"2024-04-10T14:24:35","guid":{"rendered":"https:\/\/casadolivreiro.pt\/?post_type=product&#038;p=2072"},"modified":"2024-04-10T14:24:35","modified_gmt":"2024-04-10T14:24:35","slug":"a-colina-da-saudade-han-suyin","status":"publish","type":"product","link":"https:\/\/casadolivreiro.pt\/index.php\/product\/a-colina-da-saudade-han-suyin\/","title":{"rendered":"A COLINA DA SAUDADE &#8211; Han Suyin"},"content":{"rendered":"<p>A COLINA DA SAUDADE<br \/>\nHan Suyin<br \/>\nTradu\u00e7\u00e3o de Maria Jos\u00e9 Marinho<br \/>\nColec\u00e7\u00e3o Contempor\u00e2nea No. 101<br \/>\nAno de edi\u00e7\u00e3o: 1972<br \/>\nEditor: Livraria Cl\u00e1ssica Editora<br \/>\nIdioma: Portugu\u00eas<br \/>\nDimens\u00f5es: 12.7 x 3.4 x 18 cm<br \/>\nEncaderna\u00e7\u00e3o: Capa mole<br \/>\nP\u00e1ginas: 481<\/p>\n","protected":false},"excerpt":{"rendered":"<p>A COLINA DA SAUDADE Han Suyin Tradu\u00e7\u00e3o de Maria Jos\u00e9 Marinho Colec\u00e7\u00e3o Contempor\u00e2nea No. 101 Ano de edi\u00e7\u00e3o: 1972 Editor: Livraria Cl\u00e1ssica Editora Idioma: Portugu\u00eas Dimens\u00f5es: 12.7 x 3.4 x 18 cm Encaderna\u00e7\u00e3o: Capa mole P\u00e1ginas: 481<\/p>\n","protected":false},"featured_media":2073,"comment_status":"open","ping_status":"closed","template":"","meta":{"om_disable_all_campaigns":false,"_monsterinsights_skip_tracking":false,"_monsterinsights_sitenote_active":false,"_monsterinsights_sitenote_note":"","_monsterinsights_sitenote_category":0,"_uf_show_specific_survey":0,"_uf_disable_surveys":false},"product_cat":[26],"product_tag":[],"aioseo_notices":[],"jetpack_sharing_enabled":true,"_links":{"self":[{"href":"https:\/\/casadolivreiro.pt\/index.php\/wp-json\/wp\/v2\/product\/2072"}],"collection":[{"href":"https:\/\/casadolivreiro.pt\/index.php\/wp-json\/wp\/v2\/product"}],"about":[{"href":"https:\/\/casadolivreiro.pt\/index.php\/wp-json\/wp\/v2\/types\/product"}],"replies":[{"embeddable":true,"href":"https:\/\/casadolivreiro.pt\/index.php\/wp-json\/wp\/v2\/comments?post=2072"}],"wp:featuredmedia":[{"embeddable":true,"href":"https:\/\/casadolivreiro.pt\/index.php\/wp-json\/wp\/v2\/media\/2073"}],"wp:attachment":[{"href":"https:\/\/casadolivreiro.pt\/index.php\/wp-json\/wp\/v2\/media?parent=2072"}],"wp:term":[{"taxonomy":"product_cat","embeddable":true,"href":"https:\/\/casadolivreiro.pt\/index.php\/wp-json\/wp\/v2\/product_cat?post=2072"},{"taxonomy":"product_tag","embeddable":true,"href":"https:\/\/casadolivreiro.pt\/index.php\/wp-json\/wp\/v2\/product_tag?post=2072"}],"curies":[{"name":"wp","href":"https:\/\/api.w.org\/{rel}","templated":true}]}}