{"id":2044,"date":"2024-04-06T00:00:42","date_gmt":"2024-04-06T00:00:42","guid":{"rendered":"https:\/\/casadolivreiro.pt\/?post_type=product&#038;p=2044"},"modified":"2024-04-06T00:00:42","modified_gmt":"2024-04-06T00:00:42","slug":"a-voz-do-silencio-fragmentos-extraidos-do-livro-dos-preceitos-aureos-por-helena-blasvatsky-versao-portuuesa-de-fernando-pessoa","status":"publish","type":"product","link":"https:\/\/casadolivreiro.pt\/index.php\/product\/a-voz-do-silencio-fragmentos-extraidos-do-livro-dos-preceitos-aureos-por-helena-blasvatsky-versao-portuuesa-de-fernando-pessoa\/","title":{"rendered":"A VOZ DO SIL\u00caNCIO:  &#8211; Fragmentos Extra\u00eddos do \u2018Livro dos Preceitos \u00c1ureos\u2019 por Helena Blasvatsky  &#8211; Vers\u00e3o Portuu\u00easa de Fernando Pessoa"},"content":{"rendered":"<p>A VOZ DO SIL\u00caNCIO:<br \/>\nFragmentos Extra\u00eddos do \u2018<em>Livro dos Preceitos \u00c1ureos<\/em>\u2019 por Helena Blasvatsky<br \/>\nVers\u00e3o Portuu\u00easa de Fernando Pessoa<br \/>\nAno de edi\u00e7\u00e3o:\u00a0 1969<br \/>\nEditor: Civiliza\u00e7\u00e3o Brasileira S.A., Rio de Janeiro<br \/>\nIdioma: Portugu\u00eas<br \/>\nDimens\u00f5es: 14 x 0.8 x 21 cm<br \/>\nEncaderna\u00e7\u00e3o: Capa mole<br \/>\nP\u00e1ginas: 141<\/p>\n","protected":false},"excerpt":{"rendered":"<p>A VOZ DO SIL\u00caNCIO: Fragmentos Extra\u00eddos do \u2018Livro dos Preceitos \u00c1ureos\u2019 por Helena Blasvatsky Vers\u00e3o Portuu\u00easa de Fernando Pessoa Ano de edi\u00e7\u00e3o:\u00a0 1969 Editor: Civiliza\u00e7\u00e3o Brasileira S.A., Rio de Janeiro Idioma: Portugu\u00eas Dimens\u00f5es: 14 x 0.8 x 21 cm Encaderna\u00e7\u00e3o: Capa mole P\u00e1ginas: 141<\/p>\n","protected":false},"featured_media":2045,"comment_status":"open","ping_status":"closed","template":"","meta":{"om_disable_all_campaigns":false,"_monsterinsights_skip_tracking":false,"_monsterinsights_sitenote_active":false,"_monsterinsights_sitenote_note":"","_monsterinsights_sitenote_category":0,"_uf_show_specific_survey":0,"_uf_disable_surveys":false},"product_cat":[31,47,33,29,27],"product_tag":[],"aioseo_notices":[],"jetpack_sharing_enabled":true,"_links":{"self":[{"href":"https:\/\/casadolivreiro.pt\/index.php\/wp-json\/wp\/v2\/product\/2044"}],"collection":[{"href":"https:\/\/casadolivreiro.pt\/index.php\/wp-json\/wp\/v2\/product"}],"about":[{"href":"https:\/\/casadolivreiro.pt\/index.php\/wp-json\/wp\/v2\/types\/product"}],"replies":[{"embeddable":true,"href":"https:\/\/casadolivreiro.pt\/index.php\/wp-json\/wp\/v2\/comments?post=2044"}],"wp:featuredmedia":[{"embeddable":true,"href":"https:\/\/casadolivreiro.pt\/index.php\/wp-json\/wp\/v2\/media\/2045"}],"wp:attachment":[{"href":"https:\/\/casadolivreiro.pt\/index.php\/wp-json\/wp\/v2\/media?parent=2044"}],"wp:term":[{"taxonomy":"product_cat","embeddable":true,"href":"https:\/\/casadolivreiro.pt\/index.php\/wp-json\/wp\/v2\/product_cat?post=2044"},{"taxonomy":"product_tag","embeddable":true,"href":"https:\/\/casadolivreiro.pt\/index.php\/wp-json\/wp\/v2\/product_tag?post=2044"}],"curies":[{"name":"wp","href":"https:\/\/api.w.org\/{rel}","templated":true}]}}