{"id":2026,"date":"2024-04-05T23:23:19","date_gmt":"2024-04-05T23:23:19","guid":{"rendered":"https:\/\/casadolivreiro.pt\/?post_type=product&#038;p=2026"},"modified":"2024-04-05T23:23:19","modified_gmt":"2024-04-05T23:23:19","slug":"manter-se-jovem-como-prevenir-atenuar-ou-afastar-mais-de-60-sinais-de-envelhecimento-tom-monte","status":"publish","type":"product","link":"https:\/\/casadolivreiro.pt\/index.php\/product\/manter-se-jovem-como-prevenir-atenuar-ou-afastar-mais-de-60-sinais-de-envelhecimento-tom-monte\/","title":{"rendered":"MANTER-SE JOVEM: Como prevenir atenuar ou afastar mais de 60 sinais de envelhecimento &#8211; Tom Monte"},"content":{"rendered":"<p>MANTER-SE JOVEM: Como prevenir atenuar ou afastar mais de 60 sinais de envelhecimento<br \/>\nTom Monte<br \/>\nTradu\u00e7\u00e3o de Lu\u00eds Manuel de Campos Dion\u00edsio<br \/>\nISBN: 972-42-1426-5<br \/>\nAno de edi\u00e7\u00e3o:\u00a0 1996<br \/>\nEditor: \u00a0Circulo de Leitores<br \/>\nIdioma: Portugu\u00eas<br \/>\nDimens\u00f5es: 14 x 2.7 x 22 cm<br \/>\nEncaderna\u00e7\u00e3o: Capa mole<br \/>\nP\u00e1ginas: 382<\/p>\n","protected":false},"excerpt":{"rendered":"<p>MANTER-SE JOVEM: Como prevenir atenuar ou afastar mais de 60 sinais de envelhecimento Tom Monte Tradu\u00e7\u00e3o de Lu\u00eds Manuel de Campos Dion\u00edsio ISBN: 972-42-1426-5 Ano de edi\u00e7\u00e3o:\u00a0 1996 Editor: \u00a0Circulo de Leitores Idioma: Portugu\u00eas Dimens\u00f5es: 14 x 2.7 x 22 cm Encaderna\u00e7\u00e3o: Capa mole P\u00e1ginas: 382<\/p>\n","protected":false},"featured_media":2027,"comment_status":"open","ping_status":"closed","template":"","meta":{"om_disable_all_campaigns":false,"_monsterinsights_skip_tracking":false,"_monsterinsights_sitenote_active":false,"_monsterinsights_sitenote_note":"","_monsterinsights_sitenote_category":0,"_uf_show_specific_survey":0,"_uf_disable_surveys":false},"product_cat":[43],"product_tag":[],"aioseo_notices":[],"jetpack_sharing_enabled":true,"_links":{"self":[{"href":"https:\/\/casadolivreiro.pt\/index.php\/wp-json\/wp\/v2\/product\/2026"}],"collection":[{"href":"https:\/\/casadolivreiro.pt\/index.php\/wp-json\/wp\/v2\/product"}],"about":[{"href":"https:\/\/casadolivreiro.pt\/index.php\/wp-json\/wp\/v2\/types\/product"}],"replies":[{"embeddable":true,"href":"https:\/\/casadolivreiro.pt\/index.php\/wp-json\/wp\/v2\/comments?post=2026"}],"wp:featuredmedia":[{"embeddable":true,"href":"https:\/\/casadolivreiro.pt\/index.php\/wp-json\/wp\/v2\/media\/2027"}],"wp:attachment":[{"href":"https:\/\/casadolivreiro.pt\/index.php\/wp-json\/wp\/v2\/media?parent=2026"}],"wp:term":[{"taxonomy":"product_cat","embeddable":true,"href":"https:\/\/casadolivreiro.pt\/index.php\/wp-json\/wp\/v2\/product_cat?post=2026"},{"taxonomy":"product_tag","embeddable":true,"href":"https:\/\/casadolivreiro.pt\/index.php\/wp-json\/wp\/v2\/product_tag?post=2026"}],"curies":[{"name":"wp","href":"https:\/\/api.w.org\/{rel}","templated":true}]}}