{"id":2009,"date":"2024-04-05T19:49:30","date_gmt":"2024-04-05T19:49:30","guid":{"rendered":"https:\/\/casadolivreiro.pt\/?post_type=product&#038;p=2009"},"modified":"2024-04-05T19:49:30","modified_gmt":"2024-04-05T19:49:30","slug":"as-senhoras-primeiro-os-segredos-do-orgasmo-feminino-dr-ian-kerner","status":"publish","type":"product","link":"https:\/\/casadolivreiro.pt\/index.php\/product\/as-senhoras-primeiro-os-segredos-do-orgasmo-feminino-dr-ian-kerner\/","title":{"rendered":"AS SENHORAS PRIMEIRO: OS SEGREDOS DO ORGASMO FEMININO &#8211; Dr. Ian Kerner"},"content":{"rendered":"<p>AS SENHORAS PRIMEIRO: OS SEGREDOS DO ORGASMO FEMININO<br \/>\nDr. Ian Kerner<br \/>\nTradu\u00e7\u00e3o de Pedro Vieira Moura<br \/>\nISBN: 978-989-626-321-8<br \/>\nAno de edi\u00e7\u00e3o:\u00a0 2011 ( Primeira Edi\u00e7\u00e3o)<br \/>\nEditor: A Esfera dos Livros, Lisboa<br \/>\nIdioma: Portugu\u00eas<br \/>\nDimens\u00f5es: 15 x 1.5 x 23 cm<br \/>\nEncaderna\u00e7\u00e3o: Capa mole<br \/>\nP\u00e1ginas: 294<\/p>\n","protected":false},"excerpt":{"rendered":"<p>AS SENHORAS PRIMEIRO: OS SEGREDOS DO ORGASMO FEMININO Dr. Ian Kerner Tradu\u00e7\u00e3o de Pedro Vieira Moura ISBN: 978-989-626-321-8 Ano de edi\u00e7\u00e3o:\u00a0 2011 ( Primeira Edi\u00e7\u00e3o) Editor: A Esfera dos Livros, Lisboa Idioma: Portugu\u00eas Dimens\u00f5es: 15 x 1.5 x 23 cm Encaderna\u00e7\u00e3o: Capa mole P\u00e1ginas: 294<\/p>\n","protected":false},"featured_media":2010,"comment_status":"open","ping_status":"closed","template":"","meta":{"om_disable_all_campaigns":false,"_monsterinsights_skip_tracking":false,"_monsterinsights_sitenote_active":false,"_monsterinsights_sitenote_note":"","_monsterinsights_sitenote_category":0,"_uf_show_specific_survey":0,"_uf_disable_surveys":false},"product_cat":[61,67],"product_tag":[],"aioseo_notices":[],"jetpack_sharing_enabled":true,"_links":{"self":[{"href":"https:\/\/casadolivreiro.pt\/index.php\/wp-json\/wp\/v2\/product\/2009"}],"collection":[{"href":"https:\/\/casadolivreiro.pt\/index.php\/wp-json\/wp\/v2\/product"}],"about":[{"href":"https:\/\/casadolivreiro.pt\/index.php\/wp-json\/wp\/v2\/types\/product"}],"replies":[{"embeddable":true,"href":"https:\/\/casadolivreiro.pt\/index.php\/wp-json\/wp\/v2\/comments?post=2009"}],"wp:featuredmedia":[{"embeddable":true,"href":"https:\/\/casadolivreiro.pt\/index.php\/wp-json\/wp\/v2\/media\/2010"}],"wp:attachment":[{"href":"https:\/\/casadolivreiro.pt\/index.php\/wp-json\/wp\/v2\/media?parent=2009"}],"wp:term":[{"taxonomy":"product_cat","embeddable":true,"href":"https:\/\/casadolivreiro.pt\/index.php\/wp-json\/wp\/v2\/product_cat?post=2009"},{"taxonomy":"product_tag","embeddable":true,"href":"https:\/\/casadolivreiro.pt\/index.php\/wp-json\/wp\/v2\/product_tag?post=2009"}],"curies":[{"name":"wp","href":"https:\/\/api.w.org\/{rel}","templated":true}]}}