{"id":1928,"date":"2024-04-04T00:06:05","date_gmt":"2024-04-04T00:06:05","guid":{"rendered":"https:\/\/casadolivreiro.pt\/?post_type=product&#038;p=1928"},"modified":"2024-04-04T00:06:05","modified_gmt":"2024-04-04T00:06:05","slug":"correspondance-gorki-tchekov-resente-par-jean-perus","status":"publish","type":"product","link":"https:\/\/casadolivreiro.pt\/index.php\/product\/correspondance-gorki-tchekov-resente-par-jean-perus\/","title":{"rendered":"CORRESPONDANCE GORKI-TCHEKOV &#8211; r\u00e9sente par Jean P\u00e9rus"},"content":{"rendered":"<p>CORRESPONDANCE GORKI-TCHEKOV<br \/>\nPr\u00e9sente par Jean P\u00e9rus<br \/>\nAno de edi\u00e7\u00e3o: 1947<br \/>\nEditor: \u00c9ditions Bernard Grasset, Paris<br \/>\nIdioma: Franc\u00eas<br \/>\nDimens\u00f5es: 12 x 1.7 x 18.5 cm<br \/>\nEncaderna\u00e7\u00e3o: Capa mole<br \/>\nP\u00e1ginas: 184<\/p>\n","protected":false},"excerpt":{"rendered":"<p>CORRESPONDANCE GORKI-TCHEKOV Pr\u00e9sente par Jean P\u00e9rus Ano de edi\u00e7\u00e3o: 1947 Editor: \u00c9ditions Bernard Grasset, Paris Idioma: Franc\u00eas Dimens\u00f5es: 12 x 1.7 x 18.5 cm Encaderna\u00e7\u00e3o: Capa mole P\u00e1ginas: 184<\/p>\n","protected":false},"featured_media":1929,"comment_status":"open","ping_status":"closed","template":"","meta":{"om_disable_all_campaigns":false,"_monsterinsights_skip_tracking":false,"_monsterinsights_sitenote_active":false,"_monsterinsights_sitenote_note":"","_monsterinsights_sitenote_category":0,"_uf_show_specific_survey":0,"_uf_disable_surveys":false},"product_cat":[47,56,36],"product_tag":[],"aioseo_notices":[],"jetpack_sharing_enabled":true,"_links":{"self":[{"href":"https:\/\/casadolivreiro.pt\/index.php\/wp-json\/wp\/v2\/product\/1928"}],"collection":[{"href":"https:\/\/casadolivreiro.pt\/index.php\/wp-json\/wp\/v2\/product"}],"about":[{"href":"https:\/\/casadolivreiro.pt\/index.php\/wp-json\/wp\/v2\/types\/product"}],"replies":[{"embeddable":true,"href":"https:\/\/casadolivreiro.pt\/index.php\/wp-json\/wp\/v2\/comments?post=1928"}],"wp:featuredmedia":[{"embeddable":true,"href":"https:\/\/casadolivreiro.pt\/index.php\/wp-json\/wp\/v2\/media\/1929"}],"wp:attachment":[{"href":"https:\/\/casadolivreiro.pt\/index.php\/wp-json\/wp\/v2\/media?parent=1928"}],"wp:term":[{"taxonomy":"product_cat","embeddable":true,"href":"https:\/\/casadolivreiro.pt\/index.php\/wp-json\/wp\/v2\/product_cat?post=1928"},{"taxonomy":"product_tag","embeddable":true,"href":"https:\/\/casadolivreiro.pt\/index.php\/wp-json\/wp\/v2\/product_tag?post=1928"}],"curies":[{"name":"wp","href":"https:\/\/api.w.org\/{rel}","templated":true}]}}