{"id":1901,"date":"2024-04-03T23:25:04","date_gmt":"2024-04-03T23:25:04","guid":{"rendered":"https:\/\/casadolivreiro.pt\/?post_type=product&#038;p=1901"},"modified":"2024-04-03T23:25:04","modified_gmt":"2024-04-03T23:25:04","slug":"subsidios-para-a-monografia-de-segura-aldeia-raiana-das-mais-pitorescas-mario-marques-de-andrade","status":"publish","type":"product","link":"https:\/\/casadolivreiro.pt\/index.php\/product\/subsidios-para-a-monografia-de-segura-aldeia-raiana-das-mais-pitorescas-mario-marques-de-andrade\/","title":{"rendered":"SUBS\u00cdDIOS PARA A MONOGRAFIA DE SEGURA: ALDEIA RAIANA DAS MAIS PITORESCAS &#8211; M\u00e1rio Marques de Andrade"},"content":{"rendered":"<p>SUBS\u00cdDIOS PARA A MONOGRAFIA DE SEGURA: ALDEIA RAIANA DAS MAIS PITORESCAS<br \/>\nM\u00e1rio Marques de Andrade<br \/>\nPref\u00e1cio do distinto etn\u00f3grafo: Dr. Jaime Lopes Dias<br \/>\nAno de edi\u00e7\u00e3o: 1988 (2.a Edi\u00e7\u00e3o)<br \/>\nEditor: Edi\u00e7\u00e3o do Autor<br \/>\nIdioma: Portugu\u00eas<br \/>\nDimens\u00f5es: 16.5 x 3 x 22<br \/>\nEncaderna\u00e7\u00e3o: Capa mole<br \/>\nP\u00e1ginas: 405 e Ap\u00eandice 16 p\u00e1gs.<\/p>\n","protected":false},"excerpt":{"rendered":"<p>SUBS\u00cdDIOS PARA A MONOGRAFIA DE SEGURA: ALDEIA RAIANA DAS MAIS PITORESCAS M\u00e1rio Marques de Andrade Pref\u00e1cio do distinto etn\u00f3grafo: Dr. Jaime Lopes Dias Ano de edi\u00e7\u00e3o: 1988 (2.a Edi\u00e7\u00e3o) Editor: Edi\u00e7\u00e3o do Autor Idioma: Portugu\u00eas Dimens\u00f5es: 16.5 x 3 x 22 Encaderna\u00e7\u00e3o: Capa mole P\u00e1ginas: 405 e Ap\u00eandice 16 p\u00e1gs.<\/p>\n","protected":false},"featured_media":1902,"comment_status":"open","ping_status":"closed","template":"","meta":{"om_disable_all_campaigns":false,"_monsterinsights_skip_tracking":false,"_monsterinsights_sitenote_active":false,"_monsterinsights_sitenote_note":"","_monsterinsights_sitenote_category":0,"_uf_show_specific_survey":0,"_uf_disable_surveys":false},"product_cat":[31,30,36],"product_tag":[],"aioseo_notices":[],"jetpack_sharing_enabled":true,"_links":{"self":[{"href":"https:\/\/casadolivreiro.pt\/index.php\/wp-json\/wp\/v2\/product\/1901"}],"collection":[{"href":"https:\/\/casadolivreiro.pt\/index.php\/wp-json\/wp\/v2\/product"}],"about":[{"href":"https:\/\/casadolivreiro.pt\/index.php\/wp-json\/wp\/v2\/types\/product"}],"replies":[{"embeddable":true,"href":"https:\/\/casadolivreiro.pt\/index.php\/wp-json\/wp\/v2\/comments?post=1901"}],"wp:featuredmedia":[{"embeddable":true,"href":"https:\/\/casadolivreiro.pt\/index.php\/wp-json\/wp\/v2\/media\/1902"}],"wp:attachment":[{"href":"https:\/\/casadolivreiro.pt\/index.php\/wp-json\/wp\/v2\/media?parent=1901"}],"wp:term":[{"taxonomy":"product_cat","embeddable":true,"href":"https:\/\/casadolivreiro.pt\/index.php\/wp-json\/wp\/v2\/product_cat?post=1901"},{"taxonomy":"product_tag","embeddable":true,"href":"https:\/\/casadolivreiro.pt\/index.php\/wp-json\/wp\/v2\/product_tag?post=1901"}],"curies":[{"name":"wp","href":"https:\/\/api.w.org\/{rel}","templated":true}]}}