{"id":1855,"date":"2024-04-03T20:12:01","date_gmt":"2024-04-03T20:12:01","guid":{"rendered":"https:\/\/casadolivreiro.pt\/?post_type=product&#038;p=1855"},"modified":"2024-04-03T20:12:01","modified_gmt":"2024-04-03T20:12:01","slug":"anatomia-do-poder-john-kenneth-galbraith","status":"publish","type":"product","link":"https:\/\/casadolivreiro.pt\/index.php\/product\/anatomia-do-poder-john-kenneth-galbraith\/","title":{"rendered":"ANATOMIA DO PODER &#8211; John Kenneth Galbraith"},"content":{"rendered":"<p>ANATOMIA DO PODER<br \/>\nJohn Kenneth Galbraith<br \/>\nTradu\u00e7\u00e3o de Hil\u00e1rio Torloni<br \/>\nAno de edi\u00e7\u00e3o: 1986<br \/>\nEditor: DIFEL, Difus\u00e3o Editorial, Lda. \u00a0Lisboa<br \/>\nIdioma: Portugu\u00eas<br \/>\nDimens\u00f5es: 15.5 x 1.2 x 22 cm<br \/>\nEncaderna\u00e7\u00e3o: Capa mole<br \/>\nP\u00e1ginas: 212<\/p>\n","protected":false},"excerpt":{"rendered":"<p>ANATOMIA DO PODER John Kenneth Galbraith Tradu\u00e7\u00e3o de Hil\u00e1rio Torloni Ano de edi\u00e7\u00e3o: 1986 Editor: DIFEL, Difus\u00e3o Editorial, Lda. \u00a0Lisboa Idioma: Portugu\u00eas Dimens\u00f5es: 15.5 x 1.2 x 22 cm Encaderna\u00e7\u00e3o: Capa mole P\u00e1ginas: 212<\/p>\n","protected":false},"featured_media":1856,"comment_status":"open","ping_status":"closed","template":"","meta":{"om_disable_all_campaigns":false,"_monsterinsights_skip_tracking":false,"_monsterinsights_sitenote_active":false,"_monsterinsights_sitenote_note":"","_monsterinsights_sitenote_category":0,"_uf_show_specific_survey":0,"_uf_disable_surveys":false},"product_cat":[31,41,47],"product_tag":[],"aioseo_notices":[],"jetpack_sharing_enabled":true,"_links":{"self":[{"href":"https:\/\/casadolivreiro.pt\/index.php\/wp-json\/wp\/v2\/product\/1855"}],"collection":[{"href":"https:\/\/casadolivreiro.pt\/index.php\/wp-json\/wp\/v2\/product"}],"about":[{"href":"https:\/\/casadolivreiro.pt\/index.php\/wp-json\/wp\/v2\/types\/product"}],"replies":[{"embeddable":true,"href":"https:\/\/casadolivreiro.pt\/index.php\/wp-json\/wp\/v2\/comments?post=1855"}],"wp:featuredmedia":[{"embeddable":true,"href":"https:\/\/casadolivreiro.pt\/index.php\/wp-json\/wp\/v2\/media\/1856"}],"wp:attachment":[{"href":"https:\/\/casadolivreiro.pt\/index.php\/wp-json\/wp\/v2\/media?parent=1855"}],"wp:term":[{"taxonomy":"product_cat","embeddable":true,"href":"https:\/\/casadolivreiro.pt\/index.php\/wp-json\/wp\/v2\/product_cat?post=1855"},{"taxonomy":"product_tag","embeddable":true,"href":"https:\/\/casadolivreiro.pt\/index.php\/wp-json\/wp\/v2\/product_tag?post=1855"}],"curies":[{"name":"wp","href":"https:\/\/api.w.org\/{rel}","templated":true}]}}