{"id":1825,"date":"2024-04-02T19:57:22","date_gmt":"2024-04-02T19:57:22","guid":{"rendered":"https:\/\/casadolivreiro.pt\/?post_type=product&#038;p=1825"},"modified":"2024-04-02T19:57:22","modified_gmt":"2024-04-02T19:57:22","slug":"movimento-pendular-luisa-martinez","status":"publish","type":"product","link":"https:\/\/casadolivreiro.pt\/index.php\/product\/movimento-pendular-luisa-martinez\/","title":{"rendered":"MOVIMENTO PENDULAR &#8211; Lu\u00edsa Martinez"},"content":{"rendered":"<p>MOVIMENTO PENDULAR<br \/>\nLu\u00edsa Martinez<br \/>\nAno de edi\u00e7\u00e3o:\u00a0 1972 (1.a edi\u00e7\u00e3o)<br \/>\nEditor: Sociedade de Expans\u00e3o Cultural<br \/>\nIdioma: Portugu\u00eas<br \/>\nDimens\u00f5es: 13 x 2.1 x 19 cm<br \/>\nEncaderna\u00e7\u00e3o: Capa mole<br \/>\nP\u00e1ginas: 240<\/p>\n","protected":false},"excerpt":{"rendered":"<p>MOVIMENTO PENDULAR Lu\u00edsa Martinez Ano de edi\u00e7\u00e3o:\u00a0 1972 (1.a edi\u00e7\u00e3o) Editor: Sociedade de Expans\u00e3o Cultural Idioma: Portugu\u00eas Dimens\u00f5es: 13 x 2.1 x 19 cm Encaderna\u00e7\u00e3o: Capa mole P\u00e1ginas: 240<\/p>\n","protected":false},"featured_media":1826,"comment_status":"open","ping_status":"closed","template":"","meta":{"om_disable_all_campaigns":false,"_monsterinsights_skip_tracking":false,"_monsterinsights_sitenote_active":false,"_monsterinsights_sitenote_note":"","_monsterinsights_sitenote_category":0,"_uf_show_specific_survey":0,"_uf_disable_surveys":false},"product_cat":[25],"product_tag":[],"aioseo_notices":[],"jetpack_sharing_enabled":true,"_links":{"self":[{"href":"https:\/\/casadolivreiro.pt\/index.php\/wp-json\/wp\/v2\/product\/1825"}],"collection":[{"href":"https:\/\/casadolivreiro.pt\/index.php\/wp-json\/wp\/v2\/product"}],"about":[{"href":"https:\/\/casadolivreiro.pt\/index.php\/wp-json\/wp\/v2\/types\/product"}],"replies":[{"embeddable":true,"href":"https:\/\/casadolivreiro.pt\/index.php\/wp-json\/wp\/v2\/comments?post=1825"}],"wp:featuredmedia":[{"embeddable":true,"href":"https:\/\/casadolivreiro.pt\/index.php\/wp-json\/wp\/v2\/media\/1826"}],"wp:attachment":[{"href":"https:\/\/casadolivreiro.pt\/index.php\/wp-json\/wp\/v2\/media?parent=1825"}],"wp:term":[{"taxonomy":"product_cat","embeddable":true,"href":"https:\/\/casadolivreiro.pt\/index.php\/wp-json\/wp\/v2\/product_cat?post=1825"},{"taxonomy":"product_tag","embeddable":true,"href":"https:\/\/casadolivreiro.pt\/index.php\/wp-json\/wp\/v2\/product_tag?post=1825"}],"curies":[{"name":"wp","href":"https:\/\/api.w.org\/{rel}","templated":true}]}}