{"id":1816,"date":"2024-04-02T19:22:55","date_gmt":"2024-04-02T19:22:55","guid":{"rendered":"https:\/\/casadolivreiro.pt\/?post_type=product&#038;p=1816"},"modified":"2024-04-02T19:22:55","modified_gmt":"2024-04-02T19:22:55","slug":"entre-duas-labaredas-sousa-costa","status":"publish","type":"product","link":"https:\/\/casadolivreiro.pt\/index.php\/product\/entre-duas-labaredas-sousa-costa\/","title":{"rendered":"ENTRE DUAS LABAREDAS &#8211; Sousa Costa"},"content":{"rendered":"<p>ENTRE DUAS LABAREDAS<br \/>\nSousa Costa<br \/>\nAno de edi\u00e7\u00e3o:\u00a0 1947<br \/>\nEditor: Guimar\u00e3es &amp; C.\u00aa Editores. Livraria Editora. Lisboa. S.d.<br \/>\nIdioma: Portugu\u00eas<br \/>\nDimens\u00f5es: 12 x 2.7 x 19 cm<br \/>\nEncaderna\u00e7\u00e3o: Capa mole<br \/>\nP\u00e1ginas: 303<\/p>\n","protected":false},"excerpt":{"rendered":"<p>ENTRE DUAS LABAREDAS Sousa Costa Ano de edi\u00e7\u00e3o:\u00a0 1947 Editor: Guimar\u00e3es &amp; C.\u00aa Editores. Livraria Editora. Lisboa. S.d. Idioma: Portugu\u00eas Dimens\u00f5es: 12 x 2.7 x 19 cm Encaderna\u00e7\u00e3o: Capa mole P\u00e1ginas: 303<\/p>\n","protected":false},"featured_media":1817,"comment_status":"open","ping_status":"closed","template":"","meta":{"om_disable_all_campaigns":false,"_monsterinsights_skip_tracking":false,"_monsterinsights_sitenote_active":false,"_monsterinsights_sitenote_note":"","_monsterinsights_sitenote_category":0,"_uf_show_specific_survey":0,"_uf_disable_surveys":false},"product_cat":[26],"product_tag":[],"aioseo_notices":[],"jetpack_sharing_enabled":true,"_links":{"self":[{"href":"https:\/\/casadolivreiro.pt\/index.php\/wp-json\/wp\/v2\/product\/1816"}],"collection":[{"href":"https:\/\/casadolivreiro.pt\/index.php\/wp-json\/wp\/v2\/product"}],"about":[{"href":"https:\/\/casadolivreiro.pt\/index.php\/wp-json\/wp\/v2\/types\/product"}],"replies":[{"embeddable":true,"href":"https:\/\/casadolivreiro.pt\/index.php\/wp-json\/wp\/v2\/comments?post=1816"}],"wp:featuredmedia":[{"embeddable":true,"href":"https:\/\/casadolivreiro.pt\/index.php\/wp-json\/wp\/v2\/media\/1817"}],"wp:attachment":[{"href":"https:\/\/casadolivreiro.pt\/index.php\/wp-json\/wp\/v2\/media?parent=1816"}],"wp:term":[{"taxonomy":"product_cat","embeddable":true,"href":"https:\/\/casadolivreiro.pt\/index.php\/wp-json\/wp\/v2\/product_cat?post=1816"},{"taxonomy":"product_tag","embeddable":true,"href":"https:\/\/casadolivreiro.pt\/index.php\/wp-json\/wp\/v2\/product_tag?post=1816"}],"curies":[{"name":"wp","href":"https:\/\/api.w.org\/{rel}","templated":true}]}}