{"id":1787,"date":"2024-04-02T18:03:04","date_gmt":"2024-04-02T18:03:04","guid":{"rendered":"https:\/\/casadolivreiro.pt\/?post_type=product&#038;p=1787"},"modified":"2024-04-02T18:03:04","modified_gmt":"2024-04-02T18:03:04","slug":"a-india-misteriosa-raymonde-de-gans","status":"publish","type":"product","link":"https:\/\/casadolivreiro.pt\/index.php\/product\/a-india-misteriosa-raymonde-de-gans\/","title":{"rendered":"A INDIA MISTERIOSA &#8211; Raymonde de Gans"},"content":{"rendered":"<p>A INDIA MISTERIOSA<br \/>\nRaymonde de Gans<br \/>\nTradu\u00e7\u00e3o revista por L. Pereira Gil<br \/>\nAno de edi\u00e7\u00e3o:\u00a0 1974<br \/>\nEditor: Amigos do Livro, Editores, Lda., Lisboa<br \/>\nIdioma: Portugu\u00eas<br \/>\nDimens\u00f5es: 20.5 x 1.7 x 28 cm<br \/>\nEncaderna\u00e7\u00e3o: Capa dura<br \/>\nP\u00e1ginas: 54p\u00e1gs. e LVI\u00a0\u00a0 (181)<\/p>\n","protected":false},"excerpt":{"rendered":"<p>A INDIA MISTERIOSA Raymonde de Gans Tradu\u00e7\u00e3o revista por L. Pereira Gil Ano de edi\u00e7\u00e3o:\u00a0 1974 Editor: Amigos do Livro, Editores, Lda., Lisboa Idioma: Portugu\u00eas Dimens\u00f5es: 20.5 x 1.7 x 28 cm Encaderna\u00e7\u00e3o: Capa dura P\u00e1ginas: 54p\u00e1gs. e LVI\u00a0\u00a0 (181)<\/p>\n","protected":false},"featured_media":1788,"comment_status":"open","ping_status":"closed","template":"","meta":{"om_disable_all_campaigns":false,"_monsterinsights_skip_tracking":false,"_monsterinsights_sitenote_active":false,"_monsterinsights_sitenote_note":"","_monsterinsights_sitenote_category":0,"_uf_show_specific_survey":0,"_uf_disable_surveys":false},"product_cat":[24,30],"product_tag":[],"aioseo_notices":[],"jetpack_sharing_enabled":true,"_links":{"self":[{"href":"https:\/\/casadolivreiro.pt\/index.php\/wp-json\/wp\/v2\/product\/1787"}],"collection":[{"href":"https:\/\/casadolivreiro.pt\/index.php\/wp-json\/wp\/v2\/product"}],"about":[{"href":"https:\/\/casadolivreiro.pt\/index.php\/wp-json\/wp\/v2\/types\/product"}],"replies":[{"embeddable":true,"href":"https:\/\/casadolivreiro.pt\/index.php\/wp-json\/wp\/v2\/comments?post=1787"}],"wp:featuredmedia":[{"embeddable":true,"href":"https:\/\/casadolivreiro.pt\/index.php\/wp-json\/wp\/v2\/media\/1788"}],"wp:attachment":[{"href":"https:\/\/casadolivreiro.pt\/index.php\/wp-json\/wp\/v2\/media?parent=1787"}],"wp:term":[{"taxonomy":"product_cat","embeddable":true,"href":"https:\/\/casadolivreiro.pt\/index.php\/wp-json\/wp\/v2\/product_cat?post=1787"},{"taxonomy":"product_tag","embeddable":true,"href":"https:\/\/casadolivreiro.pt\/index.php\/wp-json\/wp\/v2\/product_tag?post=1787"}],"curies":[{"name":"wp","href":"https:\/\/api.w.org\/{rel}","templated":true}]}}