{"id":1692,"date":"2024-04-01T20:42:38","date_gmt":"2024-04-01T20:42:38","guid":{"rendered":"https:\/\/casadolivreiro.pt\/?post_type=product&#038;p=1692"},"modified":"2026-01-11T14:43:05","modified_gmt":"2026-01-11T14:43:05","slug":"auschwitz-3-volumes-berndt-naumann","status":"publish","type":"product","link":"https:\/\/casadolivreiro.pt\/index.php\/product\/auschwitz-3-volumes-berndt-naumann\/","title":{"rendered":"AUSCHWITZ (3 Volumes) &#8211; Berndt Naumann"},"content":{"rendered":"<p>AUSCHWITZ (3 Volumes)<br \/>\nBerndt Naumann<br \/>\nTradu\u00e7\u00e3o de Fernanda Pinto Rodriguez<br \/>\nColec\u00e7\u00e3o Os Grandes Processos da Hist\u00f3ria<br \/>\nAno de edi\u00e7\u00e3o:<br \/>\nEditor: Edi\u00e7\u00e3o Livros do Brasil, Lisboa<br \/>\nIdioma: Portugu\u00eas<br \/>\nDimens\u00f5es: 15 x 1.7\u00a0 x 21.5 cm ( Vol I), 15 x 2.5\u00a0 x 21.5 cm ( Vol II), 15 x 2\u00a0 x 21.5 cm ( Vol III)<br \/>\nEncaderna\u00e7\u00e3o: Capa mole<br \/>\nP\u00e1ginas: 245 ( I), 295 (II), 268 (III)<\/p>\n","protected":false},"excerpt":{"rendered":"<p>AUSCHWITZ (3 Volumes) Berndt Naumann Tradu\u00e7\u00e3o de Fernanda Pinto Rodriguez Colec\u00e7\u00e3o Os Grandes Processos da Hist\u00f3ria Ano de edi\u00e7\u00e3o: Editor: Edi\u00e7\u00e3o Livros do Brasil, Lisboa Idioma: Portugu\u00eas Dimens\u00f5es: 15 x 1.7\u00a0 x 21.5 cm ( Vol I), 15 x 2.5\u00a0 x 21.5 cm ( Vol II), 15 x 2\u00a0 x 21.5 cm ( Vol III) [&hellip;]<\/p>\n","protected":false},"featured_media":1693,"comment_status":"open","ping_status":"closed","template":"","meta":{"om_disable_all_campaigns":false,"_monsterinsights_skip_tracking":false,"_monsterinsights_sitenote_active":false,"_monsterinsights_sitenote_note":"","_monsterinsights_sitenote_category":0,"_uf_show_specific_survey":0,"_uf_disable_surveys":false},"product_cat":[42,30],"product_tag":[],"aioseo_notices":[],"jetpack_sharing_enabled":true,"_links":{"self":[{"href":"https:\/\/casadolivreiro.pt\/index.php\/wp-json\/wp\/v2\/product\/1692"}],"collection":[{"href":"https:\/\/casadolivreiro.pt\/index.php\/wp-json\/wp\/v2\/product"}],"about":[{"href":"https:\/\/casadolivreiro.pt\/index.php\/wp-json\/wp\/v2\/types\/product"}],"replies":[{"embeddable":true,"href":"https:\/\/casadolivreiro.pt\/index.php\/wp-json\/wp\/v2\/comments?post=1692"}],"wp:featuredmedia":[{"embeddable":true,"href":"https:\/\/casadolivreiro.pt\/index.php\/wp-json\/wp\/v2\/media\/1693"}],"wp:attachment":[{"href":"https:\/\/casadolivreiro.pt\/index.php\/wp-json\/wp\/v2\/media?parent=1692"}],"wp:term":[{"taxonomy":"product_cat","embeddable":true,"href":"https:\/\/casadolivreiro.pt\/index.php\/wp-json\/wp\/v2\/product_cat?post=1692"},{"taxonomy":"product_tag","embeddable":true,"href":"https:\/\/casadolivreiro.pt\/index.php\/wp-json\/wp\/v2\/product_tag?post=1692"}],"curies":[{"name":"wp","href":"https:\/\/api.w.org\/{rel}","templated":true}]}}