{"id":1675,"date":"2024-04-01T11:21:23","date_gmt":"2024-04-01T11:21:23","guid":{"rendered":"https:\/\/casadolivreiro.pt\/?post_type=product&#038;p=1675"},"modified":"2024-04-01T11:21:23","modified_gmt":"2024-04-01T11:21:23","slug":"trilogia-do-templo-volume-iii-esquin-de-floyrac-o-fim-do-templo-z-rodrix","status":"publish","type":"product","link":"https:\/\/casadolivreiro.pt\/index.php\/product\/trilogia-do-templo-volume-iii-esquin-de-floyrac-o-fim-do-templo-z-rodrix\/","title":{"rendered":"TRILOGIA DO TEMPLO, Volume III ESQUIN DE FLOYRAC: O FIM DO TEMPLO &#8211; Z. Rodrix"},"content":{"rendered":"<p>TRILOGIA DO TEMPLO, Volume III, ESQUIN DE FLOYRAC: O FIM DO TEMPLO<br \/>\nZ. Rodrix<br \/>\nISBN: 978-85-01-07995-4<br \/>\nAno de edi\u00e7\u00e3o:\u00a0 2019<br \/>\nEditor: Editora Record, Rio de Janeiro<br \/>\nIdioma: Portugu\u00eas<br \/>\nDimens\u00f5es: 15.8 x 3.4 x 22.5 cm<br \/>\nEncaderna\u00e7\u00e3o: Capa mole<br \/>\nP\u00e1ginas: 651<\/p>\n<p>Depois do sucesso de Johaben: Di\u00e1rio De Um Construtor Do Templo e Zorobabel: Reconstruindo o Templo, primeiro e segundo volumes da Trilogia do Templo, ele retorna para continuar as aventuras da s\u00e9rie sobre o Templo de Yahweh em Jerusal\u00e9m, cuja constru\u00e7\u00e3o se tornou o s\u00edmbolo essencial de todo o esoterismo ocidental. Terceiro e \u00faltimo volume da saga, Esquin de Floyrac: O Fim Do Templo mant\u00e9m a linguagem simb\u00f3lica dos seus predecessores e fecha a s\u00e9rie com um assunto pol\u00eamico: a liga\u00e7\u00e3o entre os templ\u00e1rios e a ma\u00e7onaria. A partir de um dos momentos mais terr\u00edveis da hist\u00f3ria da Humanidade \u2014 a destrui\u00e7\u00e3o da ordem do Templo pelo Reinado de Fran\u00e7a e pela Igreja de Roma \u2014 Z. Rodrix apresenta o principal personagem desse volume. O violento conflito s\u00f3 se torna poss\u00edvel por haver um traidor na Ordem. Esquin de Floyrac, que se aliou ao maquiav\u00e9lico e arruinado rei da Fran\u00e7a, Felipe IV, \u201co Belo\u201d, empenhado numa campanha para destruir os Templ\u00e1rios e, assim, se apoderar de suas riquezas. \u00c9 deste homem a narrativa deste livro. Aqui, ele nos conta como se tornou sapateiro, pedreiro, Cavaleiro do Templo, espi\u00e3o, mendigo e finalmente traidor de seus Irm\u00e3os, revelando-nos os verdadeiros motivos por tr\u00e1s de seus atos. Ambientado entre os s\u00e9culos XIII e XIV, este romance fala sobre a forte rela\u00e7\u00e3o entre os Templ\u00e1rios e a Ma\u00e7onaria, al\u00e9m de revelar a verdade hist\u00f3rica sobre os Templ\u00e1rios, desmentindo, assim, grande parte da recente e abundante literatura dedicada ao tema. A Trilogia do Templo constitui, ainda, um marco na nossa literatura, uma obra \u00fanica no Brasil que pode, sem exagero, ser comparada aos grandes romances \u00e9picos da literatura universal.<\/p>\n","protected":false},"excerpt":{"rendered":"<p>TRILOGIA DO TEMPLO, Volume III, ESQUIN DE FLOYRAC: O FIM DO TEMPLO Z. Rodrix ISBN: 978-85-01-07995-4 Ano de edi\u00e7\u00e3o:\u00a0 2019 Editor: Editora Record, Rio de Janeiro Idioma: Portugu\u00eas Dimens\u00f5es: 15.8 x 3.4 x 22.5 cm Encaderna\u00e7\u00e3o: Capa mole P\u00e1ginas: 651 Depois do sucesso de Johaben: Di\u00e1rio De Um Construtor Do Templo e Zorobabel: Reconstruindo o [&hellip;]<\/p>\n","protected":false},"featured_media":1676,"comment_status":"open","ping_status":"closed","template":"","meta":{"om_disable_all_campaigns":false,"_monsterinsights_skip_tracking":false,"_monsterinsights_sitenote_active":false,"_monsterinsights_sitenote_note":"","_monsterinsights_sitenote_category":0,"_uf_show_specific_survey":0,"_uf_disable_surveys":false},"product_cat":[33,25,38],"product_tag":[],"aioseo_notices":[],"jetpack_sharing_enabled":true,"_links":{"self":[{"href":"https:\/\/casadolivreiro.pt\/index.php\/wp-json\/wp\/v2\/product\/1675"}],"collection":[{"href":"https:\/\/casadolivreiro.pt\/index.php\/wp-json\/wp\/v2\/product"}],"about":[{"href":"https:\/\/casadolivreiro.pt\/index.php\/wp-json\/wp\/v2\/types\/product"}],"replies":[{"embeddable":true,"href":"https:\/\/casadolivreiro.pt\/index.php\/wp-json\/wp\/v2\/comments?post=1675"}],"wp:featuredmedia":[{"embeddable":true,"href":"https:\/\/casadolivreiro.pt\/index.php\/wp-json\/wp\/v2\/media\/1676"}],"wp:attachment":[{"href":"https:\/\/casadolivreiro.pt\/index.php\/wp-json\/wp\/v2\/media?parent=1675"}],"wp:term":[{"taxonomy":"product_cat","embeddable":true,"href":"https:\/\/casadolivreiro.pt\/index.php\/wp-json\/wp\/v2\/product_cat?post=1675"},{"taxonomy":"product_tag","embeddable":true,"href":"https:\/\/casadolivreiro.pt\/index.php\/wp-json\/wp\/v2\/product_tag?post=1675"}],"curies":[{"name":"wp","href":"https:\/\/api.w.org\/{rel}","templated":true}]}}