{"id":1648,"date":"2024-03-31T23:55:53","date_gmt":"2024-03-31T23:55:53","guid":{"rendered":"https:\/\/casadolivreiro.pt\/?post_type=product&#038;p=1648"},"modified":"2024-03-31T23:56:07","modified_gmt":"2024-03-31T23:56:07","slug":"o-pesador-de-almas-romance-scientifico-andre-maurois-traducao-e-prefacio-de-henrique-costa","status":"publish","type":"product","link":"https:\/\/casadolivreiro.pt\/index.php\/product\/o-pesador-de-almas-romance-scientifico-andre-maurois-traducao-e-prefacio-de-henrique-costa\/","title":{"rendered":"O PESADOR DE ALMAS: Romance scientifico  &#8211; Andr\u00e9 Maurois,  Tradu\u00e7\u00e3o e pref\u00e1cio de Henrique Costa"},"content":{"rendered":"<p>O PESADOR DE ALMAS: Romance scientifico<br \/>\nAndr\u00e9 Maurois<br \/>\nTradu\u00e7\u00e3o e pref\u00e1cio de Henrique Costa<br \/>\nAno de edi\u00e7\u00e3o:\u00a0 1933<br \/>\nEditor: casa editora Nunes de Carvalho, Lisboa<br \/>\nIdioma: Portugu\u00eas<br \/>\nDimens\u00f5es: 12 x 0.8\u00a0 x 19 cm<br \/>\nEncaderna\u00e7\u00e3o: Capa mole<br \/>\nP\u00e1ginas: 156<\/p>\n","protected":false},"excerpt":{"rendered":"<p>O PESADOR DE ALMAS: Romance scientifico Andr\u00e9 Maurois Tradu\u00e7\u00e3o e pref\u00e1cio de Henrique Costa Ano de edi\u00e7\u00e3o:\u00a0 1933 Editor: casa editora Nunes de Carvalho, Lisboa Idioma: Portugu\u00eas Dimens\u00f5es: 12 x 0.8\u00a0 x 19 cm Encaderna\u00e7\u00e3o: Capa mole P\u00e1ginas: 156<\/p>\n","protected":false},"featured_media":1649,"comment_status":"open","ping_status":"closed","template":"","meta":{"om_disable_all_campaigns":false,"_monsterinsights_skip_tracking":false,"_monsterinsights_sitenote_active":false,"_monsterinsights_sitenote_note":"","_monsterinsights_sitenote_category":0,"_uf_show_specific_survey":0,"_uf_disable_surveys":false},"product_cat":[26,59],"product_tag":[],"aioseo_notices":[],"jetpack_sharing_enabled":true,"_links":{"self":[{"href":"https:\/\/casadolivreiro.pt\/index.php\/wp-json\/wp\/v2\/product\/1648"}],"collection":[{"href":"https:\/\/casadolivreiro.pt\/index.php\/wp-json\/wp\/v2\/product"}],"about":[{"href":"https:\/\/casadolivreiro.pt\/index.php\/wp-json\/wp\/v2\/types\/product"}],"replies":[{"embeddable":true,"href":"https:\/\/casadolivreiro.pt\/index.php\/wp-json\/wp\/v2\/comments?post=1648"}],"wp:featuredmedia":[{"embeddable":true,"href":"https:\/\/casadolivreiro.pt\/index.php\/wp-json\/wp\/v2\/media\/1649"}],"wp:attachment":[{"href":"https:\/\/casadolivreiro.pt\/index.php\/wp-json\/wp\/v2\/media?parent=1648"}],"wp:term":[{"taxonomy":"product_cat","embeddable":true,"href":"https:\/\/casadolivreiro.pt\/index.php\/wp-json\/wp\/v2\/product_cat?post=1648"},{"taxonomy":"product_tag","embeddable":true,"href":"https:\/\/casadolivreiro.pt\/index.php\/wp-json\/wp\/v2\/product_tag?post=1648"}],"curies":[{"name":"wp","href":"https:\/\/api.w.org\/{rel}","templated":true}]}}