{"id":164,"date":"2024-03-02T22:34:52","date_gmt":"2024-03-02T22:34:52","guid":{"rendered":"https:\/\/casadolivreiro.pt\/?post_type=product&#038;p=164"},"modified":"2024-03-02T22:34:52","modified_gmt":"2024-03-02T22:34:52","slug":"communisme-et-franc-maconneria-guy-vinatrel","status":"publish","type":"product","link":"https:\/\/casadolivreiro.pt\/index.php\/product\/communisme-et-franc-maconneria-guy-vinatrel\/","title":{"rendered":"COMMUNISME ET FRANC-MA\u00c7ONNERIA Guy Vinatrel"},"content":{"rendered":"<p>COMMUNISME ET FRANC-MA\u00c7ONNERIA Guy Vinatrel<br \/>\nEditor: Les Presses Continentales, Paris.<br \/>\nData de Lan\u00e7amento: 1961<br \/>\nIdioma:\u00a0 franc\u00eas<br \/>\nDimens\u00f5es:\u00a0 14.2cm x 2cm x 19cm<br \/>\nEncaderna\u00e7\u00e3o: Capa mole<br \/>\nP\u00e1ginas: 182<\/p>\n","protected":false},"excerpt":{"rendered":"<p>COMMUNISME ET FRANC-MA\u00c7ONNERIA Guy Vinatrel Editor: Les Presses Continentales, Paris. Data de Lan\u00e7amento: 1961 Idioma:\u00a0 franc\u00eas Dimens\u00f5es:\u00a0 14.2cm x 2cm x 19cm Encaderna\u00e7\u00e3o: Capa mole P\u00e1ginas: 182<\/p>\n","protected":false},"featured_media":165,"comment_status":"open","ping_status":"closed","template":"","meta":{"om_disable_all_campaigns":false,"_monsterinsights_skip_tracking":false,"_monsterinsights_sitenote_active":false,"_monsterinsights_sitenote_note":"","_monsterinsights_sitenote_category":0,"_uf_show_specific_survey":0,"_uf_disable_surveys":false},"product_cat":[29,30,64,56,62,51],"product_tag":[],"aioseo_notices":[],"jetpack_sharing_enabled":true,"_links":{"self":[{"href":"https:\/\/casadolivreiro.pt\/index.php\/wp-json\/wp\/v2\/product\/164"}],"collection":[{"href":"https:\/\/casadolivreiro.pt\/index.php\/wp-json\/wp\/v2\/product"}],"about":[{"href":"https:\/\/casadolivreiro.pt\/index.php\/wp-json\/wp\/v2\/types\/product"}],"replies":[{"embeddable":true,"href":"https:\/\/casadolivreiro.pt\/index.php\/wp-json\/wp\/v2\/comments?post=164"}],"wp:featuredmedia":[{"embeddable":true,"href":"https:\/\/casadolivreiro.pt\/index.php\/wp-json\/wp\/v2\/media\/165"}],"wp:attachment":[{"href":"https:\/\/casadolivreiro.pt\/index.php\/wp-json\/wp\/v2\/media?parent=164"}],"wp:term":[{"taxonomy":"product_cat","embeddable":true,"href":"https:\/\/casadolivreiro.pt\/index.php\/wp-json\/wp\/v2\/product_cat?post=164"},{"taxonomy":"product_tag","embeddable":true,"href":"https:\/\/casadolivreiro.pt\/index.php\/wp-json\/wp\/v2\/product_tag?post=164"}],"curies":[{"name":"wp","href":"https:\/\/api.w.org\/{rel}","templated":true}]}}