{"id":1633,"date":"2024-03-31T23:28:37","date_gmt":"2024-03-31T23:28:37","guid":{"rendered":"https:\/\/casadolivreiro.pt\/?post_type=product&#038;p=1633"},"modified":"2024-03-31T23:28:37","modified_gmt":"2024-03-31T23:28:37","slug":"paoxao-e-ressurreicao-do-homem-fidelino-de-figueiredo","status":"publish","type":"product","link":"https:\/\/casadolivreiro.pt\/index.php\/product\/paoxao-e-ressurreicao-do-homem-fidelino-de-figueiredo\/","title":{"rendered":"PAOX\u00c3O E RESSURREI\u00c7\u00c3O DO HOMEM Fidelino de Figueiredo"},"content":{"rendered":"<p>PAOX\u00c3O E RESSURREI\u00c7\u00c3O DO HOMEM<br \/>\nFidelino de Figueiredo<br \/>\nColec\u00e7\u00e3o PROBLEMAS No.16<br \/>\nAno de edi\u00e7\u00e3o:\u00a0 1967<br \/>\nEditor: Portugalia Editora, Porto<br \/>\nIdioma: Portugu\u00eas<br \/>\nDimens\u00f5es: 14 x 1.7\u00a0 x 19 cm<br \/>\nEncaderna\u00e7\u00e3o: Capa mole<br \/>\nP\u00e1ginas: 174<\/p>\n","protected":false},"excerpt":{"rendered":"<p>PAOX\u00c3O E RESSURREI\u00c7\u00c3O DO HOMEM Fidelino de Figueiredo Colec\u00e7\u00e3o PROBLEMAS No.16 Ano de edi\u00e7\u00e3o:\u00a0 1967 Editor: Portugalia Editora, Porto Idioma: Portugu\u00eas Dimens\u00f5es: 14 x 1.7\u00a0 x 19 cm Encaderna\u00e7\u00e3o: Capa mole P\u00e1ginas: 174<\/p>\n","protected":false},"featured_media":1634,"comment_status":"open","ping_status":"closed","template":"","meta":{"om_disable_all_campaigns":false,"_monsterinsights_skip_tracking":false,"_monsterinsights_sitenote_active":false,"_monsterinsights_sitenote_note":"","_monsterinsights_sitenote_category":0,"_uf_show_specific_survey":0,"_uf_disable_surveys":false},"product_cat":[33,29,59,63],"product_tag":[],"aioseo_notices":[],"jetpack_sharing_enabled":true,"_links":{"self":[{"href":"https:\/\/casadolivreiro.pt\/index.php\/wp-json\/wp\/v2\/product\/1633"}],"collection":[{"href":"https:\/\/casadolivreiro.pt\/index.php\/wp-json\/wp\/v2\/product"}],"about":[{"href":"https:\/\/casadolivreiro.pt\/index.php\/wp-json\/wp\/v2\/types\/product"}],"replies":[{"embeddable":true,"href":"https:\/\/casadolivreiro.pt\/index.php\/wp-json\/wp\/v2\/comments?post=1633"}],"wp:featuredmedia":[{"embeddable":true,"href":"https:\/\/casadolivreiro.pt\/index.php\/wp-json\/wp\/v2\/media\/1634"}],"wp:attachment":[{"href":"https:\/\/casadolivreiro.pt\/index.php\/wp-json\/wp\/v2\/media?parent=1633"}],"wp:term":[{"taxonomy":"product_cat","embeddable":true,"href":"https:\/\/casadolivreiro.pt\/index.php\/wp-json\/wp\/v2\/product_cat?post=1633"},{"taxonomy":"product_tag","embeddable":true,"href":"https:\/\/casadolivreiro.pt\/index.php\/wp-json\/wp\/v2\/product_tag?post=1633"}],"curies":[{"name":"wp","href":"https:\/\/api.w.org\/{rel}","templated":true}]}}