{"id":1623,"date":"2024-03-31T23:09:03","date_gmt":"2024-03-31T23:09:03","guid":{"rendered":"https:\/\/casadolivreiro.pt\/?post_type=product&#038;p=1623"},"modified":"2024-03-31T23:09:04","modified_gmt":"2024-03-31T23:09:04","slug":"do-acto-ao-pensamento-henri-wallon-traducao-e-prefacio-de-j-seabra-dinis","status":"publish","type":"product","link":"https:\/\/casadolivreiro.pt\/index.php\/product\/do-acto-ao-pensamento-henri-wallon-traducao-e-prefacio-de-j-seabra-dinis\/","title":{"rendered":"DO ACTO AO PENSAMENTO &#8211; Henri Wallon, Tradu\u00e7\u00e3o e Pref\u00e1cio de J. Seabra-Dinis"},"content":{"rendered":"<p>DO ACTO AO PENSAMENTO<br \/>\nHenri Wallon<br \/>\nTradu\u00e7\u00e3o e Pref\u00e1cio de J. Seabra-Dinis<br \/>\nColec\u00e7\u00e3o PROBLEMAS No.10<br \/>\nAno de edi\u00e7\u00e3o:\u00a0 1966<br \/>\nEditor: Portugalia Editora, Porto<br \/>\nIdioma: Portugu\u00eas<br \/>\nDimens\u00f5es: 14 x 2.4\u00a0 x 19 cm<br \/>\nEncaderna\u00e7\u00e3o: Capa mole<br \/>\nP\u00e1ginas: 310<\/p>\n","protected":false},"excerpt":{"rendered":"<p>DO ACTO AO PENSAMENTO Henri Wallon Tradu\u00e7\u00e3o e Pref\u00e1cio de J. Seabra-Dinis Colec\u00e7\u00e3o PROBLEMAS No.10 Ano de edi\u00e7\u00e3o:\u00a0 1966 Editor: Portugalia Editora, Porto Idioma: Portugu\u00eas Dimens\u00f5es: 14 x 2.4\u00a0 x 19 cm Encaderna\u00e7\u00e3o: Capa mole P\u00e1ginas: 310<\/p>\n","protected":false},"featured_media":1624,"comment_status":"open","ping_status":"closed","template":"","meta":{"om_disable_all_campaigns":false,"_monsterinsights_skip_tracking":false,"_monsterinsights_sitenote_active":false,"_monsterinsights_sitenote_note":"","_monsterinsights_sitenote_category":0,"_uf_show_specific_survey":0,"_uf_disable_surveys":false},"product_cat":[47,29,59],"product_tag":[],"aioseo_notices":[],"jetpack_sharing_enabled":true,"_links":{"self":[{"href":"https:\/\/casadolivreiro.pt\/index.php\/wp-json\/wp\/v2\/product\/1623"}],"collection":[{"href":"https:\/\/casadolivreiro.pt\/index.php\/wp-json\/wp\/v2\/product"}],"about":[{"href":"https:\/\/casadolivreiro.pt\/index.php\/wp-json\/wp\/v2\/types\/product"}],"replies":[{"embeddable":true,"href":"https:\/\/casadolivreiro.pt\/index.php\/wp-json\/wp\/v2\/comments?post=1623"}],"wp:featuredmedia":[{"embeddable":true,"href":"https:\/\/casadolivreiro.pt\/index.php\/wp-json\/wp\/v2\/media\/1624"}],"wp:attachment":[{"href":"https:\/\/casadolivreiro.pt\/index.php\/wp-json\/wp\/v2\/media?parent=1623"}],"wp:term":[{"taxonomy":"product_cat","embeddable":true,"href":"https:\/\/casadolivreiro.pt\/index.php\/wp-json\/wp\/v2\/product_cat?post=1623"},{"taxonomy":"product_tag","embeddable":true,"href":"https:\/\/casadolivreiro.pt\/index.php\/wp-json\/wp\/v2\/product_tag?post=1623"}],"curies":[{"name":"wp","href":"https:\/\/api.w.org\/{rel}","templated":true}]}}

DO ACTO AO PENSAMENTO &#8211; Henri Wallon, Tradução e Prefácio de J. Seabra-Dinis

<p>DO ACTO AO PENSAMENTO<br />
Henri Wallon<br />
Tradução e Prefácio de J. Seabra-Dinis<br />
Colecção PROBLEMAS No.10<br />
Ano de edição:  1966<br />
Editor: Portugalia Editora, Porto<br />
Idioma: Português<br />
Dimensões: 14 x 2.4  x 19 cm<br />
Encadernação: Capa mole<br />
Páginas: 310</p>

<p>DO ACTO AO PENSAMENTO Henri Wallon Tradução e Prefácio de J. Seabra-Dinis Colecção PROBLEMAS No.10 Ano de edição:  1966 Editor: Portugalia Editora, Porto Idioma: Português Dimensões: 14 x 2.4  x 19 cm Encadernação: Capa mole Páginas: 310</p>
