{"id":1618,"date":"2024-03-31T23:01:55","date_gmt":"2024-03-31T23:01:55","guid":{"rendered":"https:\/\/casadolivreiro.pt\/?post_type=product&#038;p=1618"},"modified":"2024-03-31T23:01:55","modified_gmt":"2024-03-31T23:01:55","slug":"licoes-de-direito-corporativo-apontamentos-das-licoes-proferidas-pelo-sr-prof-doutor-pedro-martinez-no-ano-de-1957-58-coligidos-pelo-aluno-manuel-eurico-coelho","status":"publish","type":"product","link":"https:\/\/casadolivreiro.pt\/index.php\/product\/licoes-de-direito-corporativo-apontamentos-das-licoes-proferidas-pelo-sr-prof-doutor-pedro-martinez-no-ano-de-1957-58-coligidos-pelo-aluno-manuel-eurico-coelho\/","title":{"rendered":"LI\u00c7\u00d5ES DE DIREITO CORPORATIVO Apontamentos das li\u00e7\u00f5es proferidas pelo Sr. Prof. Doutor Pedro Martinez no ano de  1957-58, coligidos pelo aluno Manuel Eurico Coelho"},"content":{"rendered":"<p>LI\u00c7\u00d5ES DE DIREITO CORPORATIVO<br \/>\nApontamentos das li\u00e7\u00f5es proferidas pelo Sr. Prof. Doutor Pedro Martinez no ano de\u00a0 1957-58, coligidos pelo aluno Manuel Eurico Coelho<br \/>\nAno de edi\u00e7\u00e3o:\u00a0 1958<br \/>\nEditor: Associa\u00e7\u00e3o Acad\u00e9mica da Faculdade de Direito de Lisboa<br \/>\nIdioma: Portugu\u00eas<br \/>\nDimens\u00f5es: 16.5 x 2\u00a0 x 22.5 cm<br \/>\nEncaderna\u00e7\u00e3o: Capa dura<br \/>\nP\u00e1ginas: 146 p\u00e1gs. dactilopolicopiado. Brochado. Exemplar com sublinhados e notas a l\u00e1pis.<\/p>\n","protected":false},"excerpt":{"rendered":"<p>LI\u00c7\u00d5ES DE DIREITO CORPORATIVO Apontamentos das li\u00e7\u00f5es proferidas pelo Sr. Prof. Doutor Pedro Martinez no ano de\u00a0 1957-58, coligidos pelo aluno Manuel Eurico Coelho Ano de edi\u00e7\u00e3o:\u00a0 1958 Editor: Associa\u00e7\u00e3o Acad\u00e9mica da Faculdade de Direito de Lisboa Idioma: Portugu\u00eas Dimens\u00f5es: 16.5 x 2\u00a0 x 22.5 cm Encaderna\u00e7\u00e3o: Capa dura P\u00e1ginas: 146 p\u00e1gs. dactilopolicopiado. Brochado. Exemplar [&hellip;]<\/p>\n","protected":false},"featured_media":1619,"comment_status":"open","ping_status":"closed","template":"","meta":{"om_disable_all_campaigns":false,"_monsterinsights_skip_tracking":false,"_monsterinsights_sitenote_active":false,"_monsterinsights_sitenote_note":"","_monsterinsights_sitenote_category":0,"_uf_show_specific_survey":0,"_uf_disable_surveys":false},"product_cat":[42,59],"product_tag":[],"aioseo_notices":[],"jetpack_sharing_enabled":true,"_links":{"self":[{"href":"https:\/\/casadolivreiro.pt\/index.php\/wp-json\/wp\/v2\/product\/1618"}],"collection":[{"href":"https:\/\/casadolivreiro.pt\/index.php\/wp-json\/wp\/v2\/product"}],"about":[{"href":"https:\/\/casadolivreiro.pt\/index.php\/wp-json\/wp\/v2\/types\/product"}],"replies":[{"embeddable":true,"href":"https:\/\/casadolivreiro.pt\/index.php\/wp-json\/wp\/v2\/comments?post=1618"}],"wp:featuredmedia":[{"embeddable":true,"href":"https:\/\/casadolivreiro.pt\/index.php\/wp-json\/wp\/v2\/media\/1619"}],"wp:attachment":[{"href":"https:\/\/casadolivreiro.pt\/index.php\/wp-json\/wp\/v2\/media?parent=1618"}],"wp:term":[{"taxonomy":"product_cat","embeddable":true,"href":"https:\/\/casadolivreiro.pt\/index.php\/wp-json\/wp\/v2\/product_cat?post=1618"},{"taxonomy":"product_tag","embeddable":true,"href":"https:\/\/casadolivreiro.pt\/index.php\/wp-json\/wp\/v2\/product_tag?post=1618"}],"curies":[{"name":"wp","href":"https:\/\/api.w.org\/{rel}","templated":true}]}}