{"id":1600,"date":"2024-03-31T18:54:59","date_gmt":"2024-03-31T18:54:59","guid":{"rendered":"https:\/\/casadolivreiro.pt\/?post_type=product&#038;p=1600"},"modified":"2024-03-31T18:54:59","modified_gmt":"2024-03-31T18:54:59","slug":"a-loja-de-antiguidades-charles-dickens","status":"publish","type":"product","link":"https:\/\/casadolivreiro.pt\/index.php\/product\/a-loja-de-antiguidades-charles-dickens\/","title":{"rendered":"A LOJA DE ANTIGUIDADES &#8211; Charles Dickens"},"content":{"rendered":"<p>A LOJA DE ANTIGUIDADES<br \/>\nCharles Dickens<br \/>\nTradu\u00e7\u00e3o de Ers\u00edlio Cardoso<br \/>\nAno de edi\u00e7\u00e3o:\u00a0 1947<br \/>\nEditor: Portug\u00e1lia Editora, lisboa<br \/>\nIdioma: Portugu\u00eas<br \/>\nDimens\u00f5es: 15 x 4\u00a0 x 22 cm<br \/>\nEncaderna\u00e7\u00e3o: Capa dura<br \/>\nP\u00e1ginas: 550<\/p>\n","protected":false},"excerpt":{"rendered":"<p>A LOJA DE ANTIGUIDADES Charles Dickens Tradu\u00e7\u00e3o de Ers\u00edlio Cardoso Ano de edi\u00e7\u00e3o:\u00a0 1947 Editor: Portug\u00e1lia Editora, lisboa Idioma: Portugu\u00eas Dimens\u00f5es: 15 x 4\u00a0 x 22 cm Encaderna\u00e7\u00e3o: Capa dura P\u00e1ginas: 550<\/p>\n","protected":false},"featured_media":1601,"comment_status":"open","ping_status":"closed","template":"","meta":{"om_disable_all_campaigns":false,"_monsterinsights_skip_tracking":false,"_monsterinsights_sitenote_active":false,"_monsterinsights_sitenote_note":"","_monsterinsights_sitenote_category":0,"_uf_show_specific_survey":0,"_uf_disable_surveys":false},"product_cat":[26,59],"product_tag":[],"aioseo_notices":[],"jetpack_sharing_enabled":true,"_links":{"self":[{"href":"https:\/\/casadolivreiro.pt\/index.php\/wp-json\/wp\/v2\/product\/1600"}],"collection":[{"href":"https:\/\/casadolivreiro.pt\/index.php\/wp-json\/wp\/v2\/product"}],"about":[{"href":"https:\/\/casadolivreiro.pt\/index.php\/wp-json\/wp\/v2\/types\/product"}],"replies":[{"embeddable":true,"href":"https:\/\/casadolivreiro.pt\/index.php\/wp-json\/wp\/v2\/comments?post=1600"}],"wp:featuredmedia":[{"embeddable":true,"href":"https:\/\/casadolivreiro.pt\/index.php\/wp-json\/wp\/v2\/media\/1601"}],"wp:attachment":[{"href":"https:\/\/casadolivreiro.pt\/index.php\/wp-json\/wp\/v2\/media?parent=1600"}],"wp:term":[{"taxonomy":"product_cat","embeddable":true,"href":"https:\/\/casadolivreiro.pt\/index.php\/wp-json\/wp\/v2\/product_cat?post=1600"},{"taxonomy":"product_tag","embeddable":true,"href":"https:\/\/casadolivreiro.pt\/index.php\/wp-json\/wp\/v2\/product_tag?post=1600"}],"curies":[{"name":"wp","href":"https:\/\/api.w.org\/{rel}","templated":true}]}}