{"id":1573,"date":"2024-03-31T18:09:17","date_gmt":"2024-03-31T18:09:17","guid":{"rendered":"https:\/\/casadolivreiro.pt\/?post_type=product&#038;p=1573"},"modified":"2024-03-31T18:09:53","modified_gmt":"2024-03-31T18:09:53","slug":"ao-servico-do-imperio-iv-em-prol-do-comum-joao-de-almeida","status":"publish","type":"product","link":"https:\/\/casadolivreiro.pt\/index.php\/product\/ao-servico-do-imperio-iv-em-prol-do-comum-joao-de-almeida\/","title":{"rendered":"AO SERVI\u00c7O DO IMP\u00caRIO IV: EM PROL DO COMUM\u2026 &#8211; Jo\u00e1o de Almeida"},"content":{"rendered":"<p>AO SERVI\u00c7O DO IMP\u00caRIO IV: EM PROL DO COMUM\u2026<br \/>\nJo\u00e1o de Almeida<br \/>\nAno de edi\u00e7\u00e3o: 1931<br \/>\nEditor: Depositaria Parceria A. Maria Pereira, Lisboa<br \/>\nIdioma: Portugu\u00eas<br \/>\nDimens\u00f5es: 12 x 1.4\u00a0 x 16.5 cm<br \/>\nEncaderna\u00e7\u00e3o: Capa dura<br \/>\nP\u00e1ginas: 204<\/p>\n<p>&#8220;\u00c9 este livro o quarto da serie Ao Servi\u00e7o do Imp\u00e9rio em que procuro definir os objectivos fundamentais da nacionalidade, vistos do alto &#8211; do alto duma grandeza que \u00e9 a \u00fanica que conv\u00e9m e a \u00fanica que \u00e9 digna de Portugal, no seu Passado hist\u00f3rico e no Futuro que esse Passado determina.&#8221;<\/p>\n","protected":false},"excerpt":{"rendered":"<p>AO SERVI\u00c7O DO IMP\u00caRIO IV: EM PROL DO COMUM\u2026 Jo\u00e1o de Almeida Ano de edi\u00e7\u00e3o: 1931 Editor: Depositaria Parceria A. Maria Pereira, Lisboa Idioma: Portugu\u00eas Dimens\u00f5es: 12 x 1.4\u00a0 x 16.5 cm Encaderna\u00e7\u00e3o: Capa dura P\u00e1ginas: 204 &#8220;\u00c9 este livro o quarto da serie Ao Servi\u00e7o do Imp\u00e9rio em que procuro definir os objectivos fundamentais [&hellip;]<\/p>\n","protected":false},"featured_media":1574,"comment_status":"open","ping_status":"closed","template":"","meta":{"om_disable_all_campaigns":false,"_monsterinsights_skip_tracking":false,"_monsterinsights_sitenote_active":false,"_monsterinsights_sitenote_note":"","_monsterinsights_sitenote_category":0,"_uf_show_specific_survey":0,"_uf_disable_surveys":false},"product_cat":[30,36],"product_tag":[],"aioseo_notices":[],"jetpack_sharing_enabled":true,"_links":{"self":[{"href":"https:\/\/casadolivreiro.pt\/index.php\/wp-json\/wp\/v2\/product\/1573"}],"collection":[{"href":"https:\/\/casadolivreiro.pt\/index.php\/wp-json\/wp\/v2\/product"}],"about":[{"href":"https:\/\/casadolivreiro.pt\/index.php\/wp-json\/wp\/v2\/types\/product"}],"replies":[{"embeddable":true,"href":"https:\/\/casadolivreiro.pt\/index.php\/wp-json\/wp\/v2\/comments?post=1573"}],"wp:featuredmedia":[{"embeddable":true,"href":"https:\/\/casadolivreiro.pt\/index.php\/wp-json\/wp\/v2\/media\/1574"}],"wp:attachment":[{"href":"https:\/\/casadolivreiro.pt\/index.php\/wp-json\/wp\/v2\/media?parent=1573"}],"wp:term":[{"taxonomy":"product_cat","embeddable":true,"href":"https:\/\/casadolivreiro.pt\/index.php\/wp-json\/wp\/v2\/product_cat?post=1573"},{"taxonomy":"product_tag","embeddable":true,"href":"https:\/\/casadolivreiro.pt\/index.php\/wp-json\/wp\/v2\/product_tag?post=1573"}],"curies":[{"name":"wp","href":"https:\/\/api.w.org\/{rel}","templated":true}]}}