{"id":1509,"date":"2024-03-28T22:08:52","date_gmt":"2024-03-28T22:08:52","guid":{"rendered":"https:\/\/casadolivreiro.pt\/?post_type=product&#038;p=1509"},"modified":"2024-03-28T22:08:52","modified_gmt":"2024-03-28T22:08:52","slug":"above-sydney-aerial-views-of-the-worlds-most-beautiful-city-george-hall","status":"publish","type":"product","link":"https:\/\/casadolivreiro.pt\/index.php\/product\/above-sydney-aerial-views-of-the-worlds-most-beautiful-city-george-hall\/","title":{"rendered":"ABOVE SYDNEY: Aerial Views of the World\u2019s  Most Beautiful City &#8211; George Hall"},"content":{"rendered":"<p>ABOVE SYDNEY: Aerial Views of the World\u2019s\u00a0 Most Beautiful City<br \/>\nGeorge Hall<br \/>\nISBN: 1-86302-658-4<br \/>\nAno de edi\u00e7\u00e3o: 1999<br \/>\nEditor: Lansdowne Publishing Pty Ltd., Sydney, NSW. AU<br \/>\nIdioma: Ingl\u00eas<br \/>\nDimens\u00f5es: 26 x 2 x 36 cm<br \/>\nEncaderna\u00e7\u00e3o: Capa dura<br \/>\nP\u00e1ginas: 200<\/p>\n","protected":false},"excerpt":{"rendered":"<p>ABOVE SYDNEY: Aerial Views of the World\u2019s\u00a0 Most Beautiful City George Hall ISBN: 1-86302-658-4 Ano de edi\u00e7\u00e3o: 1999 Editor: Lansdowne Publishing Pty Ltd., Sydney, NSW. AU Idioma: Ingl\u00eas Dimens\u00f5es: 26 x 2 x 36 cm Encaderna\u00e7\u00e3o: Capa dura P\u00e1ginas: 200<\/p>\n","protected":false},"featured_media":1505,"comment_status":"open","ping_status":"closed","template":"","meta":{"om_disable_all_campaigns":false,"_monsterinsights_skip_tracking":false,"_monsterinsights_sitenote_active":false,"_monsterinsights_sitenote_note":"","_monsterinsights_sitenote_category":0,"_uf_show_specific_survey":0,"_uf_disable_surveys":false},"product_cat":[55,49,39],"product_tag":[],"aioseo_notices":[],"jetpack_sharing_enabled":true,"_links":{"self":[{"href":"https:\/\/casadolivreiro.pt\/index.php\/wp-json\/wp\/v2\/product\/1509"}],"collection":[{"href":"https:\/\/casadolivreiro.pt\/index.php\/wp-json\/wp\/v2\/product"}],"about":[{"href":"https:\/\/casadolivreiro.pt\/index.php\/wp-json\/wp\/v2\/types\/product"}],"replies":[{"embeddable":true,"href":"https:\/\/casadolivreiro.pt\/index.php\/wp-json\/wp\/v2\/comments?post=1509"}],"wp:featuredmedia":[{"embeddable":true,"href":"https:\/\/casadolivreiro.pt\/index.php\/wp-json\/wp\/v2\/media\/1505"}],"wp:attachment":[{"href":"https:\/\/casadolivreiro.pt\/index.php\/wp-json\/wp\/v2\/media?parent=1509"}],"wp:term":[{"taxonomy":"product_cat","embeddable":true,"href":"https:\/\/casadolivreiro.pt\/index.php\/wp-json\/wp\/v2\/product_cat?post=1509"},{"taxonomy":"product_tag","embeddable":true,"href":"https:\/\/casadolivreiro.pt\/index.php\/wp-json\/wp\/v2\/product_tag?post=1509"}],"curies":[{"name":"wp","href":"https:\/\/api.w.org\/{rel}","templated":true}]}}