{"id":1507,"date":"2024-03-28T22:06:23","date_gmt":"2024-03-28T22:06:23","guid":{"rendered":"https:\/\/casadolivreiro.pt\/?post_type=product&#038;p=1507"},"modified":"2024-03-28T22:06:23","modified_gmt":"2024-03-28T22:06:23","slug":"spot-the-mistake-jorneys-of-discovery-amanda-wood-and-mike-jolley-illustrated-by-frances-castle","status":"publish","type":"product","link":"https:\/\/casadolivreiro.pt\/index.php\/product\/spot-the-mistake-jorneys-of-discovery-amanda-wood-and-mike-jolley-illustrated-by-frances-castle\/","title":{"rendered":"SPOT THE MISTAKE: JORNEYS OF DISCOVERY &#8211; Amanda Wood and Mike Jolley, Illustrated by Frances Castle"},"content":{"rendered":"<p>SPOT THE MISTAKE: JORNEYS OF DISCOVERY<br \/>\nAmanda Wood and Mike Jolley, Illustrated by Frances Castle<br \/>\nISBN: 978-1-78603-130-3<br \/>\nAno de edi\u00e7\u00e3o: 2018<br \/>\nEditor: Wide Eyed Editions, MN, USA<br \/>\nIdioma: Ingl\u00eas<br \/>\nDimens\u00f5es: 31 x 1 x 31 cm<br \/>\nEncaderna\u00e7\u00e3o: Capa dura<br \/>\nP\u00e1ginas: 46<\/p>\n","protected":false},"excerpt":{"rendered":"<p>SPOT THE MISTAKE: JORNEYS OF DISCOVERY Amanda Wood and Mike Jolley, Illustrated by Frances Castle ISBN: 978-1-78603-130-3 Ano de edi\u00e7\u00e3o: 2018 Editor: Wide Eyed Editions, MN, USA Idioma: Ingl\u00eas Dimens\u00f5es: 31 x 1 x 31 cm Encaderna\u00e7\u00e3o: Capa dura P\u00e1ginas: 46<\/p>\n","protected":false},"featured_media":1508,"comment_status":"open","ping_status":"closed","template":"","meta":{"om_disable_all_campaigns":false,"_monsterinsights_skip_tracking":false,"_monsterinsights_sitenote_active":false,"_monsterinsights_sitenote_note":"","_monsterinsights_sitenote_category":0,"_uf_show_specific_survey":0,"_uf_disable_surveys":false},"product_cat":[34,55,62],"product_tag":[],"aioseo_notices":[],"jetpack_sharing_enabled":true,"_links":{"self":[{"href":"https:\/\/casadolivreiro.pt\/index.php\/wp-json\/wp\/v2\/product\/1507"}],"collection":[{"href":"https:\/\/casadolivreiro.pt\/index.php\/wp-json\/wp\/v2\/product"}],"about":[{"href":"https:\/\/casadolivreiro.pt\/index.php\/wp-json\/wp\/v2\/types\/product"}],"replies":[{"embeddable":true,"href":"https:\/\/casadolivreiro.pt\/index.php\/wp-json\/wp\/v2\/comments?post=1507"}],"wp:featuredmedia":[{"embeddable":true,"href":"https:\/\/casadolivreiro.pt\/index.php\/wp-json\/wp\/v2\/media\/1508"}],"wp:attachment":[{"href":"https:\/\/casadolivreiro.pt\/index.php\/wp-json\/wp\/v2\/media?parent=1507"}],"wp:term":[{"taxonomy":"product_cat","embeddable":true,"href":"https:\/\/casadolivreiro.pt\/index.php\/wp-json\/wp\/v2\/product_cat?post=1507"},{"taxonomy":"product_tag","embeddable":true,"href":"https:\/\/casadolivreiro.pt\/index.php\/wp-json\/wp\/v2\/product_tag?post=1507"}],"curies":[{"name":"wp","href":"https:\/\/api.w.org\/{rel}","templated":true}]}}