{"id":1502,"date":"2024-03-28T21:58:09","date_gmt":"2024-03-28T21:58:09","guid":{"rendered":"https:\/\/casadolivreiro.pt\/?post_type=product&#038;p=1502"},"modified":"2024-03-28T21:58:09","modified_gmt":"2024-03-28T21:58:09","slug":"beautiful-australia-in-pictures","status":"publish","type":"product","link":"https:\/\/casadolivreiro.pt\/index.php\/product\/beautiful-australia-in-pictures\/","title":{"rendered":"BEAUTIFUL AUSTRALIA IN PICTURES"},"content":{"rendered":"<p>BEAUTIFUL AUSTRALIA IN PICTURES<br \/>\nISBN: 1-876553-00-6<br \/>\nAno de edi\u00e7\u00e3o: 2004<br \/>\nEditor: Woollahra Sales and Imports, Newtown, NSW, AU<br \/>\nIdioma: Ingl\u00eas<br \/>\nDimens\u00f5es: 24 x 1.8 x 34 cm<br \/>\nEncaderna\u00e7\u00e3o: Capa dura<br \/>\nP\u00e1ginas: 192<\/p>\n","protected":false},"excerpt":{"rendered":"<p>BEAUTIFUL AUSTRALIA IN PICTURES ISBN: 1-876553-00-6 Ano de edi\u00e7\u00e3o: 2004 Editor: Woollahra Sales and Imports, Newtown, NSW, AU Idioma: Ingl\u00eas Dimens\u00f5es: 24 x 1.8 x 34 cm Encaderna\u00e7\u00e3o: Capa dura P\u00e1ginas: 192<\/p>\n","protected":false},"featured_media":1503,"comment_status":"open","ping_status":"closed","template":"","meta":{"om_disable_all_campaigns":false,"_monsterinsights_skip_tracking":false,"_monsterinsights_sitenote_active":false,"_monsterinsights_sitenote_note":"","_monsterinsights_sitenote_category":0,"_uf_show_specific_survey":0,"_uf_disable_surveys":false},"product_cat":[49,39],"product_tag":[],"aioseo_notices":[],"jetpack_sharing_enabled":true,"_links":{"self":[{"href":"https:\/\/casadolivreiro.pt\/index.php\/wp-json\/wp\/v2\/product\/1502"}],"collection":[{"href":"https:\/\/casadolivreiro.pt\/index.php\/wp-json\/wp\/v2\/product"}],"about":[{"href":"https:\/\/casadolivreiro.pt\/index.php\/wp-json\/wp\/v2\/types\/product"}],"replies":[{"embeddable":true,"href":"https:\/\/casadolivreiro.pt\/index.php\/wp-json\/wp\/v2\/comments?post=1502"}],"wp:featuredmedia":[{"embeddable":true,"href":"https:\/\/casadolivreiro.pt\/index.php\/wp-json\/wp\/v2\/media\/1503"}],"wp:attachment":[{"href":"https:\/\/casadolivreiro.pt\/index.php\/wp-json\/wp\/v2\/media?parent=1502"}],"wp:term":[{"taxonomy":"product_cat","embeddable":true,"href":"https:\/\/casadolivreiro.pt\/index.php\/wp-json\/wp\/v2\/product_cat?post=1502"},{"taxonomy":"product_tag","embeddable":true,"href":"https:\/\/casadolivreiro.pt\/index.php\/wp-json\/wp\/v2\/product_tag?post=1502"}],"curies":[{"name":"wp","href":"https:\/\/api.w.org\/{rel}","templated":true}]}}