{"id":1496,"date":"2024-03-28T21:48:14","date_gmt":"2024-03-28T21:48:14","guid":{"rendered":"https:\/\/casadolivreiro.pt\/?post_type=product&#038;p=1496"},"modified":"2024-03-28T21:48:14","modified_gmt":"2024-03-28T21:48:14","slug":"histoire-universelle-2-vols-marcel-dunan","status":"publish","type":"product","link":"https:\/\/casadolivreiro.pt\/index.php\/product\/histoire-universelle-2-vols-marcel-dunan\/","title":{"rendered":"HISTOIRE UNIVERSELLE ( 2 Vols.) &#8211; Marcel Dunan"},"content":{"rendered":"<p>HISTOIRE UNIVERSELLE ( 2 Vols.)<br \/>\nMarcel Dunan<br \/>\nColec\u00e7\u00e3o \u2018\u2019in-quarto Larousse\u2019\u2019<br \/>\nAno de edi\u00e7\u00e3o: 1960<br \/>\nEditor: Librairie Larousse, POaris<br \/>\nIdioma: Franc\u00eas<br \/>\nDimens\u00f5es: 21 x 3 x 30 cm<br \/>\nEncaderna\u00e7\u00e3o: Capa dura<br \/>\nP\u00e1ginas: Vol.I \u2013 400pags, Vol.2 \u2013 414<\/p>\n","protected":false},"excerpt":{"rendered":"<p>HISTOIRE UNIVERSELLE ( 2 Vols.) Marcel Dunan Colec\u00e7\u00e3o \u2018\u2019in-quarto Larousse\u2019\u2019 Ano de edi\u00e7\u00e3o: 1960 Editor: Librairie Larousse, POaris Idioma: Franc\u00eas Dimens\u00f5es: 21 x 3 x 30 cm Encaderna\u00e7\u00e3o: Capa dura P\u00e1ginas: Vol.I \u2013 400pags, Vol.2 \u2013 414<\/p>\n","protected":false},"featured_media":1497,"comment_status":"open","ping_status":"closed","template":"","meta":{"om_disable_all_campaigns":false,"_monsterinsights_skip_tracking":false,"_monsterinsights_sitenote_active":false,"_monsterinsights_sitenote_note":"","_monsterinsights_sitenote_category":0,"_uf_show_specific_survey":0,"_uf_disable_surveys":false},"product_cat":[46,30,56],"product_tag":[],"aioseo_notices":[],"jetpack_sharing_enabled":true,"_links":{"self":[{"href":"https:\/\/casadolivreiro.pt\/index.php\/wp-json\/wp\/v2\/product\/1496"}],"collection":[{"href":"https:\/\/casadolivreiro.pt\/index.php\/wp-json\/wp\/v2\/product"}],"about":[{"href":"https:\/\/casadolivreiro.pt\/index.php\/wp-json\/wp\/v2\/types\/product"}],"replies":[{"embeddable":true,"href":"https:\/\/casadolivreiro.pt\/index.php\/wp-json\/wp\/v2\/comments?post=1496"}],"wp:featuredmedia":[{"embeddable":true,"href":"https:\/\/casadolivreiro.pt\/index.php\/wp-json\/wp\/v2\/media\/1497"}],"wp:attachment":[{"href":"https:\/\/casadolivreiro.pt\/index.php\/wp-json\/wp\/v2\/media?parent=1496"}],"wp:term":[{"taxonomy":"product_cat","embeddable":true,"href":"https:\/\/casadolivreiro.pt\/index.php\/wp-json\/wp\/v2\/product_cat?post=1496"},{"taxonomy":"product_tag","embeddable":true,"href":"https:\/\/casadolivreiro.pt\/index.php\/wp-json\/wp\/v2\/product_tag?post=1496"}],"curies":[{"name":"wp","href":"https:\/\/api.w.org\/{rel}","templated":true}]}}