{"id":1489,"date":"2024-03-28T21:33:04","date_gmt":"2024-03-28T21:33:04","guid":{"rendered":"https:\/\/casadolivreiro.pt\/?post_type=product&#038;p=1489"},"modified":"2024-03-28T21:33:04","modified_gmt":"2024-03-28T21:33:04","slug":"geografia-ilustrada-abril-cultural-volumes-i-ii-e-v","status":"publish","type":"product","link":"https:\/\/casadolivreiro.pt\/index.php\/product\/geografia-ilustrada-abril-cultural-volumes-i-ii-e-v\/","title":{"rendered":"GEOGRAFIA ILUSTRADA &#8211; Abril Cultural ( Volumes I, II, e V)"},"content":{"rendered":"<p>GEOGRAFIA ILUSTRADA &#8211; Abril Cultural ( Volumes I, II, e V)<br \/>\nAno de edi\u00e7\u00e3o: 1972<br \/>\nEditor: Abril Cultural, S\u00e3o Paulo<br \/>\nIdioma: Portugu\u00eas<br \/>\nDimens\u00f5es: 23.5 \u00a0x 2.5 x 30.5 cm<br \/>\nEncaderna\u00e7\u00e3o: Capa dura<br \/>\nP\u00e1ginas: 342, 346 e 340<\/p>\n<p>Vol. 1\u00a0 &#8211; EUROPA OCE\u00c2NICA<br \/>\nVol. 2 \u2013 EUROPA CENTRAL<br \/>\nVol. 5 \u2013 \u00c1FRICA<\/p>\n","protected":false},"excerpt":{"rendered":"<p>GEOGRAFIA ILUSTRADA &#8211; Abril Cultural ( Volumes I, II, e V) Ano de edi\u00e7\u00e3o: 1972 Editor: Abril Cultural, S\u00e3o Paulo Idioma: Portugu\u00eas Dimens\u00f5es: 23.5 \u00a0x 2.5 x 30.5 cm Encaderna\u00e7\u00e3o: Capa dura P\u00e1ginas: 342, 346 e 340 Vol. 1\u00a0 &#8211; EUROPA OCE\u00c2NICA Vol. 2 \u2013 EUROPA CENTRAL Vol. 5 \u2013 \u00c1FRICA<\/p>\n","protected":false},"featured_media":1493,"comment_status":"open","ping_status":"closed","template":"","meta":{"om_disable_all_campaigns":false,"_monsterinsights_skip_tracking":false,"_monsterinsights_sitenote_active":false,"_monsterinsights_sitenote_note":"","_monsterinsights_sitenote_category":0,"_uf_show_specific_survey":0,"_uf_disable_surveys":false},"product_cat":[46],"product_tag":[],"aioseo_notices":[],"jetpack_sharing_enabled":true,"_links":{"self":[{"href":"https:\/\/casadolivreiro.pt\/index.php\/wp-json\/wp\/v2\/product\/1489"}],"collection":[{"href":"https:\/\/casadolivreiro.pt\/index.php\/wp-json\/wp\/v2\/product"}],"about":[{"href":"https:\/\/casadolivreiro.pt\/index.php\/wp-json\/wp\/v2\/types\/product"}],"replies":[{"embeddable":true,"href":"https:\/\/casadolivreiro.pt\/index.php\/wp-json\/wp\/v2\/comments?post=1489"}],"wp:featuredmedia":[{"embeddable":true,"href":"https:\/\/casadolivreiro.pt\/index.php\/wp-json\/wp\/v2\/media\/1493"}],"wp:attachment":[{"href":"https:\/\/casadolivreiro.pt\/index.php\/wp-json\/wp\/v2\/media?parent=1489"}],"wp:term":[{"taxonomy":"product_cat","embeddable":true,"href":"https:\/\/casadolivreiro.pt\/index.php\/wp-json\/wp\/v2\/product_cat?post=1489"},{"taxonomy":"product_tag","embeddable":true,"href":"https:\/\/casadolivreiro.pt\/index.php\/wp-json\/wp\/v2\/product_tag?post=1489"}],"curies":[{"name":"wp","href":"https:\/\/api.w.org\/{rel}","templated":true}]}}