{"id":148,"date":"2024-03-02T21:40:02","date_gmt":"2024-03-02T21:40:02","guid":{"rendered":"https:\/\/casadolivreiro.pt\/?post_type=product&#038;p=148"},"modified":"2024-03-02T21:40:03","modified_gmt":"2024-03-02T21:40:03","slug":"terra-ocupada-urbano-tavares-rodrigues","status":"publish","type":"product","link":"https:\/\/casadolivreiro.pt\/index.php\/product\/terra-ocupada-urbano-tavares-rodrigues\/","title":{"rendered":"TERRA OCUPADA Urbano Tavares Rodrigues"},"content":{"rendered":"<p>TERRA OCUPADA<br \/>\nPrimeira edi\u00e7\u00e3o<br \/>\nUrbano Tavares Rodrigues<br \/>\nEditor: Livraria Bertrand, Lisboa<br \/>\nData de Lan\u00e7amento:\u00a0 1964<br \/>\nIdioma:\u00a0 Portugu\u00eas<br \/>\nDimens\u00f5es: 12.5cm x 1.6cm x 19cm<br \/>\nEncaderna\u00e7\u00e3o: Capa mole<br \/>\nP\u00e1ginas:\u00a0 228<\/p>\n<p>Por esta altura, 1964, Urbano Tavares Rodrigues era dado na PIDE, n\u00e3o como mero simpatizante de ideais oposicionistas ao regime vigente, mas, de uma vez por todas, como comunista, \u00ab[&#8230;] ap\u00f3s ser signat\u00e1rio de v\u00e1rios abaixo-assinados e peti\u00e7\u00f5es, nomeadamente para a realiza\u00e7\u00e3o de um congresso de democratas, de amnistia para os presos pol\u00edticos, contra a censura, ser testemunha de defesa em julgamentos de presos pol\u00edticos, e por umas quantas actividades e ac\u00e7\u00f5es mais ou menos \u201csuspeitas\u201d e clandestinas nas JAP [Juntas de Ac\u00e7\u00e3o Patri\u00f3tica]. Em 1965 \u00e9 proibido de dar aulas no ensino particular, porque \u201cn\u00e3o oferece garantias de cooperar na realiza\u00e7\u00e3o dos fins superiores do Estado\u201d. [&#8230;]\u00bb (Fonte: Lu\u00edsa Duarte Santos, \u00abAlvor de um poeta de generosidade militante\u00bb, in Escrevivendo Urbano Tavares Rodrigues \u2013 Exposi\u00e7\u00e3o Biobibliogr\u00e1fica, Museu do Neo-Realismo, Vila Franca de Xira, 2009)<\/p>\n<p>&#8220;Qual maioria qual qu\u00ea! Algu\u00e9m que puxe fogo ao rastilho e voc\u00ea ver\u00e1?&#8221;, defende em &#8220;Terra Ocupada&#8221; (1963). O esp\u00edrito subversivo e militante do escritor floresce quando participa na Revolta da S\u00e9 em 1959, no mesmo ano em que escreve o primeiro romance, &#8220;Bastardos do Sol&#8221;, um sucesso de vendas em Fran\u00e7a e Portugal. Constantemente assediado pela PIDE , Urbano \u00e9 preso por tr\u00eas vezes em Caxias, conseguindo neste per\u00edodo (de 61 a 68) passar para fora obras como &#8220;Os Insubmissos&#8221; (1961) ou &#8220;Ex\u00edlio Perturbado&#8221; (1962). Em Fran\u00e7a encontrou sempre o ref\u00fagio recorrente para um salazarismo que se tornava insuport\u00e1vel para a criatividade e ensino.<\/p>\n<p>Um socialista convicto, Urbano passa tamb\u00e9m a filiado do Partido Comunista em 1968, tendo no mesmo ano assistido \u00e0 grande greve geral francesa. Como dirigente do sector intelectual do partido, o escritor critica arduamente o Estalinismo da URSS, elogiando ao mesmo tempo \u00c1lvaro Cunhal, figura que o convenceu a fazer parte do PCP. O regresso definitivo de Urbano a Portugal acontece com o 25 de Abril, voltando a trabalhar como professor na Faculdade de Letras. , in http:\/\/www.ionline.pt\/artigos\/portugal\/urbano-tavares-rodrigues-romance-prefacio-no-alentejo por Lu\u00eds de Freiras Branco<\/p>\n<p>Exemplar estimado (em bom estado de conserva\u00e7\u00e3o), miolo limpo, capa em bom estado, lombada gasta, pouco manuseado<\/p>\n","protected":false},"excerpt":{"rendered":"<p>TERRA OCUPADA Primeira edi\u00e7\u00e3o Urbano Tavares Rodrigues Editor: Livraria Bertrand, Lisboa Data de Lan\u00e7amento:\u00a0 1964 Idioma:\u00a0 Portugu\u00eas Dimens\u00f5es: 12.5cm x 1.6cm x 19cm Encaderna\u00e7\u00e3o: Capa mole P\u00e1ginas:\u00a0 228 Por esta altura, 1964, Urbano Tavares Rodrigues era dado na PIDE, n\u00e3o como mero simpatizante de ideais oposicionistas ao regime vigente, mas, de uma vez por todas, [&hellip;]<\/p>\n","protected":false},"featured_media":149,"comment_status":"open","ping_status":"closed","template":"","meta":{"om_disable_all_campaigns":false,"_monsterinsights_skip_tracking":false,"_monsterinsights_sitenote_active":false,"_monsterinsights_sitenote_note":"","_monsterinsights_sitenote_category":0,"_uf_show_specific_survey":0,"_uf_disable_surveys":false},"product_cat":[25,59,62],"product_tag":[],"aioseo_notices":[],"jetpack_sharing_enabled":true,"_links":{"self":[{"href":"https:\/\/casadolivreiro.pt\/index.php\/wp-json\/wp\/v2\/product\/148"}],"collection":[{"href":"https:\/\/casadolivreiro.pt\/index.php\/wp-json\/wp\/v2\/product"}],"about":[{"href":"https:\/\/casadolivreiro.pt\/index.php\/wp-json\/wp\/v2\/types\/product"}],"replies":[{"embeddable":true,"href":"https:\/\/casadolivreiro.pt\/index.php\/wp-json\/wp\/v2\/comments?post=148"}],"wp:featuredmedia":[{"embeddable":true,"href":"https:\/\/casadolivreiro.pt\/index.php\/wp-json\/wp\/v2\/media\/149"}],"wp:attachment":[{"href":"https:\/\/casadolivreiro.pt\/index.php\/wp-json\/wp\/v2\/media?parent=148"}],"wp:term":[{"taxonomy":"product_cat","embeddable":true,"href":"https:\/\/casadolivreiro.pt\/index.php\/wp-json\/wp\/v2\/product_cat?post=148"},{"taxonomy":"product_tag","embeddable":true,"href":"https:\/\/casadolivreiro.pt\/index.php\/wp-json\/wp\/v2\/product_tag?post=148"}],"curies":[{"name":"wp","href":"https:\/\/api.w.org\/{rel}","templated":true}]}}