{"id":1470,"date":"2024-03-28T19:38:11","date_gmt":"2024-03-28T19:38:11","guid":{"rendered":"https:\/\/casadolivreiro.pt\/?post_type=product&#038;p=1470"},"modified":"2024-03-28T19:38:12","modified_gmt":"2024-03-28T19:38:12","slug":"enciclopedia-a-fauna-publicacoes-alfa","status":"publish","type":"product","link":"https:\/\/casadolivreiro.pt\/index.php\/product\/enciclopedia-a-fauna-publicacoes-alfa\/","title":{"rendered":"ENCICLOP\u00c9DIA A FAUNA Publica\u00e7\u00f5es Alfa"},"content":{"rendered":"<p>ENCICLOP\u00c9DIA A FAUNA Publica\u00e7\u00f5es Alfa<br \/>\nAno de edi\u00e7\u00e3o: 1981<br \/>\nEditor: Publica\u00e7\u00f5es Alfa<br \/>\nIdioma: Portugu\u00eas<br \/>\nDimens\u00f5es: 22.3 x v\u00e1rios x 29.8 cm<br \/>\nEncaderna\u00e7\u00e3o: Capa dura<br \/>\nP\u00e1ginas: Cada volume tem cerca de 300 p\u00e1gs.<\/p>\n<p>6 volumes. Vendidos separadamente<br \/>\n1 &#8211; \u00c1frica<br \/>\n2 &#8211; \u00c1frica<br \/>\n3 &#8211; \u00c1frica<br \/>\n4 &#8211; Eur\u00e1sia \/ Am\u00e9rica do Norte<br \/>\n5 &#8211; Eur\u00e1sia \/ Am\u00e9rica do Norte<br \/>\n10 &#8211; Os Mares<\/p>\n<p>5,00 cada<\/p>\n","protected":false},"excerpt":{"rendered":"<p>ENCICLOP\u00c9DIA A FAUNA Publica\u00e7\u00f5es Alfa Ano de edi\u00e7\u00e3o: 1981 Editor: Publica\u00e7\u00f5es Alfa Idioma: Portugu\u00eas Dimens\u00f5es: 22.3 x v\u00e1rios x 29.8 cm Encaderna\u00e7\u00e3o: Capa dura P\u00e1ginas: Cada volume tem cerca de 300 p\u00e1gs. 6 volumes. Vendidos separadamente 1 &#8211; \u00c1frica 2 &#8211; \u00c1frica 3 &#8211; \u00c1frica 4 &#8211; Eur\u00e1sia \/ Am\u00e9rica do Norte 5 &#8211; Eur\u00e1sia [&hellip;]<\/p>\n","protected":false},"featured_media":1477,"comment_status":"open","ping_status":"closed","template":"","meta":{"om_disable_all_campaigns":false,"_monsterinsights_skip_tracking":false,"_monsterinsights_sitenote_active":false,"_monsterinsights_sitenote_note":"","_monsterinsights_sitenote_category":0,"_uf_show_specific_survey":0,"_uf_disable_surveys":false},"product_cat":[32,46,50],"product_tag":[],"aioseo_notices":[],"jetpack_sharing_enabled":true,"_links":{"self":[{"href":"https:\/\/casadolivreiro.pt\/index.php\/wp-json\/wp\/v2\/product\/1470"}],"collection":[{"href":"https:\/\/casadolivreiro.pt\/index.php\/wp-json\/wp\/v2\/product"}],"about":[{"href":"https:\/\/casadolivreiro.pt\/index.php\/wp-json\/wp\/v2\/types\/product"}],"replies":[{"embeddable":true,"href":"https:\/\/casadolivreiro.pt\/index.php\/wp-json\/wp\/v2\/comments?post=1470"}],"wp:featuredmedia":[{"embeddable":true,"href":"https:\/\/casadolivreiro.pt\/index.php\/wp-json\/wp\/v2\/media\/1477"}],"wp:attachment":[{"href":"https:\/\/casadolivreiro.pt\/index.php\/wp-json\/wp\/v2\/media?parent=1470"}],"wp:term":[{"taxonomy":"product_cat","embeddable":true,"href":"https:\/\/casadolivreiro.pt\/index.php\/wp-json\/wp\/v2\/product_cat?post=1470"},{"taxonomy":"product_tag","embeddable":true,"href":"https:\/\/casadolivreiro.pt\/index.php\/wp-json\/wp\/v2\/product_tag?post=1470"}],"curies":[{"name":"wp","href":"https:\/\/api.w.org\/{rel}","templated":true}]}}