{"id":144,"date":"2024-03-02T21:26:36","date_gmt":"2024-03-02T21:26:36","guid":{"rendered":"https:\/\/casadolivreiro.pt\/?post_type=product&#038;p=144"},"modified":"2024-03-02T21:26:36","modified_gmt":"2024-03-02T21:26:36","slug":"o-raio-verde-campos-monteiro","status":"publish","type":"product","link":"https:\/\/casadolivreiro.pt\/index.php\/product\/o-raio-verde-campos-monteiro\/","title":{"rendered":"O RAIO VERDE Campos Monteiro"},"content":{"rendered":"<p>O RAIO VERDE Campos Monteiro<br \/>\nPrimeira edi\u00e7\u00e3o<br \/>\nEditor: Civiliza\u00e7\u00e3o, Porto<br \/>\nData de Lan\u00e7amento:\u00a0 1933<br \/>\nIdioma:\u00a0 Portugu\u00eas<br \/>\nDimens\u00f5es:\u00a0\u00a0\u00a0\u00a012.3 x 1.2 x 19cm<br \/>\nEncaderna\u00e7\u00e3o: Capa mole<br \/>\nP\u00e1ginas: 135<\/p>\n<p>Primeira edi\u00e7\u00e3o do \u00faltimo livro de Campos Monteiro, autor que nasceu em Torre de Moncorvo, mas que no entanto, foi em Ponte de Lima, para onde foi viver aos 8 anos de idade para casa do tio paterno J\u00falio C\u00e9sar Monteiro, escriv\u00e3o da Fazenda, que adquiriu toda a forma\u00e7\u00e3o inicial. Este tio, pessoa ilustrada e muito das rela\u00e7\u00f5es da intelectualidade de Ponte de Lima, teve um papel importante na educa\u00e7\u00e3o do sobrinho. Em Ponte de Lima teve rela\u00e7\u00f5es com dois vultos da literatura portuguesa, Ant\u00f3nio Feij\u00f3 e o Conde de Aurora. [leve acidez na contracapa]<\/p>\n<p>&nbsp;<\/p>\n","protected":false},"excerpt":{"rendered":"<p>O RAIO VERDE Campos Monteiro Primeira edi\u00e7\u00e3o Editor: Civiliza\u00e7\u00e3o, Porto Data de Lan\u00e7amento:\u00a0 1933 Idioma:\u00a0 Portugu\u00eas Dimens\u00f5es:\u00a0\u00a0\u00a0\u00a012.3 x 1.2 x 19cm Encaderna\u00e7\u00e3o: Capa mole P\u00e1ginas: 135 Primeira edi\u00e7\u00e3o do \u00faltimo livro de Campos Monteiro, autor que nasceu em Torre de Moncorvo, mas que no entanto, foi em Ponte de Lima, para onde foi viver aos [&hellip;]<\/p>\n","protected":false},"featured_media":145,"comment_status":"open","ping_status":"closed","template":"","meta":{"om_disable_all_campaigns":false,"_monsterinsights_skip_tracking":false,"_monsterinsights_sitenote_active":false,"_monsterinsights_sitenote_note":"","_monsterinsights_sitenote_category":0,"_uf_show_specific_survey":0,"_uf_disable_surveys":false},"product_cat":[59,62,27,61],"product_tag":[],"aioseo_notices":[],"jetpack_sharing_enabled":true,"_links":{"self":[{"href":"https:\/\/casadolivreiro.pt\/index.php\/wp-json\/wp\/v2\/product\/144"}],"collection":[{"href":"https:\/\/casadolivreiro.pt\/index.php\/wp-json\/wp\/v2\/product"}],"about":[{"href":"https:\/\/casadolivreiro.pt\/index.php\/wp-json\/wp\/v2\/types\/product"}],"replies":[{"embeddable":true,"href":"https:\/\/casadolivreiro.pt\/index.php\/wp-json\/wp\/v2\/comments?post=144"}],"wp:featuredmedia":[{"embeddable":true,"href":"https:\/\/casadolivreiro.pt\/index.php\/wp-json\/wp\/v2\/media\/145"}],"wp:attachment":[{"href":"https:\/\/casadolivreiro.pt\/index.php\/wp-json\/wp\/v2\/media?parent=144"}],"wp:term":[{"taxonomy":"product_cat","embeddable":true,"href":"https:\/\/casadolivreiro.pt\/index.php\/wp-json\/wp\/v2\/product_cat?post=144"},{"taxonomy":"product_tag","embeddable":true,"href":"https:\/\/casadolivreiro.pt\/index.php\/wp-json\/wp\/v2\/product_tag?post=144"}],"curies":[{"name":"wp","href":"https:\/\/api.w.org\/{rel}","templated":true}]}}