{"id":1391,"date":"2024-03-26T17:54:19","date_gmt":"2024-03-26T17:54:19","guid":{"rendered":"https:\/\/casadolivreiro.pt\/?post_type=product&#038;p=1391"},"modified":"2024-03-26T17:54:19","modified_gmt":"2024-03-26T17:54:19","slug":"nos-os-do-makulusu-obras-de-jose-luandino-vieira","status":"publish","type":"product","link":"https:\/\/casadolivreiro.pt\/index.php\/product\/nos-os-do-makulusu-obras-de-jose-luandino-vieira\/","title":{"rendered":"N\u00d5S, OS DO MAKULUSU &#8211; Obras de Jos\u00e9 Luandino Vieira"},"content":{"rendered":"<p>N\u00d5S, OS DO MAKULUSU<br \/>\nObras de Jos\u00e9 Luandino Vieira<br \/>\nAno de edi\u00e7\u00e3o: 1985<br \/>\nEditor: Edi\u00e7\u00f5es 70 lda., Lisboa<br \/>\nIdioma: Portugu\u00eas<br \/>\nDimens\u00f5es: 13.5 x 0.8 x 21.3 cm<br \/>\nEncaderna\u00e7\u00e3o: Capa mole<br \/>\nP\u00e1ginas: 159<\/p>\n","protected":false},"excerpt":{"rendered":"<p>N\u00d5S, OS DO MAKULUSU Obras de Jos\u00e9 Luandino Vieira Ano de edi\u00e7\u00e3o: 1985 Editor: Edi\u00e7\u00f5es 70 lda., Lisboa Idioma: Portugu\u00eas Dimens\u00f5es: 13.5 x 0.8 x 21.3 cm Encaderna\u00e7\u00e3o: Capa mole P\u00e1ginas: 159<\/p>\n","protected":false},"featured_media":1392,"comment_status":"open","ping_status":"closed","template":"","meta":{"om_disable_all_campaigns":false,"_monsterinsights_skip_tracking":false,"_monsterinsights_sitenote_active":false,"_monsterinsights_sitenote_note":"","_monsterinsights_sitenote_category":0,"_uf_show_specific_survey":0,"_uf_disable_surveys":false},"product_cat":[25],"product_tag":[],"aioseo_notices":[],"jetpack_sharing_enabled":true,"_links":{"self":[{"href":"https:\/\/casadolivreiro.pt\/index.php\/wp-json\/wp\/v2\/product\/1391"}],"collection":[{"href":"https:\/\/casadolivreiro.pt\/index.php\/wp-json\/wp\/v2\/product"}],"about":[{"href":"https:\/\/casadolivreiro.pt\/index.php\/wp-json\/wp\/v2\/types\/product"}],"replies":[{"embeddable":true,"href":"https:\/\/casadolivreiro.pt\/index.php\/wp-json\/wp\/v2\/comments?post=1391"}],"wp:featuredmedia":[{"embeddable":true,"href":"https:\/\/casadolivreiro.pt\/index.php\/wp-json\/wp\/v2\/media\/1392"}],"wp:attachment":[{"href":"https:\/\/casadolivreiro.pt\/index.php\/wp-json\/wp\/v2\/media?parent=1391"}],"wp:term":[{"taxonomy":"product_cat","embeddable":true,"href":"https:\/\/casadolivreiro.pt\/index.php\/wp-json\/wp\/v2\/product_cat?post=1391"},{"taxonomy":"product_tag","embeddable":true,"href":"https:\/\/casadolivreiro.pt\/index.php\/wp-json\/wp\/v2\/product_tag?post=1391"}],"curies":[{"name":"wp","href":"https:\/\/api.w.org\/{rel}","templated":true}]}}