{"id":1356,"date":"2024-03-26T16:45:38","date_gmt":"2024-03-26T16:45:38","guid":{"rendered":"https:\/\/casadolivreiro.pt\/?post_type=product&#038;p=1356"},"modified":"2024-03-26T16:45:38","modified_gmt":"2024-03-26T16:45:38","slug":"o-deserto-dos-tartaros-dino-buzzati","status":"publish","type":"product","link":"https:\/\/casadolivreiro.pt\/index.php\/product\/o-deserto-dos-tartaros-dino-buzzati\/","title":{"rendered":"O DESERTO DOS T\u00c1RTAROS &#8211; Dino Buzzati"},"content":{"rendered":"<p>O DESERTO DOS T\u00c1RTAROS<br \/>\nDino Buzzati<br \/>\nTradu\u00e7\u00e3o de\u00a0 Jos\u00e9 Moura Pimenta<br \/>\nAno de edi\u00e7\u00e3o:\u00a0 1963<br \/>\nEditor: Publica\u00e7\u00f5es Europa-Am\u00e9rica, Lisboa<br \/>\nIdioma: Portugu\u00eas<br \/>\nDimens\u00f5es: 11.5 x 2.2 x 18 cm<br \/>\nEncaderna\u00e7\u00e3o: Capa mole<br \/>\nP\u00e1ginas: 338<\/p>\n","protected":false},"excerpt":{"rendered":"<p>O DESERTO DOS T\u00c1RTAROS Dino Buzzati Tradu\u00e7\u00e3o de\u00a0 Jos\u00e9 Moura Pimenta Ano de edi\u00e7\u00e3o:\u00a0 1963 Editor: Publica\u00e7\u00f5es Europa-Am\u00e9rica, Lisboa Idioma: Portugu\u00eas Dimens\u00f5es: 11.5 x 2.2 x 18 cm Encaderna\u00e7\u00e3o: Capa mole P\u00e1ginas: 338<\/p>\n","protected":false},"featured_media":1358,"comment_status":"open","ping_status":"closed","template":"","meta":{"om_disable_all_campaigns":false,"_monsterinsights_skip_tracking":false,"_monsterinsights_sitenote_active":false,"_monsterinsights_sitenote_note":"","_monsterinsights_sitenote_category":0,"_uf_show_specific_survey":0,"_uf_disable_surveys":false},"product_cat":[26],"product_tag":[],"aioseo_notices":[],"jetpack_sharing_enabled":true,"_links":{"self":[{"href":"https:\/\/casadolivreiro.pt\/index.php\/wp-json\/wp\/v2\/product\/1356"}],"collection":[{"href":"https:\/\/casadolivreiro.pt\/index.php\/wp-json\/wp\/v2\/product"}],"about":[{"href":"https:\/\/casadolivreiro.pt\/index.php\/wp-json\/wp\/v2\/types\/product"}],"replies":[{"embeddable":true,"href":"https:\/\/casadolivreiro.pt\/index.php\/wp-json\/wp\/v2\/comments?post=1356"}],"wp:featuredmedia":[{"embeddable":true,"href":"https:\/\/casadolivreiro.pt\/index.php\/wp-json\/wp\/v2\/media\/1358"}],"wp:attachment":[{"href":"https:\/\/casadolivreiro.pt\/index.php\/wp-json\/wp\/v2\/media?parent=1356"}],"wp:term":[{"taxonomy":"product_cat","embeddable":true,"href":"https:\/\/casadolivreiro.pt\/index.php\/wp-json\/wp\/v2\/product_cat?post=1356"},{"taxonomy":"product_tag","embeddable":true,"href":"https:\/\/casadolivreiro.pt\/index.php\/wp-json\/wp\/v2\/product_tag?post=1356"}],"curies":[{"name":"wp","href":"https:\/\/api.w.org\/{rel}","templated":true}]}}