{"id":1354,"date":"2024-03-26T16:41:17","date_gmt":"2024-03-26T16:41:17","guid":{"rendered":"https:\/\/casadolivreiro.pt\/?post_type=product&#038;p=1354"},"modified":"2024-03-26T16:41:17","modified_gmt":"2024-03-26T16:41:17","slug":"as-viagens-de-guliver-vols-i-e-ii-jonathan-swift","status":"publish","type":"product","link":"https:\/\/casadolivreiro.pt\/index.php\/product\/as-viagens-de-guliver-vols-i-e-ii-jonathan-swift\/","title":{"rendered":"AS VIAGENS DE  GULIVER ( Vols. I e II) &#8211; Jonathan Swift"},"content":{"rendered":"<p>AS VIAGENS DE\u00a0 GULIVER ( Vols. I e II)<br \/>\nJonathan Swift<br \/>\nTradu\u00e7\u00e3o de \u00a0Jos\u00e9 Moura Pimenta<br \/>\nISBN: 972-747-301-6<br \/>\nAno de edi\u00e7\u00e3o:\u00a0 1996<br \/>\nEditor: RBA Editores, Lisboa<br \/>\nIdioma: Portugu\u00eas<br \/>\nDimens\u00f5es: 12.5 x 1.2 x 20.5 cm e 12.5 x 1.2 x 20.5 cm<br \/>\nEncaderna\u00e7\u00e3o: Capa mole<br \/>\nP\u00e1ginas: 320<\/p>\n","protected":false},"excerpt":{"rendered":"<p>AS VIAGENS DE\u00a0 GULIVER ( Vols. I e II) Jonathan Swift Tradu\u00e7\u00e3o de \u00a0Jos\u00e9 Moura Pimenta ISBN: 972-747-301-6 Ano de edi\u00e7\u00e3o:\u00a0 1996 Editor: RBA Editores, Lisboa Idioma: Portugu\u00eas Dimens\u00f5es: 12.5 x 1.2 x 20.5 cm e 12.5 x 1.2 x 20.5 cm Encaderna\u00e7\u00e3o: Capa mole P\u00e1ginas: 320<\/p>\n","protected":false},"featured_media":1355,"comment_status":"open","ping_status":"closed","template":"","meta":{"om_disable_all_campaigns":false,"_monsterinsights_skip_tracking":false,"_monsterinsights_sitenote_active":false,"_monsterinsights_sitenote_note":"","_monsterinsights_sitenote_category":0,"_uf_show_specific_survey":0,"_uf_disable_surveys":false},"product_cat":[34,26],"product_tag":[],"aioseo_notices":[],"jetpack_sharing_enabled":true,"_links":{"self":[{"href":"https:\/\/casadolivreiro.pt\/index.php\/wp-json\/wp\/v2\/product\/1354"}],"collection":[{"href":"https:\/\/casadolivreiro.pt\/index.php\/wp-json\/wp\/v2\/product"}],"about":[{"href":"https:\/\/casadolivreiro.pt\/index.php\/wp-json\/wp\/v2\/types\/product"}],"replies":[{"embeddable":true,"href":"https:\/\/casadolivreiro.pt\/index.php\/wp-json\/wp\/v2\/comments?post=1354"}],"wp:featuredmedia":[{"embeddable":true,"href":"https:\/\/casadolivreiro.pt\/index.php\/wp-json\/wp\/v2\/media\/1355"}],"wp:attachment":[{"href":"https:\/\/casadolivreiro.pt\/index.php\/wp-json\/wp\/v2\/media?parent=1354"}],"wp:term":[{"taxonomy":"product_cat","embeddable":true,"href":"https:\/\/casadolivreiro.pt\/index.php\/wp-json\/wp\/v2\/product_cat?post=1354"},{"taxonomy":"product_tag","embeddable":true,"href":"https:\/\/casadolivreiro.pt\/index.php\/wp-json\/wp\/v2\/product_tag?post=1354"}],"curies":[{"name":"wp","href":"https:\/\/api.w.org\/{rel}","templated":true}]}}