{"id":1352,"date":"2024-03-26T16:35:19","date_gmt":"2024-03-26T16:35:19","guid":{"rendered":"https:\/\/casadolivreiro.pt\/?post_type=product&#038;p=1352"},"modified":"2024-03-26T16:35:19","modified_gmt":"2024-03-26T16:35:19","slug":"o-vermelho-e-o-negro-vols-i-e-ii-stendhal","status":"publish","type":"product","link":"https:\/\/casadolivreiro.pt\/index.php\/product\/o-vermelho-e-o-negro-vols-i-e-ii-stendhal\/","title":{"rendered":"O VERMELHO E O NEGRO (Vols. I e II) &#8211; Stendhal"},"content":{"rendered":"<p>O VERMELHO E O NEGRO (Vols. I e II)<br \/>\nStendhal<br \/>\nTradu\u00e7\u00e3o de Maria Manuel e Branquinho da Fonseca<br \/>\nISBN: 972-747-107-2<br \/>\nAno de edi\u00e7\u00e3o:\u00a0 1996<br \/>\nEditor: RBA Editores, Lisboa<br \/>\nIdioma: Portugu\u00eas<br \/>\nDimens\u00f5es: 12.5 x 1.4 x 20.5 cm e 12.5 x 1.7 x 20.5 cm<br \/>\nEncaderna\u00e7\u00e3o: Capa mole<br \/>\nP\u00e1ginas: 462<\/p>\n","protected":false},"excerpt":{"rendered":"<p>O VERMELHO E O NEGRO (Vols. I e II) Stendhal Tradu\u00e7\u00e3o de Maria Manuel e Branquinho da Fonseca ISBN: 972-747-107-2 Ano de edi\u00e7\u00e3o:\u00a0 1996 Editor: RBA Editores, Lisboa Idioma: Portugu\u00eas Dimens\u00f5es: 12.5 x 1.4 x 20.5 cm e 12.5 x 1.7 x 20.5 cm Encaderna\u00e7\u00e3o: Capa mole P\u00e1ginas: 462<\/p>\n","protected":false},"featured_media":1353,"comment_status":"open","ping_status":"closed","template":"","meta":{"om_disable_all_campaigns":false,"_monsterinsights_skip_tracking":false,"_monsterinsights_sitenote_active":false,"_monsterinsights_sitenote_note":"","_monsterinsights_sitenote_category":0,"_uf_show_specific_survey":0,"_uf_disable_surveys":false},"product_cat":[26],"product_tag":[],"aioseo_notices":[],"jetpack_sharing_enabled":true,"_links":{"self":[{"href":"https:\/\/casadolivreiro.pt\/index.php\/wp-json\/wp\/v2\/product\/1352"}],"collection":[{"href":"https:\/\/casadolivreiro.pt\/index.php\/wp-json\/wp\/v2\/product"}],"about":[{"href":"https:\/\/casadolivreiro.pt\/index.php\/wp-json\/wp\/v2\/types\/product"}],"replies":[{"embeddable":true,"href":"https:\/\/casadolivreiro.pt\/index.php\/wp-json\/wp\/v2\/comments?post=1352"}],"wp:featuredmedia":[{"embeddable":true,"href":"https:\/\/casadolivreiro.pt\/index.php\/wp-json\/wp\/v2\/media\/1353"}],"wp:attachment":[{"href":"https:\/\/casadolivreiro.pt\/index.php\/wp-json\/wp\/v2\/media?parent=1352"}],"wp:term":[{"taxonomy":"product_cat","embeddable":true,"href":"https:\/\/casadolivreiro.pt\/index.php\/wp-json\/wp\/v2\/product_cat?post=1352"},{"taxonomy":"product_tag","embeddable":true,"href":"https:\/\/casadolivreiro.pt\/index.php\/wp-json\/wp\/v2\/product_tag?post=1352"}],"curies":[{"name":"wp","href":"https:\/\/api.w.org\/{rel}","templated":true}]}}