{"id":1321,"date":"2024-03-26T15:14:17","date_gmt":"2024-03-26T15:14:17","guid":{"rendered":"https:\/\/casadolivreiro.pt\/?post_type=product&#038;p=1321"},"modified":"2024-03-26T15:14:41","modified_gmt":"2024-03-26T15:14:41","slug":"morreram-pela-patria-mikail-cholokov","status":"publish","type":"product","link":"https:\/\/casadolivreiro.pt\/index.php\/product\/morreram-pela-patria-mikail-cholokov\/","title":{"rendered":"MORRERAM PELA PATRIA &#8211; Mikail Cholokov"},"content":{"rendered":"<p>MORRERAM PELA PATRIA<br \/>\nMikail Cholokov<br \/>\nAno de edi\u00e7\u00e3o: 1966<br \/>\nEditor: Portugalia Editora, Lisboa<br \/>\nIdioma: Portugu\u00eas<br \/>\nDimens\u00f5es: 13 x 1.8 x 19.5 cm<br \/>\nEncaderna\u00e7\u00e3o: Capa mole<br \/>\nP\u00e1ginas: 244<\/p>\n","protected":false},"excerpt":{"rendered":"<p>MORRERAM PELA PATRIA Mikail Cholokov Ano de edi\u00e7\u00e3o: 1966 Editor: Portugalia Editora, Lisboa Idioma: Portugu\u00eas Dimens\u00f5es: 13 x 1.8 x 19.5 cm Encaderna\u00e7\u00e3o: Capa mole P\u00e1ginas: 244<\/p>\n","protected":false},"featured_media":1322,"comment_status":"open","ping_status":"closed","template":"","meta":{"om_disable_all_campaigns":false,"_monsterinsights_skip_tracking":false,"_monsterinsights_sitenote_active":false,"_monsterinsights_sitenote_note":"","_monsterinsights_sitenote_category":0,"_uf_show_specific_survey":0,"_uf_disable_surveys":false},"product_cat":[26],"product_tag":[],"aioseo_notices":[],"jetpack_sharing_enabled":true,"_links":{"self":[{"href":"https:\/\/casadolivreiro.pt\/index.php\/wp-json\/wp\/v2\/product\/1321"}],"collection":[{"href":"https:\/\/casadolivreiro.pt\/index.php\/wp-json\/wp\/v2\/product"}],"about":[{"href":"https:\/\/casadolivreiro.pt\/index.php\/wp-json\/wp\/v2\/types\/product"}],"replies":[{"embeddable":true,"href":"https:\/\/casadolivreiro.pt\/index.php\/wp-json\/wp\/v2\/comments?post=1321"}],"wp:featuredmedia":[{"embeddable":true,"href":"https:\/\/casadolivreiro.pt\/index.php\/wp-json\/wp\/v2\/media\/1322"}],"wp:attachment":[{"href":"https:\/\/casadolivreiro.pt\/index.php\/wp-json\/wp\/v2\/media?parent=1321"}],"wp:term":[{"taxonomy":"product_cat","embeddable":true,"href":"https:\/\/casadolivreiro.pt\/index.php\/wp-json\/wp\/v2\/product_cat?post=1321"},{"taxonomy":"product_tag","embeddable":true,"href":"https:\/\/casadolivreiro.pt\/index.php\/wp-json\/wp\/v2\/product_tag?post=1321"}],"curies":[{"name":"wp","href":"https:\/\/api.w.org\/{rel}","templated":true}]}}