{"id":1287,"date":"2024-03-26T12:36:55","date_gmt":"2024-03-26T12:36:55","guid":{"rendered":"https:\/\/casadolivreiro.pt\/?post_type=product&#038;p=1287"},"modified":"2024-03-26T12:36:55","modified_gmt":"2024-03-26T12:36:55","slug":"o-profundo-silencio-das-manhas-de-domingo-manuel-jorge-marmelo","status":"publish","type":"product","link":"https:\/\/casadolivreiro.pt\/index.php\/product\/o-profundo-silencio-das-manhas-de-domingo-manuel-jorge-marmelo\/","title":{"rendered":"O PROFUNDO SIL\u00caNCIO DAS MANH\u00c3S DE DOMINGO &#8211; Manuel Jorge Marmelo"},"content":{"rendered":"<p>O PROFUNDO SIL\u00caNCIO DAS MANH\u00c3S DE DOMINGO<br \/>\nManuel Jorge Marmelo<br \/>\nISBN: 978-989-552-273-6<br \/>\nAno de edi\u00e7\u00e3o: 2007<br \/>\nEditor: Quasi Edi\u00e7\u00f5es, Vila Nova de Famali\u00e7\u00e3o<br \/>\nIdioma: Portugu\u00eas<br \/>\nDimens\u00f5es: 13.5 x 1.2 x 20.5 cm<br \/>\nEncaderna\u00e7\u00e3o: Capa mole<br \/>\nP\u00e1ginas: 156<\/p>\n<p>Domingo \u00e9 um dia silencioso, j\u00e1 o sab\u00edamos. Na serenidade dessas manh\u00e3s, por\u00e9m, podem escutar-se melhor as hist\u00f3rias que o autor conta &#8211; a vida das pessoas quase iguais a n\u00f3s, personagens desses profundos Domingos.<\/p>\n","protected":false},"excerpt":{"rendered":"<p>O PROFUNDO SIL\u00caNCIO DAS MANH\u00c3S DE DOMINGO Manuel Jorge Marmelo ISBN: 978-989-552-273-6 Ano de edi\u00e7\u00e3o: 2007 Editor: Quasi Edi\u00e7\u00f5es, Vila Nova de Famali\u00e7\u00e3o Idioma: Portugu\u00eas Dimens\u00f5es: 13.5 x 1.2 x 20.5 cm Encaderna\u00e7\u00e3o: Capa mole P\u00e1ginas: 156 Domingo \u00e9 um dia silencioso, j\u00e1 o sab\u00edamos. Na serenidade dessas manh\u00e3s, por\u00e9m, podem escutar-se melhor as hist\u00f3rias [&hellip;]<\/p>\n","protected":false},"featured_media":1288,"comment_status":"open","ping_status":"closed","template":"","meta":{"om_disable_all_campaigns":false,"_monsterinsights_skip_tracking":false,"_monsterinsights_sitenote_active":false,"_monsterinsights_sitenote_note":"","_monsterinsights_sitenote_category":0,"_uf_show_specific_survey":0,"_uf_disable_surveys":false},"product_cat":[25],"product_tag":[],"aioseo_notices":[],"jetpack_sharing_enabled":true,"_links":{"self":[{"href":"https:\/\/casadolivreiro.pt\/index.php\/wp-json\/wp\/v2\/product\/1287"}],"collection":[{"href":"https:\/\/casadolivreiro.pt\/index.php\/wp-json\/wp\/v2\/product"}],"about":[{"href":"https:\/\/casadolivreiro.pt\/index.php\/wp-json\/wp\/v2\/types\/product"}],"replies":[{"embeddable":true,"href":"https:\/\/casadolivreiro.pt\/index.php\/wp-json\/wp\/v2\/comments?post=1287"}],"wp:featuredmedia":[{"embeddable":true,"href":"https:\/\/casadolivreiro.pt\/index.php\/wp-json\/wp\/v2\/media\/1288"}],"wp:attachment":[{"href":"https:\/\/casadolivreiro.pt\/index.php\/wp-json\/wp\/v2\/media?parent=1287"}],"wp:term":[{"taxonomy":"product_cat","embeddable":true,"href":"https:\/\/casadolivreiro.pt\/index.php\/wp-json\/wp\/v2\/product_cat?post=1287"},{"taxonomy":"product_tag","embeddable":true,"href":"https:\/\/casadolivreiro.pt\/index.php\/wp-json\/wp\/v2\/product_tag?post=1287"}],"curies":[{"name":"wp","href":"https:\/\/api.w.org\/{rel}","templated":true}]}}