{"id":1228,"date":"2024-03-24T19:05:43","date_gmt":"2024-03-24T19:05:43","guid":{"rendered":"https:\/\/casadolivreiro.pt\/?post_type=product&#038;p=1228"},"modified":"2024-03-24T19:05:43","modified_gmt":"2024-03-24T19:05:43","slug":"grande-enciclopedia-portuguesa-e-brasileira","status":"publish","type":"product","link":"https:\/\/casadolivreiro.pt\/index.php\/product\/grande-enciclopedia-portuguesa-e-brasileira\/","title":{"rendered":"GRANDE ENCICLOP\u00c9DIA PORTUGUESA E BRASILEIRA"},"content":{"rendered":"<p>GRANDE ENCICLOP\u00c9DIA PORTUGUESA E BRASILEIRA<br \/>\nAno de edi\u00e7\u00e3o: 1935 &#8211; 1960<br \/>\nEditor: Editorial Enciclop\u00e9dia , Limitada, Lisboa, Rio de Janeiro<br \/>\nIdioma: Portugu\u00eas<br \/>\nDimens\u00f5es: 17\u00a0 x v\u00e1rios x 25.5 cm<br \/>\nEncaderna\u00e7\u00e3o: Capa dura<\/p>\n<p>A Grande Enciclop\u00e9dia Portuguesa e Brasileira \u00e9 uma enciclop\u00e9dia de l\u00edngua portuguesa cuja publica\u00e7\u00e3o se iniciou em 1936. Texto inicial, volumes 1 a 37, editados entre 1935 e 1957.<br \/>\nAp\u00eandice de atualiza\u00e7\u00e3o do texto inicial, volumes 38 a 40, editados entre 1958 e 1960; Dois volumes \u00abBrasil\u00bb, cuja edi\u00e7\u00e3o teve in\u00edcio em 1964; Primeira actualiza\u00e7\u00e3o, volumes 1 a 10, editados entre 1981 e 1987; Actualiza\u00e7\u00e3o de hist\u00f3ria universal e de Portugal (dita &#8220;terceira actualiza\u00e7\u00e3o&#8221;), volumes 1 a 7, 2001 a 2003;<\/p>\n<p>Profusamente ilustrada, traz os muitos conte\u00fados t\u00edpicos de uma enciclop\u00e9dia, na vis\u00e3o da \u00e9poca, tendo sido considerada durante v\u00e1rias d\u00e9cadas uma obra de refer\u00eancia em Portugal.<\/p>\n<p>A Grande Enciclop\u00e9dia apresenta-se ainda como um dicion\u00e1rio, dando informa\u00e7\u00e3o lexical, etimol\u00f3gica e, por vezes, sint\u00e1tica em cada entrada, com abona\u00e7\u00f5es. As entradas s\u00e3o em grande n\u00famero, como num vasto dicion\u00e1rio da l\u00edngua portuguesa.<\/p>\n<p>Teve como colaboradores alguns dos maiores nomes da cultura portuguesa dos meados do s\u00e9culo XX, adiante referidos: Ant\u00f3nio S\u00e9rgio, Cardeal Cerejeira, Ant\u00f3nio Bai\u00e3o, Rocha Madail, Aquilino Ribeiro, Cl\u00e1udio Basto, Dami\u00e3o Peres, Fernando Lopes-Gra\u00e7a, Hern\u00e2ni Cidade, Hip\u00f3lito Raposo, Jaime Cortes\u00e3o, Joly Braga Santos, Magalh\u00e3es Basto, Reinaldo dos Santos, Vitorino Nem\u00e9sio entre tantos outros<\/p>\n<p>Encaderna\u00e7\u00f5es editoriais com ferros dourados nas lombadas e nas pastas.<\/p>\n<p>Dispon\u00edveis volumes 1 a 12 da primeira edi\u00e7\u00e3o a 10\u20ac cada volume.<\/p>\n<p>Vol. 1. A-Alma.<\/p>\n<p>Vol. 2. Alma-Apua.<\/p>\n<p>Vol. 3. Apua-Bail.<\/p>\n<p>Vol. 4. Bail-Brag.<\/p>\n<p>Vol. 5. Brag-Carr.<\/p>\n<p>Vol. 6. Carr-Coca.<\/p>\n<p>Vol. 7. Cocai-Creci.<\/p>\n<p>Vol. 8. Crede-Dilar.<\/p>\n<p>Vol. 9. Dilat-Escar.<\/p>\n<p>Vol. 10. Escar-Febra.<\/p>\n<p>Vol. 11. Febre-Gabao.<\/p>\n<p>Vol. 12. Gabar-Heha.<\/p>\n","protected":false},"excerpt":{"rendered":"<p>GRANDE ENCICLOP\u00c9DIA PORTUGUESA E BRASILEIRA Ano de edi\u00e7\u00e3o: 1935 &#8211; 1960 Editor: Editorial Enciclop\u00e9dia , Limitada, Lisboa, Rio de Janeiro Idioma: Portugu\u00eas Dimens\u00f5es: 17\u00a0 x v\u00e1rios x 25.5 cm Encaderna\u00e7\u00e3o: Capa dura A Grande Enciclop\u00e9dia Portuguesa e Brasileira \u00e9 uma enciclop\u00e9dia de l\u00edngua portuguesa cuja publica\u00e7\u00e3o se iniciou em 1936. Texto inicial, volumes 1 a [&hellip;]<\/p>\n","protected":false},"featured_media":1241,"comment_status":"open","ping_status":"closed","template":"","meta":{"om_disable_all_campaigns":false,"_monsterinsights_skip_tracking":false,"_monsterinsights_sitenote_active":false,"_monsterinsights_sitenote_note":"","_monsterinsights_sitenote_category":0,"_uf_show_specific_survey":0,"_uf_disable_surveys":false},"product_cat":[46],"product_tag":[],"aioseo_notices":[],"jetpack_sharing_enabled":true,"_links":{"self":[{"href":"https:\/\/casadolivreiro.pt\/index.php\/wp-json\/wp\/v2\/product\/1228"}],"collection":[{"href":"https:\/\/casadolivreiro.pt\/index.php\/wp-json\/wp\/v2\/product"}],"about":[{"href":"https:\/\/casadolivreiro.pt\/index.php\/wp-json\/wp\/v2\/types\/product"}],"replies":[{"embeddable":true,"href":"https:\/\/casadolivreiro.pt\/index.php\/wp-json\/wp\/v2\/comments?post=1228"}],"wp:featuredmedia":[{"embeddable":true,"href":"https:\/\/casadolivreiro.pt\/index.php\/wp-json\/wp\/v2\/media\/1241"}],"wp:attachment":[{"href":"https:\/\/casadolivreiro.pt\/index.php\/wp-json\/wp\/v2\/media?parent=1228"}],"wp:term":[{"taxonomy":"product_cat","embeddable":true,"href":"https:\/\/casadolivreiro.pt\/index.php\/wp-json\/wp\/v2\/product_cat?post=1228"},{"taxonomy":"product_tag","embeddable":true,"href":"https:\/\/casadolivreiro.pt\/index.php\/wp-json\/wp\/v2\/product_tag?post=1228"}],"curies":[{"name":"wp","href":"https:\/\/api.w.org\/{rel}","templated":true}]}}