{"id":1219,"date":"2024-03-24T18:13:39","date_gmt":"2024-03-24T18:13:39","guid":{"rendered":"https:\/\/casadolivreiro.pt\/?post_type=product&#038;p=1219"},"modified":"2024-03-24T18:13:39","modified_gmt":"2024-03-24T18:13:39","slug":"o-grande-atlas-do-mundo-circulo-de-leitores","status":"publish","type":"product","link":"https:\/\/casadolivreiro.pt\/index.php\/product\/o-grande-atlas-do-mundo-circulo-de-leitores\/","title":{"rendered":"O GRANDE ATLAS DO MUNDO: Circulo de Leitores"},"content":{"rendered":"<p>O GRANDE ATLAS DO MUNDO: Circulo de Leitores<br \/>\nISBN: 972-42-0377-8<br \/>\nAno de edi\u00e7\u00e3o: 1991<br \/>\nEditor: C\u00edrculo de Leitores, Lisboa<br \/>\nIdioma: Portugu\u00eas<br \/>\nDimens\u00f5es: 26\u00a0 x 3 x 35.5 cm<br \/>\nEncaderna\u00e7\u00e3o: Capa dura<br \/>\nP\u00e1ginas: 311<br \/>\nProfusamente ilustrado com mapas, desenhos, esquemas e fotografias a cores.<\/p>\n","protected":false},"excerpt":{"rendered":"<p>O GRANDE ATLAS DO MUNDO: Circulo de Leitores ISBN: 972-42-0377-8 Ano de edi\u00e7\u00e3o: 1991 Editor: C\u00edrculo de Leitores, Lisboa Idioma: Portugu\u00eas Dimens\u00f5es: 26\u00a0 x 3 x 35.5 cm Encaderna\u00e7\u00e3o: Capa dura P\u00e1ginas: 311 Profusamente ilustrado com mapas, desenhos, esquemas e fotografias a cores.<\/p>\n","protected":false},"featured_media":1220,"comment_status":"open","ping_status":"closed","template":"","meta":{"om_disable_all_campaigns":false,"_monsterinsights_skip_tracking":false,"_monsterinsights_sitenote_active":false,"_monsterinsights_sitenote_note":"","_monsterinsights_sitenote_category":0,"_uf_show_specific_survey":0,"_uf_disable_surveys":false},"product_cat":[31,46,47],"product_tag":[],"aioseo_notices":[],"jetpack_sharing_enabled":true,"_links":{"self":[{"href":"https:\/\/casadolivreiro.pt\/index.php\/wp-json\/wp\/v2\/product\/1219"}],"collection":[{"href":"https:\/\/casadolivreiro.pt\/index.php\/wp-json\/wp\/v2\/product"}],"about":[{"href":"https:\/\/casadolivreiro.pt\/index.php\/wp-json\/wp\/v2\/types\/product"}],"replies":[{"embeddable":true,"href":"https:\/\/casadolivreiro.pt\/index.php\/wp-json\/wp\/v2\/comments?post=1219"}],"wp:featuredmedia":[{"embeddable":true,"href":"https:\/\/casadolivreiro.pt\/index.php\/wp-json\/wp\/v2\/media\/1220"}],"wp:attachment":[{"href":"https:\/\/casadolivreiro.pt\/index.php\/wp-json\/wp\/v2\/media?parent=1219"}],"wp:term":[{"taxonomy":"product_cat","embeddable":true,"href":"https:\/\/casadolivreiro.pt\/index.php\/wp-json\/wp\/v2\/product_cat?post=1219"},{"taxonomy":"product_tag","embeddable":true,"href":"https:\/\/casadolivreiro.pt\/index.php\/wp-json\/wp\/v2\/product_tag?post=1219"}],"curies":[{"name":"wp","href":"https:\/\/api.w.org\/{rel}","templated":true}]}}