{"id":1180,"date":"2024-03-24T17:31:49","date_gmt":"2024-03-24T17:31:49","guid":{"rendered":"https:\/\/casadolivreiro.pt\/?post_type=product&#038;p=1180"},"modified":"2024-03-24T17:31:49","modified_gmt":"2024-03-24T17:31:49","slug":"os-grandes-romances-historicos-amigos-do-livro-42-volumes","status":"publish","type":"product","link":"https:\/\/casadolivreiro.pt\/index.php\/product\/os-grandes-romances-historicos-amigos-do-livro-42-volumes\/","title":{"rendered":"OS GRANDES ROMANCES HIST\u00d3RICOS: Amigos do Livro  (42 Volumes)"},"content":{"rendered":"<p>OS GRANDES ROMANCES HIST\u00d3RICOS: Amigos do Livro\u00a0 (42 Volumes)<br \/>\nAno de edi\u00e7\u00e3o: 1973<br \/>\nEditor: . Amigos do Livro, Editores. Lisboa<br \/>\nIdioma: Portugu\u00eas<br \/>\nDimens\u00f5es: 12.5 x v\u00e1rios x 17.5 cm<br \/>\nEncaderna\u00e7\u00e3o: Capa dura. Encaderna\u00e7\u00e3o do editor em Percalina com ferros a ouro na lombada e na pasta anterior. Ilustrado em extratexto com reprodu\u00e7\u00f5es de gravuras a preto e branco.<br \/>\nP\u00e1ginas: v\u00e1rios<\/p>\n<p>Cada livro &#8211; 5\u20ac<\/p>\n<p>No.1 \u2013 I ESPI\u00c3O: UM EPIS\u00d3DIO DA GUERRA DA INDEPEND\u00caNCIA \u2013 Fenimore Cooper, 374 p\u00e1gs.<br \/>\nNo.2 \u2013 O CORONEL CHABERT (seguido de) UM CASO TENEBROSO \u2013 Honor\u00e9 de Balzac, 316 p\u00e1gs.<br \/>\nNo.3 \u2013 IVAN O TERR\u00cdVEL (ou A R\u00fassia do s\u00e9culo XVI) \u2013 Conde Alexis Tolstoi, 367 p\u00e1gs.<br \/>\nNo.4 \u2013 CR\u00d3NICA DO REINO DE CARLOS IX \u2013 Prosper M\u00e9rim\u00e9e, 357 p\u00e1gs.<br \/>\nNo.7 \u2013 OS SEGREDOS DA TORRE DE NESLE, 304 p\u00e1gs.<br \/>\nNo.8 \u2013 QUO VADIS: ROMANCE DOS TEMPOS DE NERO (Tomo Primeiro) \u2013 Henryk Sienkiewicz, 336 p\u00e1gs.<br \/>\nNo.9 &#8211; QUO VADIS: ROMANCE DOS TEMPOS DE NERO (Tomo Segundo) \u2013 Henryk Sienkiewicz, 320 p\u00e1gs.<br \/>\nNo.10 \u2013 A ENFEITI\u00c7ADE (seguido de) O CAVALEIRO DES TOUCHES \u2013 Jules Barbey D\u2019Aurevilly, 327 p\u00e1gs.<br \/>\nNo.11 \u2013 O \u00daLTIMO DOS BAR\u00d5ES (Tomo Primeiro) \u2013 Edward-George Bulwer-Lytton, 361 p\u00e1gs.<br \/>\nNo.12 &#8211; O \u00daLTIMO DOS BAR\u00d5ES (Tomo Segundo) \u2013 Edward-George Bulwer-Lytton, 368 p\u00e1gs.<br \/>\nNo.17 \u2013 REVOLTA NA MONTANHA \u2013 Conrad Ferdinand Meyer, 339 p\u00e1gs.<br \/>\nNo.18 \u2013 JEAN CAVALIER ou Os Fan\u00e1ticos das C\u00e9vennes (Tomo primeiro) \u2013 Eug\u00e8ne Sue, 347 p\u00e1gs.<br \/>\nNo.19 &#8211; JEAN CAVALIER ou Os Fan\u00e1ticos das C\u00e9vennes (Tomo segundo) \u2013 Eug\u00e8ne Sue, 332<br \/>\nNo.20 \u2013 CINQ-MARS ou Uma Conjura no Reinado de Lu\u00eds XIII \u2013 Alfred de Vigny, 380 p\u00e1gs.<br \/>\nNo.25 \u2013 O CAPIT\u00c3O RICHARD \u2013 Alexandre Dumas, 318 p\u00e1gs.<br \/>\nNo.26 \u2013 A GUERRA DAS MULHERES (Tomo primeiro) \u2013 Alexandre Dumas, 362 p\u00e1gs.<br \/>\nNo.27 &#8211; A GUERRA DAS MULHERES (Tomo segundo) \u2013 Alexandre Dumas, 380 p\u00e1gs.<br \/>\nNo.29 \u2013 O PAJEM DO DUQUE DE SAB\u00d3IA (Tomo segundo) \u2013 Alexandre Dumas, 379 p\u00e1gs.<br \/>\nNo.30 \u2013 O EMIGRADE \u2013 S\u00e9nac de Meilhan, 302 p\u00e1gs.<br \/>\nNo.31 \u2013 QUENTIN DURWARD (Tomo primeiro)- Walter Scott, 354 p\u00e1gs.<br \/>\nNo.32 &#8211; QUENTIN DURWARD (Tomo segundo)- Walter Scott, 380 p\u00e1gs.<br \/>\nNo.34 \u2013 O TALISM\u00c3 \u2013 Walter Scott, 364 p\u00e1gs.<br \/>\nNo.37 \u2013 OS DEUSES T\u00caM SEDE \u2013 Anatole France, 290 p\u00e1gs.<br \/>\nNo.38 \u2013 CR\u00d3NICAS ITALIANAS \u2013 Stendhal, 328 p\u00e1gs.<br \/>\nNo.39 \u2013 LATR\u00c9AUMONT \u2013 Eug\u00e8ne Sue, 310 p\u00e1gs.<br \/>\nNo.40 \u2013 EURICO O PRESB\u00cdTERO \u2013 Alexandre Herculano, 330 p\u00e1gs.<br \/>\nNo.41 \u2013 O ARCO DE SANT\u2019ANA \u2013 Almeida Garrett, 331 p\u00e1gs.<br \/>\nNo.42 \u2013 O JURAMENTO DA DUQUESA \u2013 M. Pinheiro Chagas, 326 pags.<\/p>\n","protected":false},"excerpt":{"rendered":"<p>OS GRANDES ROMANCES HIST\u00d3RICOS: Amigos do Livro\u00a0 (42 Volumes) Ano de edi\u00e7\u00e3o: 1973 Editor: . Amigos do Livro, Editores. Lisboa Idioma: Portugu\u00eas Dimens\u00f5es: 12.5 x v\u00e1rios x 17.5 cm Encaderna\u00e7\u00e3o: Capa dura. Encaderna\u00e7\u00e3o do editor em Percalina com ferros a ouro na lombada e na pasta anterior. Ilustrado em extratexto com reprodu\u00e7\u00f5es de gravuras a [&hellip;]<\/p>\n","protected":false},"featured_media":1181,"comment_status":"open","ping_status":"closed","template":"","meta":{"om_disable_all_campaigns":false,"_monsterinsights_skip_tracking":false,"_monsterinsights_sitenote_active":false,"_monsterinsights_sitenote_note":"","_monsterinsights_sitenote_category":0,"_uf_show_specific_survey":0,"_uf_disable_surveys":false},"product_cat":[38],"product_tag":[],"aioseo_notices":[],"jetpack_sharing_enabled":true,"_links":{"self":[{"href":"https:\/\/casadolivreiro.pt\/index.php\/wp-json\/wp\/v2\/product\/1180"}],"collection":[{"href":"https:\/\/casadolivreiro.pt\/index.php\/wp-json\/wp\/v2\/product"}],"about":[{"href":"https:\/\/casadolivreiro.pt\/index.php\/wp-json\/wp\/v2\/types\/product"}],"replies":[{"embeddable":true,"href":"https:\/\/casadolivreiro.pt\/index.php\/wp-json\/wp\/v2\/comments?post=1180"}],"wp:featuredmedia":[{"embeddable":true,"href":"https:\/\/casadolivreiro.pt\/index.php\/wp-json\/wp\/v2\/media\/1181"}],"wp:attachment":[{"href":"https:\/\/casadolivreiro.pt\/index.php\/wp-json\/wp\/v2\/media?parent=1180"}],"wp:term":[{"taxonomy":"product_cat","embeddable":true,"href":"https:\/\/casadolivreiro.pt\/index.php\/wp-json\/wp\/v2\/product_cat?post=1180"},{"taxonomy":"product_tag","embeddable":true,"href":"https:\/\/casadolivreiro.pt\/index.php\/wp-json\/wp\/v2\/product_tag?post=1180"}],"curies":[{"name":"wp","href":"https:\/\/api.w.org\/{rel}","templated":true}]}}