{"id":1162,"date":"2024-03-23T00:22:42","date_gmt":"2024-03-23T00:22:42","guid":{"rendered":"https:\/\/casadolivreiro.pt\/?post_type=product&#038;p=1162"},"modified":"2024-03-23T00:22:43","modified_gmt":"2024-03-23T00:22:43","slug":"tempo-de-angustia-rogerio-de-freitas","status":"publish","type":"product","link":"https:\/\/casadolivreiro.pt\/index.php\/product\/tempo-de-angustia-rogerio-de-freitas\/","title":{"rendered":"TEMPO DE ANG\u00daSTIA &#8211; Rog\u00e9rio de Freitas"},"content":{"rendered":"<p>TEMPO DE ANG\u00daSTIA<br \/>\nRog\u00e9rio de Freitas<br \/>\nAno de edi\u00e7\u00e3o: 1974?<br \/>\nEditor: C\u00edrculo de Leitores, Lisboa<br \/>\nIdioma: Portugu\u00eas<br \/>\nDimens\u00f5es: 12 x 2 x 20 cm<br \/>\nEncaderna\u00e7\u00e3o: Capa dura<br \/>\nP\u00e1ginas: 231<\/p>\n","protected":false},"excerpt":{"rendered":"<p>TEMPO DE ANG\u00daSTIA Rog\u00e9rio de Freitas Ano de edi\u00e7\u00e3o: 1974? Editor: C\u00edrculo de Leitores, Lisboa Idioma: Portugu\u00eas Dimens\u00f5es: 12 x 2 x 20 cm Encaderna\u00e7\u00e3o: Capa dura P\u00e1ginas: 231<\/p>\n","protected":false},"featured_media":1163,"comment_status":"open","ping_status":"closed","template":"","meta":{"om_disable_all_campaigns":false,"_monsterinsights_skip_tracking":false,"_monsterinsights_sitenote_active":false,"_monsterinsights_sitenote_note":"","_monsterinsights_sitenote_category":0,"_uf_show_specific_survey":0,"_uf_disable_surveys":false},"product_cat":[25],"product_tag":[],"aioseo_notices":[],"jetpack_sharing_enabled":true,"_links":{"self":[{"href":"https:\/\/casadolivreiro.pt\/index.php\/wp-json\/wp\/v2\/product\/1162"}],"collection":[{"href":"https:\/\/casadolivreiro.pt\/index.php\/wp-json\/wp\/v2\/product"}],"about":[{"href":"https:\/\/casadolivreiro.pt\/index.php\/wp-json\/wp\/v2\/types\/product"}],"replies":[{"embeddable":true,"href":"https:\/\/casadolivreiro.pt\/index.php\/wp-json\/wp\/v2\/comments?post=1162"}],"wp:featuredmedia":[{"embeddable":true,"href":"https:\/\/casadolivreiro.pt\/index.php\/wp-json\/wp\/v2\/media\/1163"}],"wp:attachment":[{"href":"https:\/\/casadolivreiro.pt\/index.php\/wp-json\/wp\/v2\/media?parent=1162"}],"wp:term":[{"taxonomy":"product_cat","embeddable":true,"href":"https:\/\/casadolivreiro.pt\/index.php\/wp-json\/wp\/v2\/product_cat?post=1162"},{"taxonomy":"product_tag","embeddable":true,"href":"https:\/\/casadolivreiro.pt\/index.php\/wp-json\/wp\/v2\/product_tag?post=1162"}],"curies":[{"name":"wp","href":"https:\/\/api.w.org\/{rel}","templated":true}]}}