{"id":1130,"date":"2024-03-22T23:23:17","date_gmt":"2024-03-22T23:23:17","guid":{"rendered":"https:\/\/casadolivreiro.pt\/?post_type=product&#038;p=1130"},"modified":"2024-03-22T23:23:18","modified_gmt":"2024-03-22T23:23:18","slug":"a-manha-jean-christophe-romain-rolland","status":"publish","type":"product","link":"https:\/\/casadolivreiro.pt\/index.php\/product\/a-manha-jean-christophe-romain-rolland\/","title":{"rendered":"A MANH\u00c3 ( JEAN CHRISTOPHE) &#8211; Romain Rolland"},"content":{"rendered":"<p>A MANH\u00c3 ( JEAN CHRISTOPHE)<br \/>\nRomain Rolland<br \/>\nTradu\u00e7\u00e3o de Vidal de Oliveira<br \/>\nNo. 25 &#8211; Colec\u00e7\u00e3o MINIATURA\u00a0 &#8211; Ano de edi\u00e7\u00e3o: (1951 \u2013 1967 170 n\u00fameros)<br \/>\nEditor: Edi\u00e7\u00e3o Livros do Brasil, Lisboa<br \/>\nIdioma: Portugu\u00eas<br \/>\nDimens\u00f5es: 11 x v\u00e1rios x 16 cm<br \/>\nEncaderna\u00e7\u00e3o: Capa dura<br \/>\nP\u00e1ginas: 151<\/p>\n","protected":false},"excerpt":{"rendered":"<p>A MANH\u00c3 ( JEAN CHRISTOPHE) Romain Rolland Tradu\u00e7\u00e3o de Vidal de Oliveira No. 25 &#8211; Colec\u00e7\u00e3o MINIATURA\u00a0 &#8211; Ano de edi\u00e7\u00e3o: (1951 \u2013 1967 170 n\u00fameros) Editor: Edi\u00e7\u00e3o Livros do Brasil, Lisboa Idioma: Portugu\u00eas Dimens\u00f5es: 11 x v\u00e1rios x 16 cm Encaderna\u00e7\u00e3o: Capa dura P\u00e1ginas: 151<\/p>\n","protected":false},"featured_media":1131,"comment_status":"open","ping_status":"closed","template":"","meta":{"om_disable_all_campaigns":false,"_monsterinsights_skip_tracking":false,"_monsterinsights_sitenote_active":false,"_monsterinsights_sitenote_note":"","_monsterinsights_sitenote_category":0,"_uf_show_specific_survey":0,"_uf_disable_surveys":false},"product_cat":[26],"product_tag":[],"aioseo_notices":[],"jetpack_sharing_enabled":true,"_links":{"self":[{"href":"https:\/\/casadolivreiro.pt\/index.php\/wp-json\/wp\/v2\/product\/1130"}],"collection":[{"href":"https:\/\/casadolivreiro.pt\/index.php\/wp-json\/wp\/v2\/product"}],"about":[{"href":"https:\/\/casadolivreiro.pt\/index.php\/wp-json\/wp\/v2\/types\/product"}],"replies":[{"embeddable":true,"href":"https:\/\/casadolivreiro.pt\/index.php\/wp-json\/wp\/v2\/comments?post=1130"}],"wp:featuredmedia":[{"embeddable":true,"href":"https:\/\/casadolivreiro.pt\/index.php\/wp-json\/wp\/v2\/media\/1131"}],"wp:attachment":[{"href":"https:\/\/casadolivreiro.pt\/index.php\/wp-json\/wp\/v2\/media?parent=1130"}],"wp:term":[{"taxonomy":"product_cat","embeddable":true,"href":"https:\/\/casadolivreiro.pt\/index.php\/wp-json\/wp\/v2\/product_cat?post=1130"},{"taxonomy":"product_tag","embeddable":true,"href":"https:\/\/casadolivreiro.pt\/index.php\/wp-json\/wp\/v2\/product_tag?post=1130"}],"curies":[{"name":"wp","href":"https:\/\/api.w.org\/{rel}","templated":true}]}}