{"id":1064,"date":"2024-03-22T19:38:59","date_gmt":"2024-03-22T19:38:59","guid":{"rendered":"https:\/\/casadolivreiro.pt\/?post_type=product&#038;p=1064"},"modified":"2024-03-22T19:39:21","modified_gmt":"2024-03-22T19:39:21","slug":"super-monsieur-fruit-nicolas-de-crecy","status":"publish","type":"product","link":"https:\/\/casadolivreiro.pt\/index.php\/product\/super-monsieur-fruit-nicolas-de-crecy\/","title":{"rendered":"SUPER MONSIEUR FRUIT &#8211; Nicolas de Cr\u00e9cy"},"content":{"rendered":"<p>SUPER MONSIEUR FRUIT<br \/>\nNicolas de Cr\u00e9cy<br \/>\nISBN: 978-2-02-092822-9<br \/>\nAno de edi\u00e7\u00e3o: 2007<br \/>\nEditor: \u00c9ditions du Seuil<br \/>\nIdioma: Franc\u00eas<br \/>\nDimens\u00f5es: 17.7 x 3 x 24.8<br \/>\nEncaderna\u00e7\u00e3o: Capa mole<br \/>\nP\u00e1ginas: 319<\/p>\n","protected":false},"excerpt":{"rendered":"<p>SUPER MONSIEUR FRUIT Nicolas de Cr\u00e9cy ISBN: 978-2-02-092822-9 Ano de edi\u00e7\u00e3o: 2007 Editor: \u00c9ditions du Seuil Idioma: Franc\u00eas Dimens\u00f5es: 17.7 x 3 x 24.8 Encaderna\u00e7\u00e3o: Capa mole P\u00e1ginas: 319<\/p>\n","protected":false},"featured_media":1065,"comment_status":"open","ping_status":"closed","template":"","meta":{"om_disable_all_campaigns":false,"_monsterinsights_skip_tracking":false,"_monsterinsights_sitenote_active":false,"_monsterinsights_sitenote_note":"","_monsterinsights_sitenote_category":0,"_uf_show_specific_survey":0,"_uf_disable_surveys":false},"product_cat":[35,56],"product_tag":[],"aioseo_notices":[],"jetpack_sharing_enabled":true,"_links":{"self":[{"href":"https:\/\/casadolivreiro.pt\/index.php\/wp-json\/wp\/v2\/product\/1064"}],"collection":[{"href":"https:\/\/casadolivreiro.pt\/index.php\/wp-json\/wp\/v2\/product"}],"about":[{"href":"https:\/\/casadolivreiro.pt\/index.php\/wp-json\/wp\/v2\/types\/product"}],"replies":[{"embeddable":true,"href":"https:\/\/casadolivreiro.pt\/index.php\/wp-json\/wp\/v2\/comments?post=1064"}],"wp:featuredmedia":[{"embeddable":true,"href":"https:\/\/casadolivreiro.pt\/index.php\/wp-json\/wp\/v2\/media\/1065"}],"wp:attachment":[{"href":"https:\/\/casadolivreiro.pt\/index.php\/wp-json\/wp\/v2\/media?parent=1064"}],"wp:term":[{"taxonomy":"product_cat","embeddable":true,"href":"https:\/\/casadolivreiro.pt\/index.php\/wp-json\/wp\/v2\/product_cat?post=1064"},{"taxonomy":"product_tag","embeddable":true,"href":"https:\/\/casadolivreiro.pt\/index.php\/wp-json\/wp\/v2\/product_tag?post=1064"}],"curies":[{"name":"wp","href":"https:\/\/api.w.org\/{rel}","templated":true}]}}