{"id":1053,"date":"2024-03-21T23:35:33","date_gmt":"2024-03-21T23:35:33","guid":{"rendered":"https:\/\/casadolivreiro.pt\/?post_type=product&#038;p=1053"},"modified":"2024-03-21T23:35:33","modified_gmt":"2024-03-21T23:35:33","slug":"oxford-dictionary-of-geography-susan-mayhew","status":"publish","type":"product","link":"https:\/\/casadolivreiro.pt\/index.php\/product\/oxford-dictionary-of-geography-susan-mayhew\/","title":{"rendered":"OXFORD DICTIONARY OF GEOGRAPHY &#8211; Susan Mayhew"},"content":{"rendered":"<p>OXFORD DICTIONARY OF GEOGRAPHY<br \/>\nSusan Mayhew<br \/>\nISBN: 0-19-280034-5<br \/>\nAno de edi\u00e7\u00e3o: 1997<br \/>\nEditor: Oxford University Press<br \/>\nIdioma: Ingl\u00eas<br \/>\nDimens\u00f5es: 12.8 x 3 x 19.5 cm<br \/>\nEncaderna\u00e7\u00e3o: Capa mole<br \/>\nP\u00e1ginas: 460<\/p>\n","protected":false},"excerpt":{"rendered":"<p>OXFORD DICTIONARY OF GEOGRAPHY Susan Mayhew ISBN: 0-19-280034-5 Ano de edi\u00e7\u00e3o: 1997 Editor: Oxford University Press Idioma: Ingl\u00eas Dimens\u00f5es: 12.8 x 3 x 19.5 cm Encaderna\u00e7\u00e3o: Capa mole P\u00e1ginas: 460<\/p>\n","protected":false},"featured_media":1054,"comment_status":"open","ping_status":"closed","template":"","meta":{"om_disable_all_campaigns":false,"_monsterinsights_skip_tracking":false,"_monsterinsights_sitenote_active":false,"_monsterinsights_sitenote_note":"","_monsterinsights_sitenote_category":0,"_uf_show_specific_survey":0,"_uf_disable_surveys":false},"product_cat":[46],"product_tag":[],"aioseo_notices":[],"jetpack_sharing_enabled":true,"_links":{"self":[{"href":"https:\/\/casadolivreiro.pt\/index.php\/wp-json\/wp\/v2\/product\/1053"}],"collection":[{"href":"https:\/\/casadolivreiro.pt\/index.php\/wp-json\/wp\/v2\/product"}],"about":[{"href":"https:\/\/casadolivreiro.pt\/index.php\/wp-json\/wp\/v2\/types\/product"}],"replies":[{"embeddable":true,"href":"https:\/\/casadolivreiro.pt\/index.php\/wp-json\/wp\/v2\/comments?post=1053"}],"wp:featuredmedia":[{"embeddable":true,"href":"https:\/\/casadolivreiro.pt\/index.php\/wp-json\/wp\/v2\/media\/1054"}],"wp:attachment":[{"href":"https:\/\/casadolivreiro.pt\/index.php\/wp-json\/wp\/v2\/media?parent=1053"}],"wp:term":[{"taxonomy":"product_cat","embeddable":true,"href":"https:\/\/casadolivreiro.pt\/index.php\/wp-json\/wp\/v2\/product_cat?post=1053"},{"taxonomy":"product_tag","embeddable":true,"href":"https:\/\/casadolivreiro.pt\/index.php\/wp-json\/wp\/v2\/product_tag?post=1053"}],"curies":[{"name":"wp","href":"https:\/\/api.w.org\/{rel}","templated":true}]}}