{"id":1035,"date":"2024-03-21T17:48:25","date_gmt":"2024-03-21T17:48:25","guid":{"rendered":"https:\/\/casadolivreiro.pt\/?post_type=product&#038;p=1035"},"modified":"2024-03-21T17:48:25","modified_gmt":"2024-03-21T17:48:25","slug":"o-pensamento-alemao-de-lutero-a-nietzsche-j-e-spenle-traducao-de-mario-ramos","status":"publish","type":"product","link":"https:\/\/casadolivreiro.pt\/index.php\/product\/o-pensamento-alemao-de-lutero-a-nietzsche-j-e-spenle-traducao-de-mario-ramos\/","title":{"rendered":"O PENSAMENTO ALEM\u00c3O de Lutero a Nietzsche &#8211;  J.E. Spenl\u00e9, Tradu\u00e7\u00e3o de M\u00e1rio Ramos"},"content":{"rendered":"<p>O PENSAMENTO ALEM\u00c3O de Lutero a Nietzsche<br \/>\nJ.E. Spenl\u00e9<br \/>\nTradu\u00e7\u00e3o de M\u00e1rio Ramos<br \/>\nColec\u00e7\u00e3o Studium \u2013 Temas filos\u00f3ficos, jur\u00eddicos, e sociais<br \/>\nAno de edi\u00e7\u00e3o: 1963<br \/>\nEditor: Arm\u00e9nio Amado, Editor, Sucessor &#8211; Coimbra<br \/>\nIdioma: Portugu\u00eas<br \/>\nDimens\u00f5es: 12 x 1.2 x 19 cm<br \/>\nEncaderna\u00e7\u00e3o: Capa mole<br \/>\nP\u00e1ginas: 214<\/p>\n<p>\u00cdndice dos cap\u00edtulos: \u00abO esp\u00edrito da reforma luterana\u00bb; \u00abO s\u00e9culo das luzes\u00bb; \u00abHumanismo cl\u00e1ssico; \u00abAlemanha rom\u00e2ntica\u00bb; \u00abOs discursos \u00e0 na\u00e7\u00e3o alem\u00e3\u00bb; \u00abA teoria hegueliana do Estado\u00bb; \u00abO radicalismo filos\u00f3fico de 1830 a 1848\u00bb; \u00abAs doutrinas irracionalistas\u00bb.<\/p>\n","protected":false},"excerpt":{"rendered":"<p>O PENSAMENTO ALEM\u00c3O de Lutero a Nietzsche J.E. Spenl\u00e9 Tradu\u00e7\u00e3o de M\u00e1rio Ramos Colec\u00e7\u00e3o Studium \u2013 Temas filos\u00f3ficos, jur\u00eddicos, e sociais Ano de edi\u00e7\u00e3o: 1963 Editor: Arm\u00e9nio Amado, Editor, Sucessor &#8211; Coimbra Idioma: Portugu\u00eas Dimens\u00f5es: 12 x 1.2 x 19 cm Encaderna\u00e7\u00e3o: Capa mole P\u00e1ginas: 214 \u00cdndice dos cap\u00edtulos: \u00abO esp\u00edrito da reforma luterana\u00bb; \u00abO [&hellip;]<\/p>\n","protected":false},"featured_media":1036,"comment_status":"open","ping_status":"closed","template":"","meta":{"om_disable_all_campaigns":false,"_monsterinsights_skip_tracking":false,"_monsterinsights_sitenote_active":false,"_monsterinsights_sitenote_note":"","_monsterinsights_sitenote_category":0,"_uf_show_specific_survey":0,"_uf_disable_surveys":false},"product_cat":[47,29],"product_tag":[],"aioseo_notices":[],"jetpack_sharing_enabled":true,"_links":{"self":[{"href":"https:\/\/casadolivreiro.pt\/index.php\/wp-json\/wp\/v2\/product\/1035"}],"collection":[{"href":"https:\/\/casadolivreiro.pt\/index.php\/wp-json\/wp\/v2\/product"}],"about":[{"href":"https:\/\/casadolivreiro.pt\/index.php\/wp-json\/wp\/v2\/types\/product"}],"replies":[{"embeddable":true,"href":"https:\/\/casadolivreiro.pt\/index.php\/wp-json\/wp\/v2\/comments?post=1035"}],"wp:featuredmedia":[{"embeddable":true,"href":"https:\/\/casadolivreiro.pt\/index.php\/wp-json\/wp\/v2\/media\/1036"}],"wp:attachment":[{"href":"https:\/\/casadolivreiro.pt\/index.php\/wp-json\/wp\/v2\/media?parent=1035"}],"wp:term":[{"taxonomy":"product_cat","embeddable":true,"href":"https:\/\/casadolivreiro.pt\/index.php\/wp-json\/wp\/v2\/product_cat?post=1035"},{"taxonomy":"product_tag","embeddable":true,"href":"https:\/\/casadolivreiro.pt\/index.php\/wp-json\/wp\/v2\/product_tag?post=1035"}],"curies":[{"name":"wp","href":"https:\/\/api.w.org\/{rel}","templated":true}]}}